{"id":396271,"date":"2025-12-03T13:00:31","date_gmt":"2025-12-03T11:00:31","guid":{"rendered":"https:\/\/maisoncleo.com\/?post_type=product&#038;p=396271"},"modified":"2025-12-31T13:36:16","modified_gmt":"2025-12-31T11:36:16","slug":"soutien-gorge-en-mousseline-de-soie-marron-bretelles-grises-et-petit-noeud-copy-5","status":"publish","type":"product","link":"https:\/\/maisoncleo.com\/fr\/shop\/soutien-gorge-en-mousseline-de-soie-marron-bretelles-grises-et-petit-noeud-copy-5\/","title":{"rendered":"Soutien gorge brassi\u00e8re marron auburn en dentelle d\u00e9licate et petit noeud"},"content":{"rendered":"<p>Soutien gorge brassi\u00e8re marron auburn en dentelle d\u00e9licate et petit noeud.<\/p>\n<p>Dentelle marron auburn avec motif aux d\u00e9tails d\u00e9licats, bretelles grises ajustables et noeud, \u00e9lastique picot. On adore cette couleur!<\/p>\n<p><span style=\"font-weight: 400;\">Elastiqu\u00e9 en dessous de la poitrine.<\/span><\/p>\n<p><span style=\"font-weight: 400;\">R\u00e9f\u00e9rez-vous \u00e0 notre grille de taille et \u00e0 la mesure de votre tour de poitrine pour savoir quelle taille choisir.<\/span><\/p>\n<p><span style=\"font-weight: 400;\">La mod\u00e8le mesure 1,72m et porte une taille 36.<\/span><\/p>\n","protected":false},"excerpt":{"rendered":"<p>Soutien gorge brassi\u00e8re marron auburn en dentelle d\u00e9licate et petit noeud. Dentelle marron auburn avec motif aux d\u00e9tails d\u00e9licats, bretelles grises ajustables&hellip;<\/p>\n","protected":false},"featured_media":396283,"template":"","meta":[],"product_brand":[],"product_cat":[668,962,661],"product_tag":[],"class_list":{"0":"post-396271","1":"product","2":"type-product","3":"status-publish","4":"has-post-thumbnail","6":"product_cat-capsule","7":"product_cat-sous-vetements-pyjama-selection","8":"product_cat-tout-voir","10":"first","11":"instock","12":"taxable","13":"shipping-taxable","14":"purchasable","15":"product-type-variable"},"_links":{"self":[{"href":"https:\/\/maisoncleo.com\/fr\/wp-json\/wp\/v2\/product\/396271","targetHints":{"allow":["GET"]}}],"collection":[{"href":"https:\/\/maisoncleo.com\/fr\/wp-json\/wp\/v2\/product"}],"about":[{"href":"https:\/\/maisoncleo.com\/fr\/wp-json\/wp\/v2\/types\/product"}],"version-history":[{"count":1,"href":"https:\/\/maisoncleo.com\/fr\/wp-json\/wp\/v2\/product\/396271\/revisions"}],"predecessor-version":[{"id":396305,"href":"https:\/\/maisoncleo.com\/fr\/wp-json\/wp\/v2\/product\/396271\/revisions\/396305"}],"wp:featuredmedia":[{"embeddable":true,"href":"https:\/\/maisoncleo.com\/fr\/wp-json\/wp\/v2\/media\/396283"}],"wp:attachment":[{"href":"https:\/\/maisoncleo.com\/fr\/wp-json\/wp\/v2\/media?parent=396271"}],"wp:term":[{"taxonomy":"product_brand","embeddable":true,"href":"https:\/\/maisoncleo.com\/fr\/wp-json\/wp\/v2\/product_brand?post=396271"},{"taxonomy":"product_cat","embeddable":true,"href":"https:\/\/maisoncleo.com\/fr\/wp-json\/wp\/v2\/product_cat?post=396271"},{"taxonomy":"product_tag","embeddable":true,"href":"https:\/\/maisoncleo.com\/fr\/wp-json\/wp\/v2\/product_tag?post=396271"}],"curies":[{"name":"wp","href":"https:\/\/api.w.org\/{rel}","templated":true}]}}

Soutien gorge brassière marron auburn en dentelle délicate et petit noeud

<p>Soutien gorge brassière marron auburn en dentelle délicate et petit noeud.</p>
<p>Dentelle marron auburn avec motif aux détails délicats, bretelles grises ajustables et noeud, élastique picot. On adore cette couleur!</p>
<p><span style="font-weight: 400;">Elastiqué en dessous de la poitrine.</span></p>
<p><span style="font-weight: 400;">Référez-vous à notre grille de taille et à la mesure de votre tour de poitrine pour savoir quelle taille choisir.</span></p>
<p><span style="font-weight: 400;">La modèle mesure 1,72m et porte une taille 36.</span></p>

<p>Soutien gorge brassière marron auburn en dentelle délicate et petit noeud. Dentelle marron auburn avec motif aux détails délicats, bretelles grises ajustables&hellip;</p>
