{"id":395872,"date":"2025-12-03T22:04:14","date_gmt":"2025-12-03T20:04:14","guid":{"rendered":"https:\/\/maisoncleo.com\/?post_type=product&#038;p=395872"},"modified":"2025-12-24T22:01:35","modified_gmt":"2025-12-24T20:01:35","slug":"la-garnoule-soutien-gorge-brassiere-marron-auburn-en-dentelle-delicate-et-petit-noeud-copy","status":"publish","type":"product","link":"https:\/\/maisoncleo.com\/fr\/shop\/la-garnoule-soutien-gorge-brassiere-marron-auburn-en-dentelle-delicate-et-petit-noeud-copy\/","title":{"rendered":"Soutien gorge en mousseline de soie marron  bretelles grises et petit noeud"},"content":{"rendered":"<p>Soutien gorge en mousseline de soie marron, bretelles grises ajustables, petit noeud agr\u00e9ment\u00e9 d&rsquo;un pendentif marron.<\/p>\n<p><span style=\"font-weight: 400;\">Elastiqu\u00e9 en dessous de la poitrine.<\/span><\/p>\n<p><span style=\"font-weight: 400;\">100% soie.<\/span><\/p>\n<p><span style=\"font-weight: 400;\">R\u00e9f\u00e9rez-vous \u00e0 notre grille de taille et \u00e0 la mesure de votre tour de poitrine pour savoir quelle taille choisir.<\/span><\/p>\n<p><span style=\"font-weight: 400;\">La mod\u00e8le mesure 1,72m et porte une taille 36.<\/span><\/p>\n","protected":false},"excerpt":{"rendered":"<p>Soutien gorge en mousseline de soie marron, bretelles grises ajustables, petit noeud agr\u00e9ment\u00e9 d&rsquo;un pendentif marron. Elastiqu\u00e9 en dessous de la poitrine.&hellip;<\/p>\n","protected":false},"featured_media":395890,"template":"","meta":[],"product_brand":[],"product_cat":[668,962,661],"product_tag":[],"class_list":{"0":"post-395872","1":"product","2":"type-product","3":"status-publish","4":"has-post-thumbnail","6":"product_cat-capsule","7":"product_cat-sous-vetements-pyjama-selection","8":"product_cat-tout-voir","10":"first","11":"instock","12":"taxable","13":"shipping-taxable","14":"purchasable","15":"product-type-variable"},"_links":{"self":[{"href":"https:\/\/maisoncleo.com\/fr\/wp-json\/wp\/v2\/product\/395872","targetHints":{"allow":["GET"]}}],"collection":[{"href":"https:\/\/maisoncleo.com\/fr\/wp-json\/wp\/v2\/product"}],"about":[{"href":"https:\/\/maisoncleo.com\/fr\/wp-json\/wp\/v2\/types\/product"}],"version-history":[{"count":1,"href":"https:\/\/maisoncleo.com\/fr\/wp-json\/wp\/v2\/product\/395872\/revisions"}],"predecessor-version":[{"id":395930,"href":"https:\/\/maisoncleo.com\/fr\/wp-json\/wp\/v2\/product\/395872\/revisions\/395930"}],"wp:featuredmedia":[{"embeddable":true,"href":"https:\/\/maisoncleo.com\/fr\/wp-json\/wp\/v2\/media\/395890"}],"wp:attachment":[{"href":"https:\/\/maisoncleo.com\/fr\/wp-json\/wp\/v2\/media?parent=395872"}],"wp:term":[{"taxonomy":"product_brand","embeddable":true,"href":"https:\/\/maisoncleo.com\/fr\/wp-json\/wp\/v2\/product_brand?post=395872"},{"taxonomy":"product_cat","embeddable":true,"href":"https:\/\/maisoncleo.com\/fr\/wp-json\/wp\/v2\/product_cat?post=395872"},{"taxonomy":"product_tag","embeddable":true,"href":"https:\/\/maisoncleo.com\/fr\/wp-json\/wp\/v2\/product_tag?post=395872"}],"curies":[{"name":"wp","href":"https:\/\/api.w.org\/{rel}","templated":true}]}}

<p>Soutien gorge en mousseline de soie marron, bretelles grises ajustables, petit noeud agrémenté d&rsquo;un pendentif marron.</p>
<p><span style="font-weight: 400;">Elastiqué en dessous de la poitrine.</span></p>
<p><span style="font-weight: 400;">100% soie.</span></p>
<p><span style="font-weight: 400;">Référez-vous à notre grille de taille et à la mesure de votre tour de poitrine pour savoir quelle taille choisir.</span></p>
<p><span style="font-weight: 400;">La modèle mesure 1,72m et porte une taille 36.</span></p>

<p>Soutien gorge en mousseline de soie marron, bretelles grises ajustables, petit noeud agrémenté d&rsquo;un pendentif marron. Elastiqué en dessous de la poitrine.&hellip;</p>
