{"id":394199,"date":"2025-11-02T09:10:36","date_gmt":"2025-11-02T07:10:36","guid":{"rendered":"https:\/\/maisoncleo.com\/?post_type=product&#038;p=394199"},"modified":"2025-11-07T18:17:39","modified_gmt":"2025-11-07T16:17:39","slug":"la-garnoule-veste-en-laine-tigree-col-fausse-fourrure-marron-estelle-copy","status":"publish","type":"product","link":"https:\/\/maisoncleo.com\/fr\/shop\/la-garnoule-veste-en-laine-tigree-col-fausse-fourrure-marron-estelle-copy\/","title":{"rendered":"Veste en laine animal col fausse fourrure marron fonc\u00e9 Estelle"},"content":{"rendered":"<p><span style=\"font-weight: 400;\">Veste en laine motif animal avec col en fausse fourrure marron fonc\u00e9. Fermeture par des boutons destock\u00e9 marron fonc\u00e9 sur le devant, manches longues, coupe large, fausse fourrure douce marron fonc\u00e9 sur le col et les poignets provenant d\u2019une Maison de luxe italienne.<\/span><\/p>\n<p>Ce tissu de haute qualit\u00e9 est fabriqu\u00e9 en Italie et provient d&rsquo;une Maison de Haute-Couture. Sa composition est : 99% laine, 1% soie. Le tissu est double-faced, mais nous pouvons le doubler pour +30\u20ac. Pour cela, vous devez s\u00e9lectionner l&rsquo;option \u00ab\u00a0Sur-mesure\u00a0\u00bb, et \u00e9crire dans l&rsquo;onglet commentaires au moment du paiement que vous souhaitez une doublure, ainsi que votre taille choisie. La doublure sera en twill de soie noir.<\/p>\n<p><span style=\"font-weight: 400;\">Tr\u00e8s confortable. A porter avec votre paire de jean denim pr\u00e9f\u00e9r\u00e9e ou en ensemble avec notre jupe assortie. Longueur : 55 cm. <\/span><\/p>\n<p><span style=\"font-weight: 400;\">La mod\u00e8le mesure 1,68m et porte une taille 42.<\/span><\/p>\n<p><span style=\"font-weight: 400;\">Comme tout est fabriqu\u00e9 \u00e0 la commande, vous pouvez demander la longueur que vous souhaitez.<\/span><\/p>\n","protected":false},"excerpt":{"rendered":"<p>Veste en laine motif animal avec col en fausse fourrure marron fonc\u00e9. Fermeture par des boutons destock\u00e9 marron fonc\u00e9 sur le devant,&hellip;<\/p>\n","protected":false},"featured_media":394169,"template":"","meta":[],"product_brand":[],"product_cat":[668,661,665],"product_tag":[],"class_list":{"0":"post-394199","1":"product","2":"type-product","3":"status-publish","4":"has-post-thumbnail","6":"product_cat-capsule","7":"product_cat-tout-voir","8":"product_cat-vestes-manteaux","10":"first","11":"instock","12":"taxable","13":"shipping-taxable","14":"purchasable","15":"product-type-variable"},"_links":{"self":[{"href":"https:\/\/maisoncleo.com\/fr\/wp-json\/wp\/v2\/product\/394199","targetHints":{"allow":["GET"]}}],"collection":[{"href":"https:\/\/maisoncleo.com\/fr\/wp-json\/wp\/v2\/product"}],"about":[{"href":"https:\/\/maisoncleo.com\/fr\/wp-json\/wp\/v2\/types\/product"}],"version-history":[{"count":2,"href":"https:\/\/maisoncleo.com\/fr\/wp-json\/wp\/v2\/product\/394199\/revisions"}],"predecessor-version":[{"id":394415,"href":"https:\/\/maisoncleo.com\/fr\/wp-json\/wp\/v2\/product\/394199\/revisions\/394415"}],"wp:featuredmedia":[{"embeddable":true,"href":"https:\/\/maisoncleo.com\/fr\/wp-json\/wp\/v2\/media\/394169"}],"wp:attachment":[{"href":"https:\/\/maisoncleo.com\/fr\/wp-json\/wp\/v2\/media?parent=394199"}],"wp:term":[{"taxonomy":"product_brand","embeddable":true,"href":"https:\/\/maisoncleo.com\/fr\/wp-json\/wp\/v2\/product_brand?post=394199"},{"taxonomy":"product_cat","embeddable":true,"href":"https:\/\/maisoncleo.com\/fr\/wp-json\/wp\/v2\/product_cat?post=394199"},{"taxonomy":"product_tag","embeddable":true,"href":"https:\/\/maisoncleo.com\/fr\/wp-json\/wp\/v2\/product_tag?post=394199"}],"curies":[{"name":"wp","href":"https:\/\/api.w.org\/{rel}","templated":true}]}}

Veste en laine animal col fausse fourrure marron foncé Estelle

<p><span style="font-weight: 400;">Veste en laine motif animal avec col en fausse fourrure marron foncé. Fermeture par des boutons destocké marron foncé sur le devant, manches longues, coupe large, fausse fourrure douce marron foncé sur le col et les poignets provenant d’une Maison de luxe italienne.</span></p>
<p>Ce tissu de haute qualité est fabriqué en Italie et provient d&rsquo;une Maison de Haute-Couture. Sa composition est : 99% laine, 1% soie. Le tissu est double-faced, mais nous pouvons le doubler pour +30€. Pour cela, vous devez sélectionner l&rsquo;option « Sur-mesure », et écrire dans l&rsquo;onglet commentaires au moment du paiement que vous souhaitez une doublure, ainsi que votre taille choisie. La doublure sera en twill de soie noir.</p>
<p><span style="font-weight: 400;">Très confortable. A porter avec votre paire de jean denim préférée ou en ensemble avec notre jupe assortie. Longueur : 55 cm. </span></p>
<p><span style="font-weight: 400;">La modèle mesure 1,68m et porte une taille 42.</span></p>
<p><span style="font-weight: 400;">Comme tout est fabriqué à la commande, vous pouvez demander la longueur que vous souhaitez.</span></p>

<p>Veste en laine motif animal avec col en fausse fourrure marron foncé. Fermeture par des boutons destocké marron foncé sur le devant,&hellip;</p>
