{"id":393804,"date":"2025-11-02T09:38:16","date_gmt":"2025-11-02T07:38:16","guid":{"rendered":"https:\/\/maisoncleo.com\/?post_type=product&#038;p=393804"},"modified":"2025-11-02T11:27:48","modified_gmt":"2025-11-02T09:27:48","slug":"la-garnoule-robe-mi-longue-tricotee-boutonnee-a-rayures-multicolores-copy-3","status":"publish","type":"product","link":"https:\/\/maisoncleo.com\/fr\/shop\/la-garnoule-robe-mi-longue-tricotee-boutonnee-a-rayures-multicolores-copy-3\/","title":{"rendered":"2 en 1 Robe et cardigan mi-long tricot\u00e9 boutonn\u00e9 \u00e0 rayures multicolores"},"content":{"rendered":"<p><span style=\"font-weight: 400;\">A porter en robe ou en gilet \ud83d\ude42<\/span><\/p>\n<p><span style=\"font-weight: 400;\">Robe mi-longue tricot\u00e9e boutonn\u00e9e \u00e0 rayures multicolores. Manches longues, m\u00e9lange de laine tricot\u00e9e \u00e0 rayures dans les tons de marron, bleu et jaune, fermeture par des boutons marrons sur le devant emboss\u00e9 avec notre marque \u201cMaisonCl\u00e9o\u201d fabriqu\u00e9 \u00e0 c\u00f4t\u00e9 de notre atelier dans le Nord de la France. La robe tricot\u00e9e trop mignonne aux couleurs de l\u2019automne &lt;3 <\/span><\/p>\n<p><span style=\"font-weight: 400;\">L\u00e9g\u00e8rement transparent, vous pouvez mettre en dessous notre soutien gorge et culotte dans les tons marron comme sur les photos, ou \u00e0 porter avec une paire de pantalon. Longueur : 100 cm.<\/span><\/p>\n<p><span style=\"font-weight: 400;\">La mod\u00e8le mesure 1,68m et porte une taille 42.<\/span><\/p>\n<p><span style=\"font-weight: 400;\">Comme tout est fabriqu\u00e9 \u00e0 la commande, vous pouvez demander la longueur que vous souhaitez.<\/span><\/p>\n","protected":false},"excerpt":{"rendered":"<p>A porter en robe ou en gilet \ud83d\ude42 Robe mi-longue tricot\u00e9e boutonn\u00e9e \u00e0 rayures multicolores. Manches longues, m\u00e9lange de laine tricot\u00e9e \u00e0&hellip;<\/p>\n","protected":false},"featured_media":393820,"template":"","meta":[],"product_brand":[],"product_cat":[666,668,664,661],"product_tag":[],"class_list":{"0":"post-393804","1":"product","2":"type-product","3":"status-publish","4":"has-post-thumbnail","6":"product_cat-mailles","7":"product_cat-capsule","8":"product_cat-robes","9":"product_cat-tout-voir","11":"first","12":"instock","13":"taxable","14":"shipping-taxable","15":"purchasable","16":"product-type-variable"},"_links":{"self":[{"href":"https:\/\/maisoncleo.com\/fr\/wp-json\/wp\/v2\/product\/393804","targetHints":{"allow":["GET"]}}],"collection":[{"href":"https:\/\/maisoncleo.com\/fr\/wp-json\/wp\/v2\/product"}],"about":[{"href":"https:\/\/maisoncleo.com\/fr\/wp-json\/wp\/v2\/types\/product"}],"version-history":[{"count":1,"href":"https:\/\/maisoncleo.com\/fr\/wp-json\/wp\/v2\/product\/393804\/revisions"}],"predecessor-version":[{"id":393840,"href":"https:\/\/maisoncleo.com\/fr\/wp-json\/wp\/v2\/product\/393804\/revisions\/393840"}],"wp:featuredmedia":[{"embeddable":true,"href":"https:\/\/maisoncleo.com\/fr\/wp-json\/wp\/v2\/media\/393820"}],"wp:attachment":[{"href":"https:\/\/maisoncleo.com\/fr\/wp-json\/wp\/v2\/media?parent=393804"}],"wp:term":[{"taxonomy":"product_brand","embeddable":true,"href":"https:\/\/maisoncleo.com\/fr\/wp-json\/wp\/v2\/product_brand?post=393804"},{"taxonomy":"product_cat","embeddable":true,"href":"https:\/\/maisoncleo.com\/fr\/wp-json\/wp\/v2\/product_cat?post=393804"},{"taxonomy":"product_tag","embeddable":true,"href":"https:\/\/maisoncleo.com\/fr\/wp-json\/wp\/v2\/product_tag?post=393804"}],"curies":[{"name":"wp","href":"https:\/\/api.w.org\/{rel}","templated":true}]}}

2 en 1 Robe et cardigan mi-long tricoté boutonné à rayures multicolores

<p><span style="font-weight: 400;">A porter en robe ou en gilet 🙂</span></p>
<p><span style="font-weight: 400;">Robe mi-longue tricotée boutonnée à rayures multicolores. Manches longues, mélange de laine tricotée à rayures dans les tons de marron, bleu et jaune, fermeture par des boutons marrons sur le devant embossé avec notre marque “MaisonCléo” fabriqué à côté de notre atelier dans le Nord de la France. La robe tricotée trop mignonne aux couleurs de l’automne &lt;3 </span></p>
<p><span style="font-weight: 400;">Légèrement transparent, vous pouvez mettre en dessous notre soutien gorge et culotte dans les tons marron comme sur les photos, ou à porter avec une paire de pantalon. Longueur : 100 cm.</span></p>
<p><span style="font-weight: 400;">La modèle mesure 1,68m et porte une taille 42.</span></p>
<p><span style="font-weight: 400;">Comme tout est fabriqué à la commande, vous pouvez demander la longueur que vous souhaitez.</span></p>

<p>A porter en robe ou en gilet 🙂 Robe mi-longue tricotée boutonnée à rayures multicolores. Manches longues, mélange de laine tricotée à&hellip;</p>
