{"id":392931,"date":"2025-09-21T18:09:31","date_gmt":"2025-09-21T16:09:31","guid":{"rendered":"https:\/\/maisoncleo.com\/?post_type=product&#038;p=392931"},"modified":"2026-04-10T14:47:04","modified_gmt":"2026-04-10T12:47:04","slug":"la-garnoule-mini-jupe-abat-jour-a-carreaux-matelassee-vert-et-camel-copy","status":"publish","type":"product","link":"https:\/\/maisoncleo.com\/fr\/shop\/la-garnoule-mini-jupe-abat-jour-a-carreaux-matelassee-vert-et-camel-copy\/","title":{"rendered":"LA GARNOULE &#8211; Mini jupe abat-jour en laine noire"},"content":{"rendered":"<p><span style=\"font-weight: 400;\">Notre mini jupe favorite en forme d\u2019abat-jour avec sa culotte int\u00e9gr\u00e9e! Fabriqu\u00e9e dans une laine noire \u00e9paisse. Taille \u00e9lastiqu\u00e9e. A porter avec ou sans collants gr\u00e2ce \u00e0 sa confortable culotte associ\u00e9e &lt;3 Longueur : 27 cm.<\/span><\/p>\n<p><span style=\"font-weight: 400;\">La mod\u00e8le mesure 1,75m et porte une taille 38.<\/span><\/p>\n<p><span style=\"font-weight: 400;\">Comme tout est fabriqu\u00e9 \u00e0 la commande, vous pouvez demander la longueur que vous souhaitez.<\/span><\/p>\n<p>LOOK de notre collection automne hiver \u201cLA GARNOULE\u201d.<\/p>\n","protected":false},"excerpt":{"rendered":"<p>Notre mini jupe favorite en forme d\u2019abat-jour avec sa culotte int\u00e9gr\u00e9e! Fabriqu\u00e9e dans une laine noire \u00e9paisse. Taille \u00e9lastiqu\u00e9e. A porter avec&hellip;<\/p>\n","protected":false},"featured_media":392949,"template":"","meta":[],"product_brand":[],"product_cat":[672,668,661],"product_tag":[],"class_list":{"0":"post-392931","1":"product","2":"type-product","3":"status-publish","4":"has-post-thumbnail","6":"product_cat-jupes","7":"product_cat-capsule","8":"product_cat-tout-voir","10":"first","11":"instock","12":"taxable","13":"shipping-taxable","14":"purchasable","15":"product-type-variable"},"_links":{"self":[{"href":"https:\/\/maisoncleo.com\/fr\/wp-json\/wp\/v2\/product\/392931","targetHints":{"allow":["GET"]}}],"collection":[{"href":"https:\/\/maisoncleo.com\/fr\/wp-json\/wp\/v2\/product"}],"about":[{"href":"https:\/\/maisoncleo.com\/fr\/wp-json\/wp\/v2\/types\/product"}],"version-history":[{"count":1,"href":"https:\/\/maisoncleo.com\/fr\/wp-json\/wp\/v2\/product\/392931\/revisions"}],"predecessor-version":[{"id":392967,"href":"https:\/\/maisoncleo.com\/fr\/wp-json\/wp\/v2\/product\/392931\/revisions\/392967"}],"wp:featuredmedia":[{"embeddable":true,"href":"https:\/\/maisoncleo.com\/fr\/wp-json\/wp\/v2\/media\/392949"}],"wp:attachment":[{"href":"https:\/\/maisoncleo.com\/fr\/wp-json\/wp\/v2\/media?parent=392931"}],"wp:term":[{"taxonomy":"product_brand","embeddable":true,"href":"https:\/\/maisoncleo.com\/fr\/wp-json\/wp\/v2\/product_brand?post=392931"},{"taxonomy":"product_cat","embeddable":true,"href":"https:\/\/maisoncleo.com\/fr\/wp-json\/wp\/v2\/product_cat?post=392931"},{"taxonomy":"product_tag","embeddable":true,"href":"https:\/\/maisoncleo.com\/fr\/wp-json\/wp\/v2\/product_tag?post=392931"}],"curies":[{"name":"wp","href":"https:\/\/api.w.org\/{rel}","templated":true}]}}

<p><span style="font-weight: 400;">Notre mini jupe favorite en forme d’abat-jour avec sa culotte intégrée! Fabriquée dans une laine noire épaisse. Taille élastiquée. A porter avec ou sans collants grâce à sa confortable culotte associée &lt;3 Longueur : 27 cm.</span></p>
<p><span style="font-weight: 400;">La modèle mesure 1,75m et porte une taille 38.</span></p>
<p><span style="font-weight: 400;">Comme tout est fabriqué à la commande, vous pouvez demander la longueur que vous souhaitez.</span></p>
<p>LOOK de notre collection automne hiver “LA GARNOULE”.</p>

<p>Notre mini jupe favorite en forme d’abat-jour avec sa culotte intégrée! Fabriquée dans une laine noire épaisse. Taille élastiquée. A porter avec&hellip;</p>
