{"id":392702,"date":"2025-09-21T17:32:35","date_gmt":"2025-09-21T15:32:35","guid":{"rendered":"https:\/\/maisoncleo.com\/?post_type=product&#038;p=392702"},"modified":"2025-09-21T18:49:23","modified_gmt":"2025-09-21T16:49:23","slug":"la-garnoule-robe-a-rayures-fuschia-et-rose-en-laine-melangee-tricotee-copy","status":"publish","type":"product","link":"https:\/\/maisoncleo.com\/fr\/shop\/la-garnoule-robe-a-rayures-fuschia-et-rose-en-laine-melangee-tricotee-copy\/","title":{"rendered":"LA GARNOULE &#8211; Robe asym\u00e9trique en bi-mati\u00e8re"},"content":{"rendered":"<p><span style=\"font-weight: 400;\">Robe asym\u00e9trique en bi-mati\u00e8re. Le haut de la robe est fait dans un tissu jersey de coton pointelle beige avec des manches longues et un petit noeud, quand le bas de la robe est fait dans un tissu gaufr\u00e9 en coton dans les tons kaki et camel-orang\u00e9, avec un travail de volants asym\u00e9triques dans le bas. Longueur : 116 \u00e0 140 cm de la longueur la plus courte \u00e0 la plus longue.<\/span><\/p>\n<p><span style=\"font-weight: 400;\">La mod\u00e8le mesure 1,75m et porte une taille 38.<\/span><\/p>\n<p><span style=\"font-weight: 400;\">Comme tout est fabriqu\u00e9 \u00e0 la commande, vous pouvez demander la longueur que vous souhaitez.<\/span><\/p>\n<p>LOOK de notre collection automne hiver \u201cLA GARNOULE\u201d.<\/p>\n","protected":false},"excerpt":{"rendered":"<p>Robe asym\u00e9trique en bi-mati\u00e8re. Le haut de la robe est fait dans un tissu jersey de coton pointelle beige avec des manches&hellip;<\/p>\n","protected":false},"featured_media":392712,"template":"","meta":[],"product_brand":[],"product_cat":[668,664,661],"product_tag":[],"class_list":{"0":"post-392702","1":"product","2":"type-product","3":"status-publish","4":"has-post-thumbnail","6":"product_cat-capsule","7":"product_cat-robes","8":"product_cat-tout-voir","10":"first","11":"instock","12":"taxable","13":"shipping-taxable","14":"purchasable","15":"product-type-variable"},"_links":{"self":[{"href":"https:\/\/maisoncleo.com\/fr\/wp-json\/wp\/v2\/product\/392702","targetHints":{"allow":["GET"]}}],"collection":[{"href":"https:\/\/maisoncleo.com\/fr\/wp-json\/wp\/v2\/product"}],"about":[{"href":"https:\/\/maisoncleo.com\/fr\/wp-json\/wp\/v2\/types\/product"}],"version-history":[{"count":1,"href":"https:\/\/maisoncleo.com\/fr\/wp-json\/wp\/v2\/product\/392702\/revisions"}],"predecessor-version":[{"id":392724,"href":"https:\/\/maisoncleo.com\/fr\/wp-json\/wp\/v2\/product\/392702\/revisions\/392724"}],"wp:featuredmedia":[{"embeddable":true,"href":"https:\/\/maisoncleo.com\/fr\/wp-json\/wp\/v2\/media\/392712"}],"wp:attachment":[{"href":"https:\/\/maisoncleo.com\/fr\/wp-json\/wp\/v2\/media?parent=392702"}],"wp:term":[{"taxonomy":"product_brand","embeddable":true,"href":"https:\/\/maisoncleo.com\/fr\/wp-json\/wp\/v2\/product_brand?post=392702"},{"taxonomy":"product_cat","embeddable":true,"href":"https:\/\/maisoncleo.com\/fr\/wp-json\/wp\/v2\/product_cat?post=392702"},{"taxonomy":"product_tag","embeddable":true,"href":"https:\/\/maisoncleo.com\/fr\/wp-json\/wp\/v2\/product_tag?post=392702"}],"curies":[{"name":"wp","href":"https:\/\/api.w.org\/{rel}","templated":true}]}}

LA GARNOULE &#8211; Robe asymétrique en bi-matière

<p><span style="font-weight: 400;">Robe asymétrique en bi-matière. Le haut de la robe est fait dans un tissu jersey de coton pointelle beige avec des manches longues et un petit noeud, quand le bas de la robe est fait dans un tissu gaufré en coton dans les tons kaki et camel-orangé, avec un travail de volants asymétriques dans le bas. Longueur : 116 à 140 cm de la longueur la plus courte à la plus longue.</span></p>
<p><span style="font-weight: 400;">La modèle mesure 1,75m et porte une taille 38.</span></p>
<p><span style="font-weight: 400;">Comme tout est fabriqué à la commande, vous pouvez demander la longueur que vous souhaitez.</span></p>
<p>LOOK de notre collection automne hiver “LA GARNOULE”.</p>

<p>Robe asymétrique en bi-matière. Le haut de la robe est fait dans un tissu jersey de coton pointelle beige avec des manches&hellip;</p>
