{"id":392615,"date":"2025-09-21T17:15:48","date_gmt":"2025-09-21T15:15:48","guid":{"rendered":"https:\/\/maisoncleo.com\/?post_type=product&#038;p=392615"},"modified":"2025-11-07T18:19:24","modified_gmt":"2025-11-07T16:19:24","slug":"la-garnoule-veste-matelassee-vert-et-marron-camel-clair-estelle-copy","status":"publish","type":"product","link":"https:\/\/maisoncleo.com\/fr\/shop\/la-garnoule-veste-matelassee-vert-et-marron-camel-clair-estelle-copy\/","title":{"rendered":"LA GARNOULE &#8211; Veste en laine tigr\u00e9e col fausse fourrure marron Estelle"},"content":{"rendered":"<p><span style=\"font-weight: 400;\">Veste en laine motif tigre avec col en fausse fourrure marron. Fermeture par des boutons vintage camel clairs sur le devant, manches longues, coupe large, fausse fourrure douce marron sur le col et les poignets provenant d\u2019une Maison de luxe italienne.<\/span><\/p>\n<p>Ce tissu de haute qualit\u00e9 est fabriqu\u00e9 en Italie et provient d&rsquo;une Maison de Haute-Couture. Sa composition est : 99% laine, 1% soie. Le tissu est double-faced, mais nous pouvons le doubler pour +30\u20ac. Pour cela, vous devez s\u00e9lectionner l&rsquo;option \u00ab\u00a0Sur-mesure\u00a0\u00bb, et \u00e9crire dans l&rsquo;onglet commentaires au moment du paiement que vous souhaitez une doublure, ainsi que votre taille choisie. La doublure sera en twill de soie noir.<\/p>\n<p><span style=\"font-weight: 400;\">Choisissez l\u2019option de la couleur de la fausse fourrure que vous pr\u00e9f\u00e9rez en commandant = col en fausse fourrure marron clair (comme sur les photos port\u00e9es) ou en marron fonc\u00e9 visible sur la derni\u00e8re photo. Vous pouvez \u00e9galement choisir entre les boutons camel clairs (des photos port\u00e9es) et entre les boutons marrons fonc\u00e9s (derni\u00e8re photo).<\/span><\/p>\n<p><span style=\"font-weight: 400;\">Tr\u00e8s style \u201cUne Nounou d\u2019Enfer\u201d! Tr\u00e8s confortable. A porter avec votre paire de jean denim pr\u00e9f\u00e9r\u00e9e ou en ensemble avec notre jupe et b\u00e9ret assortis. Longueur : 55 cm. <\/span><\/p>\n<p><span style=\"font-weight: 400;\">La mod\u00e8le mesure 1,75m et porte une taille 38.<\/span><\/p>\n<p><span style=\"font-weight: 400;\">Comme tout est fabriqu\u00e9 \u00e0 la commande, vous pouvez demander la longueur que vous souhaitez.<\/span><\/p>\n<p>LOOK de notre collection automne hiver \u201cLA GARNOULE\u201d.<\/p>\n","protected":false},"excerpt":{"rendered":"<p>Veste en laine motif tigre avec col en fausse fourrure marron. Fermeture par des boutons vintage camel clairs sur le devant, manches&hellip;<\/p>\n","protected":false},"featured_media":392589,"template":"","meta":[],"product_brand":[],"product_cat":[668,661,665],"product_tag":[],"class_list":{"0":"post-392615","1":"product","2":"type-product","3":"status-publish","4":"has-post-thumbnail","6":"product_cat-capsule","7":"product_cat-tout-voir","8":"product_cat-vestes-manteaux","10":"first","11":"instock","12":"taxable","13":"shipping-taxable","14":"purchasable","15":"product-type-variable"},"_links":{"self":[{"href":"https:\/\/maisoncleo.com\/fr\/wp-json\/wp\/v2\/product\/392615","targetHints":{"allow":["GET"]}}],"collection":[{"href":"https:\/\/maisoncleo.com\/fr\/wp-json\/wp\/v2\/product"}],"about":[{"href":"https:\/\/maisoncleo.com\/fr\/wp-json\/wp\/v2\/types\/product"}],"version-history":[{"count":2,"href":"https:\/\/maisoncleo.com\/fr\/wp-json\/wp\/v2\/product\/392615\/revisions"}],"predecessor-version":[{"id":394416,"href":"https:\/\/maisoncleo.com\/fr\/wp-json\/wp\/v2\/product\/392615\/revisions\/394416"}],"wp:featuredmedia":[{"embeddable":true,"href":"https:\/\/maisoncleo.com\/fr\/wp-json\/wp\/v2\/media\/392589"}],"wp:attachment":[{"href":"https:\/\/maisoncleo.com\/fr\/wp-json\/wp\/v2\/media?parent=392615"}],"wp:term":[{"taxonomy":"product_brand","embeddable":true,"href":"https:\/\/maisoncleo.com\/fr\/wp-json\/wp\/v2\/product_brand?post=392615"},{"taxonomy":"product_cat","embeddable":true,"href":"https:\/\/maisoncleo.com\/fr\/wp-json\/wp\/v2\/product_cat?post=392615"},{"taxonomy":"product_tag","embeddable":true,"href":"https:\/\/maisoncleo.com\/fr\/wp-json\/wp\/v2\/product_tag?post=392615"}],"curies":[{"name":"wp","href":"https:\/\/api.w.org\/{rel}","templated":true}]}}

LA GARNOULE &#8211; Veste en laine tigrée col fausse fourrure marron Estelle

<p><span style="font-weight: 400;">Veste en laine motif tigre avec col en fausse fourrure marron. Fermeture par des boutons vintage camel clairs sur le devant, manches longues, coupe large, fausse fourrure douce marron sur le col et les poignets provenant d’une Maison de luxe italienne.</span></p>
<p>Ce tissu de haute qualité est fabriqué en Italie et provient d&rsquo;une Maison de Haute-Couture. Sa composition est : 99% laine, 1% soie. Le tissu est double-faced, mais nous pouvons le doubler pour +30€. Pour cela, vous devez sélectionner l&rsquo;option « Sur-mesure », et écrire dans l&rsquo;onglet commentaires au moment du paiement que vous souhaitez une doublure, ainsi que votre taille choisie. La doublure sera en twill de soie noir.</p>
<p><span style="font-weight: 400;">Choisissez l’option de la couleur de la fausse fourrure que vous préférez en commandant = col en fausse fourrure marron clair (comme sur les photos portées) ou en marron foncé visible sur la dernière photo. Vous pouvez également choisir entre les boutons camel clairs (des photos portées) et entre les boutons marrons foncés (dernière photo).</span></p>
<p><span style="font-weight: 400;">Très style “Une Nounou d’Enfer”! Très confortable. A porter avec votre paire de jean denim préférée ou en ensemble avec notre jupe et béret assortis. Longueur : 55 cm. </span></p>
<p><span style="font-weight: 400;">La modèle mesure 1,75m et porte une taille 38.</span></p>
<p><span style="font-weight: 400;">Comme tout est fabriqué à la commande, vous pouvez demander la longueur que vous souhaitez.</span></p>
<p>LOOK de notre collection automne hiver “LA GARNOULE”.</p>
