{"id":392483,"date":"2025-09-21T16:54:01","date_gmt":"2025-09-21T14:54:01","guid":{"rendered":"https:\/\/maisoncleo.com\/?post_type=product&#038;p=392483"},"modified":"2025-09-21T18:47:06","modified_gmt":"2025-09-21T16:47:06","slug":"la-garnoule-sac-bowling-matelasse-vert-et-marron-camel-clair-copy","status":"publish","type":"product","link":"https:\/\/maisoncleo.com\/fr\/shop\/la-garnoule-sac-bowling-matelasse-vert-et-marron-camel-clair-copy\/","title":{"rendered":"LA GARNOULE &#8211; Veste matelass\u00e9e vert et marron camel clair Estelle"},"content":{"rendered":"<p><span style=\"font-weight: 400;\">Veste matelass\u00e9e vert et marron camel clair Estelle. Manches longues, coupe large, fermeture par des boutons vintage camel clairs sur le devant. L\u2019int\u00e9rieur est matelass\u00e9 en noir uni. Vous allez adorer cette mati\u00e8re tr\u00e8s sp\u00e9ciale! Longueur : 55 cm.<\/span><\/p>\n<p><span style=\"font-weight: 400;\">La mod\u00e8le mesure 1,75m et porte une taille 38.<\/span><\/p>\n<p><span style=\"font-weight: 400;\">Comme tout est fabriqu\u00e9 \u00e0 la commande, vous pouvez demander la longueur que vous souhaitez.<\/span><\/p>\n<p>LOOK de notre collection automne hiver \u201cLA GARNOULE\u201d.<\/p>\n","protected":false},"excerpt":{"rendered":"<p>Veste matelass\u00e9e vert et marron camel clair Estelle. Manches longues, coupe large, fermeture par des boutons vintage camel clairs sur le devant.&hellip;<\/p>\n","protected":false},"featured_media":392411,"template":"","meta":[],"product_brand":[],"product_cat":[668,661,665],"product_tag":[],"class_list":{"0":"post-392483","1":"product","2":"type-product","3":"status-publish","4":"has-post-thumbnail","6":"product_cat-capsule","7":"product_cat-tout-voir","8":"product_cat-vestes-manteaux","10":"first","11":"outofstock","12":"taxable","13":"shipping-taxable","14":"purchasable","15":"product-type-variable"},"_links":{"self":[{"href":"https:\/\/maisoncleo.com\/fr\/wp-json\/wp\/v2\/product\/392483","targetHints":{"allow":["GET"]}}],"collection":[{"href":"https:\/\/maisoncleo.com\/fr\/wp-json\/wp\/v2\/product"}],"about":[{"href":"https:\/\/maisoncleo.com\/fr\/wp-json\/wp\/v2\/types\/product"}],"version-history":[{"count":1,"href":"https:\/\/maisoncleo.com\/fr\/wp-json\/wp\/v2\/product\/392483\/revisions"}],"predecessor-version":[{"id":392497,"href":"https:\/\/maisoncleo.com\/fr\/wp-json\/wp\/v2\/product\/392483\/revisions\/392497"}],"wp:featuredmedia":[{"embeddable":true,"href":"https:\/\/maisoncleo.com\/fr\/wp-json\/wp\/v2\/media\/392411"}],"wp:attachment":[{"href":"https:\/\/maisoncleo.com\/fr\/wp-json\/wp\/v2\/media?parent=392483"}],"wp:term":[{"taxonomy":"product_brand","embeddable":true,"href":"https:\/\/maisoncleo.com\/fr\/wp-json\/wp\/v2\/product_brand?post=392483"},{"taxonomy":"product_cat","embeddable":true,"href":"https:\/\/maisoncleo.com\/fr\/wp-json\/wp\/v2\/product_cat?post=392483"},{"taxonomy":"product_tag","embeddable":true,"href":"https:\/\/maisoncleo.com\/fr\/wp-json\/wp\/v2\/product_tag?post=392483"}],"curies":[{"name":"wp","href":"https:\/\/api.w.org\/{rel}","templated":true}]}}

LA GARNOULE &#8211; Veste matelassée vert et marron camel clair Estelle

<p><span style="font-weight: 400;">Veste matelassée vert et marron camel clair Estelle. Manches longues, coupe large, fermeture par des boutons vintage camel clairs sur le devant. L’intérieur est matelassé en noir uni. Vous allez adorer cette matière très spéciale! Longueur : 55 cm.</span></p>
<p><span style="font-weight: 400;">La modèle mesure 1,75m et porte une taille 38.</span></p>
<p><span style="font-weight: 400;">Comme tout est fabriqué à la commande, vous pouvez demander la longueur que vous souhaitez.</span></p>
<p>LOOK de notre collection automne hiver “LA GARNOULE”.</p>

<p>Veste matelassée vert et marron camel clair Estelle. Manches longues, coupe large, fermeture par des boutons vintage camel clairs sur le devant.&hellip;</p>
