{"id":392395,"date":"2025-09-21T16:42:44","date_gmt":"2025-09-21T14:42:44","guid":{"rendered":"https:\/\/maisoncleo.com\/?post_type=product&#038;p=392395"},"modified":"2025-09-21T18:46:35","modified_gmt":"2025-09-21T16:46:35","slug":"la-garnoule-jupe-teila-a-poils-courts-marron-velours-dore-copy","status":"publish","type":"product","link":"https:\/\/maisoncleo.com\/fr\/shop\/la-garnoule-jupe-teila-a-poils-courts-marron-velours-dore-copy\/","title":{"rendered":"LA GARNOULE &#8211; Jupe matelass\u00e9e vert et marron camel clair trap\u00e8ze"},"content":{"rendered":"<p><span style=\"font-weight: 400;\">Jupe matelass\u00e9e vert et marron camel clair trap\u00e8ze, taille haute, coupe cache-coeur, fermeture avec deux boutons destock\u00e9s vintage camel clair sur le devant. L\u2019int\u00e9rieur est matelass\u00e9 en noir uni. You will love this very special fabric! Vous allez adorer cette mati\u00e8re tr\u00e8s sp\u00e9ciale! Longueur : 40 cm.<\/span><\/p>\n<p><span style=\"font-weight: 400;\">La mod\u00e8le mesure 1,75m et porte une taille 38.<\/span><\/p>\n<p><span style=\"font-weight: 400;\">Comme tout est fabriqu\u00e9 \u00e0 la commande, vous pouvez demander la longueur que vous souhaitez.<\/span><\/p>\n<p>LOOK de notre collection automne hiver \u201cLA GARNOULE\u201d.<\/p>\n","protected":false},"excerpt":{"rendered":"<p>Jupe matelass\u00e9e vert et marron camel clair trap\u00e8ze, taille haute, coupe cache-coeur, fermeture avec deux boutons destock\u00e9s vintage camel clair sur le&hellip;<\/p>\n","protected":false},"featured_media":392415,"template":"","meta":[],"product_brand":[],"product_cat":[672,668,661],"product_tag":[],"class_list":{"0":"post-392395","1":"product","2":"type-product","3":"status-publish","4":"has-post-thumbnail","6":"product_cat-jupes","7":"product_cat-capsule","8":"product_cat-tout-voir","10":"first","11":"instock","12":"taxable","13":"shipping-taxable","14":"purchasable","15":"product-type-variable"},"_links":{"self":[{"href":"https:\/\/maisoncleo.com\/fr\/wp-json\/wp\/v2\/product\/392395","targetHints":{"allow":["GET"]}}],"collection":[{"href":"https:\/\/maisoncleo.com\/fr\/wp-json\/wp\/v2\/product"}],"about":[{"href":"https:\/\/maisoncleo.com\/fr\/wp-json\/wp\/v2\/types\/product"}],"version-history":[{"count":1,"href":"https:\/\/maisoncleo.com\/fr\/wp-json\/wp\/v2\/product\/392395\/revisions"}],"predecessor-version":[{"id":392429,"href":"https:\/\/maisoncleo.com\/fr\/wp-json\/wp\/v2\/product\/392395\/revisions\/392429"}],"wp:featuredmedia":[{"embeddable":true,"href":"https:\/\/maisoncleo.com\/fr\/wp-json\/wp\/v2\/media\/392415"}],"wp:attachment":[{"href":"https:\/\/maisoncleo.com\/fr\/wp-json\/wp\/v2\/media?parent=392395"}],"wp:term":[{"taxonomy":"product_brand","embeddable":true,"href":"https:\/\/maisoncleo.com\/fr\/wp-json\/wp\/v2\/product_brand?post=392395"},{"taxonomy":"product_cat","embeddable":true,"href":"https:\/\/maisoncleo.com\/fr\/wp-json\/wp\/v2\/product_cat?post=392395"},{"taxonomy":"product_tag","embeddable":true,"href":"https:\/\/maisoncleo.com\/fr\/wp-json\/wp\/v2\/product_tag?post=392395"}],"curies":[{"name":"wp","href":"https:\/\/api.w.org\/{rel}","templated":true}]}}

LA GARNOULE &#8211; Jupe matelassée vert et marron camel clair trapèze

<p><span style="font-weight: 400;">Jupe matelassée vert et marron camel clair trapèze, taille haute, coupe cache-coeur, fermeture avec deux boutons destockés vintage camel clair sur le devant. L’intérieur est matelassé en noir uni. You will love this very special fabric! Vous allez adorer cette matière très spéciale! Longueur : 40 cm.</span></p>
<p><span style="font-weight: 400;">La modèle mesure 1,75m et porte une taille 38.</span></p>
<p><span style="font-weight: 400;">Comme tout est fabriqué à la commande, vous pouvez demander la longueur que vous souhaitez.</span></p>
<p>LOOK de notre collection automne hiver “LA GARNOULE”.</p>

<p>Jupe matelassée vert et marron camel clair trapèze, taille haute, coupe cache-coeur, fermeture avec deux boutons destockés vintage camel clair sur le&hellip;</p>
