{"id":392351,"date":"2025-09-21T16:35:42","date_gmt":"2025-09-21T14:35:42","guid":{"rendered":"https:\/\/maisoncleo.com\/?post_type=product&#038;p=392351"},"modified":"2025-11-04T21:08:27","modified_gmt":"2025-11-04T19:08:27","slug":"la-garnoule-jupe-mi-longue-sirene-en-jersey-de-coton-mariniere-leger-copy","status":"publish","type":"product","link":"https:\/\/maisoncleo.com\/fr\/shop\/la-garnoule-jupe-mi-longue-sirene-en-jersey-de-coton-mariniere-leger-copy\/","title":{"rendered":"LA GARNOULE &#8211; Mini jupe abat-jour \u00e0 carreaux matelass\u00e9e vert et camel"},"content":{"rendered":"<p><span style=\"font-weight: 400;\">Notre mini jupe favorite en forme d\u2019abat-jour avec sa culotte int\u00e9gr\u00e9e! Fabriqu\u00e9e dans un tissu matelass\u00e9 \u00e0 carreaux verts et camel marron clair. Taille \u00e9lastiqu\u00e9e. Doubl\u00e9e en matelass\u00e9 noir uni. A porter avec ou sans collants gr\u00e2ce \u00e0 sa confortable culotte associ\u00e9e &lt;3 Longueur : 27 cm.<\/span><\/p>\n<p><span style=\"font-weight: 400;\">La mod\u00e8le mesure 1,75m et porte une taille 38.<\/span><\/p>\n<p><span style=\"font-weight: 400;\">Comme tout est fabriqu\u00e9 \u00e0 la commande, vous pouvez demander la longueur que vous souhaitez.<\/span><\/p>\n<p>LOOK de notre collection automne hiver \u201cLA GARNOULE\u201d.<\/p>\n","protected":false},"excerpt":{"rendered":"<p>Notre mini jupe favorite en forme d\u2019abat-jour avec sa culotte int\u00e9gr\u00e9e! Fabriqu\u00e9e dans un tissu matelass\u00e9 \u00e0 carreaux verts et camel marron&hellip;<\/p>\n","protected":false},"featured_media":392333,"template":"","meta":[],"product_brand":[],"product_cat":[672,668,661],"product_tag":[],"class_list":{"0":"post-392351","1":"product","2":"type-product","3":"status-publish","4":"has-post-thumbnail","6":"product_cat-jupes","7":"product_cat-capsule","8":"product_cat-tout-voir","10":"first","11":"outofstock","12":"taxable","13":"shipping-taxable","14":"purchasable","15":"product-type-variable"},"_links":{"self":[{"href":"https:\/\/maisoncleo.com\/fr\/wp-json\/wp\/v2\/product\/392351","targetHints":{"allow":["GET"]}}],"collection":[{"href":"https:\/\/maisoncleo.com\/fr\/wp-json\/wp\/v2\/product"}],"about":[{"href":"https:\/\/maisoncleo.com\/fr\/wp-json\/wp\/v2\/types\/product"}],"version-history":[{"count":1,"href":"https:\/\/maisoncleo.com\/fr\/wp-json\/wp\/v2\/product\/392351\/revisions"}],"predecessor-version":[{"id":392365,"href":"https:\/\/maisoncleo.com\/fr\/wp-json\/wp\/v2\/product\/392351\/revisions\/392365"}],"wp:featuredmedia":[{"embeddable":true,"href":"https:\/\/maisoncleo.com\/fr\/wp-json\/wp\/v2\/media\/392333"}],"wp:attachment":[{"href":"https:\/\/maisoncleo.com\/fr\/wp-json\/wp\/v2\/media?parent=392351"}],"wp:term":[{"taxonomy":"product_brand","embeddable":true,"href":"https:\/\/maisoncleo.com\/fr\/wp-json\/wp\/v2\/product_brand?post=392351"},{"taxonomy":"product_cat","embeddable":true,"href":"https:\/\/maisoncleo.com\/fr\/wp-json\/wp\/v2\/product_cat?post=392351"},{"taxonomy":"product_tag","embeddable":true,"href":"https:\/\/maisoncleo.com\/fr\/wp-json\/wp\/v2\/product_tag?post=392351"}],"curies":[{"name":"wp","href":"https:\/\/api.w.org\/{rel}","templated":true}]}}

LA GARNOULE &#8211; Mini jupe abat-jour à carreaux matelassée vert et camel

<p><span style="font-weight: 400;">Notre mini jupe favorite en forme d’abat-jour avec sa culotte intégrée! Fabriquée dans un tissu matelassé à carreaux verts et camel marron clair. Taille élastiquée. Doublée en matelassé noir uni. A porter avec ou sans collants grâce à sa confortable culotte associée &lt;3 Longueur : 27 cm.</span></p>
<p><span style="font-weight: 400;">La modèle mesure 1,75m et porte une taille 38.</span></p>
<p><span style="font-weight: 400;">Comme tout est fabriqué à la commande, vous pouvez demander la longueur que vous souhaitez.</span></p>
<p>LOOK de notre collection automne hiver “LA GARNOULE”.</p>

<p>Notre mini jupe favorite en forme d’abat-jour avec sa culotte intégrée! Fabriquée dans un tissu matelassé à carreaux verts et camel marron&hellip;</p>
