{"id":392286,"date":"2025-09-21T16:26:54","date_gmt":"2025-09-21T14:26:54","guid":{"rendered":"https:\/\/maisoncleo.com\/?post_type=product&#038;p=392286"},"modified":"2025-09-21T18:45:53","modified_gmt":"2025-09-21T16:45:53","slug":"la-garnoule-t-shirt-loose-manches-longues-a-motifs-abstraits-copy-2","status":"publish","type":"product","link":"https:\/\/maisoncleo.com\/fr\/shop\/la-garnoule-t-shirt-loose-manches-longues-a-motifs-abstraits-copy-2\/","title":{"rendered":"LA GARNOULE &#8211; Polo manches longues marini\u00e8re lignes fines"},"content":{"rendered":"<p><span style=\"font-weight: 400;\">Notre premier polo! Polo manches longues, petit col pointu, 3 boutons blanc cass\u00e9 clairs sur le d\u00e9collet\u00e9 pouvant se fermer jusqu\u2019au cou, tissu en jersey de coton marini\u00e8re l\u00e9ger, doux et agr\u00e9able \u00e0 porter. L<\/span><span style=\"font-weight: 400;\">e parfait basique \u00e0 avoir encore et encore dans sa garde-robe. Sa particularit\u00e9 = des lignes toutes fines dans deux diff\u00e9rentes teintes de bleu et sa mati\u00e8re en jersey de coton grain\u00e9 ce qui lui donnent ce c\u00f4t\u00e9 chic et pr\u00e9cieux qui le diff\u00e9rencie. Longueur = 55 cm.<\/span><\/p>\n<p><span style=\"font-weight: 400;\">La mod\u00e8le mesure 1,75m et porte une taille 38.<\/span><\/p>\n<p><span style=\"font-weight: 400;\">Comme tout est fabriqu\u00e9 \u00e0 la commande, vous pouvez demander la longueur que vous souhaitez.<\/span><\/p>\n<p>LOOK de notre collection automne hiver \u201cLA GARNOULE\u201d.<\/p>\n","protected":false},"excerpt":{"rendered":"<p>Notre premier polo! Polo manches longues, petit col pointu, 3 boutons blanc cass\u00e9 clairs sur le d\u00e9collet\u00e9 pouvant se fermer jusqu\u2019au cou,&hellip;<\/p>\n","protected":false},"featured_media":392254,"template":"","meta":[],"product_brand":[],"product_cat":[668,674,661],"product_tag":[],"class_list":{"0":"post-392286","1":"product","2":"type-product","3":"status-publish","4":"has-post-thumbnail","6":"product_cat-capsule","7":"product_cat-tops","8":"product_cat-tout-voir","10":"first","11":"outofstock","12":"taxable","13":"shipping-taxable","14":"purchasable","15":"product-type-variable"},"_links":{"self":[{"href":"https:\/\/maisoncleo.com\/fr\/wp-json\/wp\/v2\/product\/392286","targetHints":{"allow":["GET"]}}],"collection":[{"href":"https:\/\/maisoncleo.com\/fr\/wp-json\/wp\/v2\/product"}],"about":[{"href":"https:\/\/maisoncleo.com\/fr\/wp-json\/wp\/v2\/types\/product"}],"version-history":[{"count":1,"href":"https:\/\/maisoncleo.com\/fr\/wp-json\/wp\/v2\/product\/392286\/revisions"}],"predecessor-version":[{"id":392301,"href":"https:\/\/maisoncleo.com\/fr\/wp-json\/wp\/v2\/product\/392286\/revisions\/392301"}],"wp:featuredmedia":[{"embeddable":true,"href":"https:\/\/maisoncleo.com\/fr\/wp-json\/wp\/v2\/media\/392254"}],"wp:attachment":[{"href":"https:\/\/maisoncleo.com\/fr\/wp-json\/wp\/v2\/media?parent=392286"}],"wp:term":[{"taxonomy":"product_brand","embeddable":true,"href":"https:\/\/maisoncleo.com\/fr\/wp-json\/wp\/v2\/product_brand?post=392286"},{"taxonomy":"product_cat","embeddable":true,"href":"https:\/\/maisoncleo.com\/fr\/wp-json\/wp\/v2\/product_cat?post=392286"},{"taxonomy":"product_tag","embeddable":true,"href":"https:\/\/maisoncleo.com\/fr\/wp-json\/wp\/v2\/product_tag?post=392286"}],"curies":[{"name":"wp","href":"https:\/\/api.w.org\/{rel}","templated":true}]}}

LA GARNOULE &#8211; Polo manches longues marinière lignes fines

<p><span style="font-weight: 400;">Notre premier polo! Polo manches longues, petit col pointu, 3 boutons blanc cassé clairs sur le décolleté pouvant se fermer jusqu’au cou, tissu en jersey de coton marinière léger, doux et agréable à porter. L</span><span style="font-weight: 400;">e parfait basique à avoir encore et encore dans sa garde-robe. Sa particularité = des lignes toutes fines dans deux différentes teintes de bleu et sa matière en jersey de coton grainé ce qui lui donnent ce côté chic et précieux qui le différencie. Longueur = 55 cm.</span></p>
<p><span style="font-weight: 400;">La modèle mesure 1,75m et porte une taille 38.</span></p>
<p><span style="font-weight: 400;">Comme tout est fabriqué à la commande, vous pouvez demander la longueur que vous souhaitez.</span></p>
<p>LOOK de notre collection automne hiver “LA GARNOULE”.</p>

<p>Notre premier polo! Polo manches longues, petit col pointu, 3 boutons blanc cassé clairs sur le décolleté pouvant se fermer jusqu’au cou,&hellip;</p>
