{"id":392202,"date":"2025-09-21T16:17:11","date_gmt":"2025-09-21T14:17:11","guid":{"rendered":"https:\/\/maisoncleo.com\/?post_type=product&#038;p=392202"},"modified":"2025-09-21T18:45:33","modified_gmt":"2025-09-21T16:45:33","slug":"la-garnoule-robe-dos-nu-mi-longue-motifs-abstraits-en-coton-jersey-epais-copy","status":"publish","type":"product","link":"https:\/\/maisoncleo.com\/fr\/shop\/la-garnoule-robe-dos-nu-mi-longue-motifs-abstraits-en-coton-jersey-epais-copy\/","title":{"rendered":"LA GARNOULE &#8211; Robe \u00e0 rayures fuschia et rose en laine m\u00e9lang\u00e9e tricot\u00e9e"},"content":{"rendered":"<p><span style=\"font-weight: 400;\">Robe \u00e0 rayures fuschia et rose en laine m\u00e9lang\u00e9e tricot\u00e9e, manches longues, col montant. Longueur : 82 cm.<\/span><\/p>\n<p><span style=\"font-weight: 400;\">La mod\u00e8le mesure 1,75m et porte une taille 38.<\/span><\/p>\n<p><span style=\"font-weight: 400;\">Comme tout est fabriqu\u00e9 \u00e0 la commande, vous pouvez demander la longueur que vous souhaitez.<\/span><\/p>\n<p>LOOK de notre collection automne hiver \u201cLA GARNOULE\u201d.<\/p>\n","protected":false},"excerpt":{"rendered":"<p>Robe \u00e0 rayures fuschia et rose en laine m\u00e9lang\u00e9e tricot\u00e9e, manches longues, col montant. Longueur : 82 cm. La mod\u00e8le mesure 1,75m&hellip;<\/p>\n","protected":false},"featured_media":392210,"template":"","meta":[],"product_brand":[],"product_cat":[666,668,664,661],"product_tag":[],"class_list":{"0":"post-392202","1":"product","2":"type-product","3":"status-publish","4":"has-post-thumbnail","6":"product_cat-mailles","7":"product_cat-capsule","8":"product_cat-robes","9":"product_cat-tout-voir","11":"first","12":"instock","13":"taxable","14":"shipping-taxable","15":"purchasable","16":"product-type-variable"},"_links":{"self":[{"href":"https:\/\/maisoncleo.com\/fr\/wp-json\/wp\/v2\/product\/392202","targetHints":{"allow":["GET"]}}],"collection":[{"href":"https:\/\/maisoncleo.com\/fr\/wp-json\/wp\/v2\/product"}],"about":[{"href":"https:\/\/maisoncleo.com\/fr\/wp-json\/wp\/v2\/types\/product"}],"version-history":[{"count":1,"href":"https:\/\/maisoncleo.com\/fr\/wp-json\/wp\/v2\/product\/392202\/revisions"}],"predecessor-version":[{"id":392236,"href":"https:\/\/maisoncleo.com\/fr\/wp-json\/wp\/v2\/product\/392202\/revisions\/392236"}],"wp:featuredmedia":[{"embeddable":true,"href":"https:\/\/maisoncleo.com\/fr\/wp-json\/wp\/v2\/media\/392210"}],"wp:attachment":[{"href":"https:\/\/maisoncleo.com\/fr\/wp-json\/wp\/v2\/media?parent=392202"}],"wp:term":[{"taxonomy":"product_brand","embeddable":true,"href":"https:\/\/maisoncleo.com\/fr\/wp-json\/wp\/v2\/product_brand?post=392202"},{"taxonomy":"product_cat","embeddable":true,"href":"https:\/\/maisoncleo.com\/fr\/wp-json\/wp\/v2\/product_cat?post=392202"},{"taxonomy":"product_tag","embeddable":true,"href":"https:\/\/maisoncleo.com\/fr\/wp-json\/wp\/v2\/product_tag?post=392202"}],"curies":[{"name":"wp","href":"https:\/\/api.w.org\/{rel}","templated":true}]}}

LA GARNOULE &#8211; Robe à rayures fuschia et rose en laine mélangée tricotée

<p><span style="font-weight: 400;">Robe à rayures fuschia et rose en laine mélangée tricotée, manches longues, col montant. Longueur : 82 cm.</span></p>
<p><span style="font-weight: 400;">La modèle mesure 1,75m et porte une taille 38.</span></p>
<p><span style="font-weight: 400;">Comme tout est fabriqué à la commande, vous pouvez demander la longueur que vous souhaitez.</span></p>
<p>LOOK de notre collection automne hiver “LA GARNOULE”.</p>

<p>Robe à rayures fuschia et rose en laine mélangée tricotée, manches longues, col montant. Longueur : 82 cm. La modèle mesure 1,75m&hellip;</p>
