{"id":392067,"date":"2025-09-21T15:56:33","date_gmt":"2025-09-21T13:56:33","guid":{"rendered":"https:\/\/maisoncleo.com\/?post_type=product&#038;p=392067"},"modified":"2026-03-15T17:36:25","modified_gmt":"2026-03-15T15:36:25","slug":"la-garnoule-blouse-gloria-en-soie-noire-texturee-et-reliefee-copy-2","status":"publish","type":"product","link":"https:\/\/maisoncleo.com\/fr\/shop\/la-garnoule-blouse-gloria-en-soie-noire-texturee-et-reliefee-copy-2\/","title":{"rendered":"LA GARNOULE &#8211; Jupe mi-longue \u00e9vas\u00e9e en coton l\u00e9ger noir"},"content":{"rendered":"<p><span style=\"font-weight: 400;\">Jupe mi-longue \u00e9vas\u00e9e en coton l\u00e9ger noir. Ourlet avec dentelle fran\u00e7aise vintage fleurie volant\u00e9e. Coupe \u00e9vas\u00e9e. Taille \u00e9lastiqu\u00e9e agr\u00e9ment\u00e9 de dentelles 100% coton. Longueur : 72 cm.<\/span><\/p>\n<p><span style=\"font-weight: 400;\">La mod\u00e8le mesure 1,75m et porte une taille 38.<\/span><\/p>\n<p><span style=\"font-weight: 400;\">Comme tout est fabriqu\u00e9 \u00e0 la commande, vous pouvez demander la longueur que vous souhaitez.<\/span><\/p>\n<p>LOOK de notre collection automne hiver \u201cLA GARNOULE\u201d.<\/p>\n","protected":false},"excerpt":{"rendered":"<p>Jupe mi-longue \u00e9vas\u00e9e en coton l\u00e9ger noir. Ourlet avec dentelle fran\u00e7aise vintage fleurie volant\u00e9e. Coupe \u00e9vas\u00e9e. Taille \u00e9lastiqu\u00e9e agr\u00e9ment\u00e9 de dentelles 100%&hellip;<\/p>\n","protected":false},"featured_media":392087,"template":"","meta":[],"product_brand":[],"product_cat":[672,668,661],"product_tag":[],"class_list":{"0":"post-392067","1":"product","2":"type-product","3":"status-publish","4":"has-post-thumbnail","6":"product_cat-jupes","7":"product_cat-capsule","8":"product_cat-tout-voir","10":"first","11":"instock","12":"taxable","13":"shipping-taxable","14":"purchasable","15":"product-type-variable"},"_links":{"self":[{"href":"https:\/\/maisoncleo.com\/fr\/wp-json\/wp\/v2\/product\/392067","targetHints":{"allow":["GET"]}}],"collection":[{"href":"https:\/\/maisoncleo.com\/fr\/wp-json\/wp\/v2\/product"}],"about":[{"href":"https:\/\/maisoncleo.com\/fr\/wp-json\/wp\/v2\/types\/product"}],"version-history":[{"count":1,"href":"https:\/\/maisoncleo.com\/fr\/wp-json\/wp\/v2\/product\/392067\/revisions"}],"predecessor-version":[{"id":392081,"href":"https:\/\/maisoncleo.com\/fr\/wp-json\/wp\/v2\/product\/392067\/revisions\/392081"}],"wp:featuredmedia":[{"embeddable":true,"href":"https:\/\/maisoncleo.com\/fr\/wp-json\/wp\/v2\/media\/392087"}],"wp:attachment":[{"href":"https:\/\/maisoncleo.com\/fr\/wp-json\/wp\/v2\/media?parent=392067"}],"wp:term":[{"taxonomy":"product_brand","embeddable":true,"href":"https:\/\/maisoncleo.com\/fr\/wp-json\/wp\/v2\/product_brand?post=392067"},{"taxonomy":"product_cat","embeddable":true,"href":"https:\/\/maisoncleo.com\/fr\/wp-json\/wp\/v2\/product_cat?post=392067"},{"taxonomy":"product_tag","embeddable":true,"href":"https:\/\/maisoncleo.com\/fr\/wp-json\/wp\/v2\/product_tag?post=392067"}],"curies":[{"name":"wp","href":"https:\/\/api.w.org\/{rel}","templated":true}]}}

LA GARNOULE &#8211; Jupe mi-longue évasée en coton léger noir

<p><span style="font-weight: 400;">Jupe mi-longue évasée en coton léger noir. Ourlet avec dentelle française vintage fleurie volantée. Coupe évasée. Taille élastiquée agrémenté de dentelles 100% coton. Longueur : 72 cm.</span></p>
<p><span style="font-weight: 400;">La modèle mesure 1,75m et porte une taille 38.</span></p>
<p><span style="font-weight: 400;">Comme tout est fabriqué à la commande, vous pouvez demander la longueur que vous souhaitez.</span></p>
<p>LOOK de notre collection automne hiver “LA GARNOULE”.</p>

<p>Jupe mi-longue évasée en coton léger noir. Ourlet avec dentelle française vintage fleurie volantée. Coupe évasée. Taille élastiquée agrémenté de dentelles 100%&hellip;</p>
