{"id":391959,"date":"2025-09-21T15:38:13","date_gmt":"2025-09-21T13:38:13","guid":{"rendered":"https:\/\/maisoncleo.com\/?post_type=product&#038;p=391959"},"modified":"2025-09-21T18:43:36","modified_gmt":"2025-09-21T16:43:36","slug":"la-garnoule-culotte-marron-auburn-en-dentelle-delicate-et-petit-noeud-copy","status":"publish","type":"product","link":"https:\/\/maisoncleo.com\/fr\/shop\/la-garnoule-culotte-marron-auburn-en-dentelle-delicate-et-petit-noeud-copy\/","title":{"rendered":"LA GARNOULE &#8211; Soutien gorge brassi\u00e8re marron auburn en dentelle d\u00e9licate et petit noeud"},"content":{"rendered":"<p><span style=\"font-weight: 400;\">Soutien gorge brassi\u00e8re marron auburn en dentelle d\u00e9licate et petit noeud<\/span><\/p>\n<p><span style=\"font-weight: 400;\">Premi\u00e8re pi\u00e8ce de notre premi\u00e8re collection de lingerie qui sort bient\u00f4t : Voici le premier ensemble qui sied \u00e0 notre nouvelle collection automne hiver!<\/span><\/p>\n<p><span style=\"font-weight: 400;\">Dentelle marron auburn avec motif aux d\u00e9tails d\u00e9licats, bretelles grises ajustables et noeud, \u00e9lastique picot. On adore cette couleur!<\/span><\/p>\n<p><span style=\"font-weight: 400;\">R\u00e9f\u00e9rez-vous \u00e0 notre grille de taille et \u00e0 la mesure de votre tour de poitrine pour savoir quelle taille choisir.<\/span><\/p>\n<p><span style=\"font-weight: 400;\">La mod\u00e8le mesure 1,75m et porte une taille 38.<\/span><\/p>\n<p>LOOK de notre collection automne hiver \u201cLA GARNOULE\u201d.<\/p>\n","protected":false},"excerpt":{"rendered":"<p>Soutien gorge brassi\u00e8re marron auburn en dentelle d\u00e9licate et petit noeud Premi\u00e8re pi\u00e8ce de notre premi\u00e8re collection de lingerie qui sort bient\u00f4t&hellip;<\/p>\n","protected":false},"featured_media":391935,"template":"","meta":[],"product_brand":[],"product_cat":[668,962,661],"product_tag":[],"class_list":{"0":"post-391959","1":"product","2":"type-product","3":"status-publish","4":"has-post-thumbnail","6":"product_cat-capsule","7":"product_cat-sous-vetements-pyjama-selection","8":"product_cat-tout-voir","10":"first","11":"instock","12":"taxable","13":"shipping-taxable","14":"purchasable","15":"product-type-variable"},"_links":{"self":[{"href":"https:\/\/maisoncleo.com\/fr\/wp-json\/wp\/v2\/product\/391959","targetHints":{"allow":["GET"]}}],"collection":[{"href":"https:\/\/maisoncleo.com\/fr\/wp-json\/wp\/v2\/product"}],"about":[{"href":"https:\/\/maisoncleo.com\/fr\/wp-json\/wp\/v2\/types\/product"}],"version-history":[{"count":1,"href":"https:\/\/maisoncleo.com\/fr\/wp-json\/wp\/v2\/product\/391959\/revisions"}],"predecessor-version":[{"id":391973,"href":"https:\/\/maisoncleo.com\/fr\/wp-json\/wp\/v2\/product\/391959\/revisions\/391973"}],"wp:featuredmedia":[{"embeddable":true,"href":"https:\/\/maisoncleo.com\/fr\/wp-json\/wp\/v2\/media\/391935"}],"wp:attachment":[{"href":"https:\/\/maisoncleo.com\/fr\/wp-json\/wp\/v2\/media?parent=391959"}],"wp:term":[{"taxonomy":"product_brand","embeddable":true,"href":"https:\/\/maisoncleo.com\/fr\/wp-json\/wp\/v2\/product_brand?post=391959"},{"taxonomy":"product_cat","embeddable":true,"href":"https:\/\/maisoncleo.com\/fr\/wp-json\/wp\/v2\/product_cat?post=391959"},{"taxonomy":"product_tag","embeddable":true,"href":"https:\/\/maisoncleo.com\/fr\/wp-json\/wp\/v2\/product_tag?post=391959"}],"curies":[{"name":"wp","href":"https:\/\/api.w.org\/{rel}","templated":true}]}}

LA GARNOULE &#8211; Soutien gorge brassière marron auburn en dentelle délicate et petit noeud

<p><span style="font-weight: 400;">Soutien gorge brassière marron auburn en dentelle délicate et petit noeud</span></p>
<p><span style="font-weight: 400;">Première pièce de notre première collection de lingerie qui sort bientôt : Voici le premier ensemble qui sied à notre nouvelle collection automne hiver!</span></p>
<p><span style="font-weight: 400;">Dentelle marron auburn avec motif aux détails délicats, bretelles grises ajustables et noeud, élastique picot. On adore cette couleur!</span></p>
<p><span style="font-weight: 400;">Référez-vous à notre grille de taille et à la mesure de votre tour de poitrine pour savoir quelle taille choisir.</span></p>
<p><span style="font-weight: 400;">La modèle mesure 1,75m et porte une taille 38.</span></p>
<p>LOOK de notre collection automne hiver “LA GARNOULE”.</p>

<p>Soutien gorge brassière marron auburn en dentelle délicate et petit noeud Première pièce de notre première collection de lingerie qui sort bientôt&hellip;</p>
