{"id":391318,"date":"2025-09-21T13:35:09","date_gmt":"2025-09-21T11:35:09","guid":{"rendered":"https:\/\/maisoncleo.com\/?post_type=product&#038;p=391318"},"modified":"2025-09-21T18:39:17","modified_gmt":"2025-09-21T16:39:17","slug":"la-garnoule-robe-louise-en-tweed-de-coton-et-laine-blanc-casse-volantee-copy","status":"publish","type":"product","link":"https:\/\/maisoncleo.com\/fr\/shop\/la-garnoule-robe-louise-en-tweed-de-coton-et-laine-blanc-casse-volantee-copy\/","title":{"rendered":"LA GARNOULE &#8211; Robe longue Jimena en mousseline de soie d\u00e9vor\u00e9e fleurie beige"},"content":{"rendered":"<p><span style=\"font-weight: 400;\">Un superbe tissu en d\u00e9vor\u00e9 de mousseline soie avec fleurs en relief, coupe fluide et \u00e9vas\u00e9e, fines bretelles. Doubl\u00e9e avec de la mousseline de soie cr\u00e8me pour un rendu opaque. Longueur : 118 cm en partant du d\u00e9collet\u00e9 (bretelles exclues).<\/span><\/p>\n<p><span style=\"font-weight: 400;\">La mod\u00e8le mesure 1,75m et porte une taille 38.<\/span><\/p>\n<p><span style=\"font-weight: 400;\">Comme tout est fabriqu\u00e9 \u00e0 la commande, vous pouvez demander la longueur que vous souhaitez.<\/span><\/p>\n<p>LOOK de notre collection automne hiver \u201cLA GARNOULE\u201d.<\/p>\n","protected":false},"excerpt":{"rendered":"<p>Un superbe tissu en d\u00e9vor\u00e9 de mousseline soie avec fleurs en relief, coupe fluide et \u00e9vas\u00e9e, fines bretelles. Doubl\u00e9e avec de la&hellip;<\/p>\n","protected":false},"featured_media":391328,"template":"","meta":[],"product_brand":[],"product_cat":[958,668,664,661],"product_tag":[],"class_list":{"0":"post-391318","1":"product","2":"type-product","3":"status-publish","4":"has-post-thumbnail","6":"product_cat-mariage-selection","7":"product_cat-capsule","8":"product_cat-robes","9":"product_cat-tout-voir","11":"first","12":"instock","13":"taxable","14":"shipping-taxable","15":"purchasable","16":"product-type-variable"},"_links":{"self":[{"href":"https:\/\/maisoncleo.com\/fr\/wp-json\/wp\/v2\/product\/391318","targetHints":{"allow":["GET"]}}],"collection":[{"href":"https:\/\/maisoncleo.com\/fr\/wp-json\/wp\/v2\/product"}],"about":[{"href":"https:\/\/maisoncleo.com\/fr\/wp-json\/wp\/v2\/types\/product"}],"version-history":[{"count":1,"href":"https:\/\/maisoncleo.com\/fr\/wp-json\/wp\/v2\/product\/391318\/revisions"}],"predecessor-version":[{"id":391344,"href":"https:\/\/maisoncleo.com\/fr\/wp-json\/wp\/v2\/product\/391318\/revisions\/391344"}],"wp:featuredmedia":[{"embeddable":true,"href":"https:\/\/maisoncleo.com\/fr\/wp-json\/wp\/v2\/media\/391328"}],"wp:attachment":[{"href":"https:\/\/maisoncleo.com\/fr\/wp-json\/wp\/v2\/media?parent=391318"}],"wp:term":[{"taxonomy":"product_brand","embeddable":true,"href":"https:\/\/maisoncleo.com\/fr\/wp-json\/wp\/v2\/product_brand?post=391318"},{"taxonomy":"product_cat","embeddable":true,"href":"https:\/\/maisoncleo.com\/fr\/wp-json\/wp\/v2\/product_cat?post=391318"},{"taxonomy":"product_tag","embeddable":true,"href":"https:\/\/maisoncleo.com\/fr\/wp-json\/wp\/v2\/product_tag?post=391318"}],"curies":[{"name":"wp","href":"https:\/\/api.w.org\/{rel}","templated":true}]}}

LA GARNOULE &#8211; Robe longue Jimena en mousseline de soie dévorée fleurie beige

<p><span style="font-weight: 400;">Un superbe tissu en dévoré de mousseline soie avec fleurs en relief, coupe fluide et évasée, fines bretelles. Doublée avec de la mousseline de soie crème pour un rendu opaque. Longueur : 118 cm en partant du décolleté (bretelles exclues).</span></p>
<p><span style="font-weight: 400;">La modèle mesure 1,75m et porte une taille 38.</span></p>
<p><span style="font-weight: 400;">Comme tout est fabriqué à la commande, vous pouvez demander la longueur que vous souhaitez.</span></p>
<p>LOOK de notre collection automne hiver “LA GARNOULE”.</p>

<p>Un superbe tissu en dévoré de mousseline soie avec fleurs en relief, coupe fluide et évasée, fines bretelles. Doublée avec de la&hellip;</p>
