{"id":388372,"date":"2025-06-18T12:40:49","date_gmt":"2025-06-18T10:40:50","guid":{"rendered":"https:\/\/maisoncleo.com\/?post_type=product&#038;p=388372"},"modified":"2025-06-20T11:16:57","modified_gmt":"2025-06-20T09:16:57","slug":"la-gatee-robe-morane-en-coton-a-carreaux-rouge-avec-broderies-cerises-copy","status":"publish","type":"product","link":"https:\/\/maisoncleo.com\/fr\/shop\/la-gatee-robe-morane-en-coton-a-carreaux-rouge-avec-broderies-cerises-copy\/","title":{"rendered":"LA G\u00c2T\u00c9E &#8211; Robe longue fleurie avec col rond et manches bouffantes"},"content":{"rendered":"<p><span style=\"font-weight: 400;\">Robe longue fleurie, ajust\u00e9e dans le haut et \u00e9vas\u00e9e dans le bas, col haut arrondi, petites manches bouffantes, fermeture \u00e9clair invisible dans le dos. Tissus fleuris proven\u00e7aux. 100% coton. La premier look de notre d\u00e9fil\u00e9 printemps-\u00e9t\u00e9 2025 et l\u2019un de nos pr\u00e9f\u00e9r\u00e9s! La mod\u00e8le mesure 1m73 et porte une taille S\/36.<\/span><\/p>\n<p>La robe mesure 140 cm de long. Comme nous fabriquons \u00e0 la commande, vous pouvez demander la longueur que vous souhaitez dans la case commentaires au moment au panier.<\/p>\n<p><span style=\"font-weight: 400;\">Look faisant partie de notre d\u00e9fil\u00e9 printemps-\u00e9t\u00e9 2025 \u201cLa G\u00e2t\u00e9e\u201d pr\u00e9sent\u00e9 \u00e0 Marseille le 9 Juin lors de la Slow Fashion Week, ode au Sud de la France et \u00e0 l\u2019esprit proven\u00e7al. <\/span><\/p>\n","protected":false},"excerpt":{"rendered":"<p>Robe longue fleurie, ajust\u00e9e dans le haut et \u00e9vas\u00e9e dans le bas, col haut arrondi, petites manches bouffantes, fermeture \u00e9clair invisible dans&hellip;<\/p>\n","protected":false},"featured_media":388380,"template":"","meta":[],"product_brand":[],"product_cat":[671,668,664,661],"product_tag":[],"class_list":{"0":"post-388372","1":"product","2":"type-product","3":"status-publish","4":"has-post-thumbnail","6":"product_cat-defiles","7":"product_cat-capsule","8":"product_cat-robes","9":"product_cat-tout-voir","11":"first","12":"instock","13":"taxable","14":"shipping-taxable","15":"purchasable","16":"product-type-variable"},"_links":{"self":[{"href":"https:\/\/maisoncleo.com\/fr\/wp-json\/wp\/v2\/product\/388372","targetHints":{"allow":["GET"]}}],"collection":[{"href":"https:\/\/maisoncleo.com\/fr\/wp-json\/wp\/v2\/product"}],"about":[{"href":"https:\/\/maisoncleo.com\/fr\/wp-json\/wp\/v2\/types\/product"}],"version-history":[{"count":2,"href":"https:\/\/maisoncleo.com\/fr\/wp-json\/wp\/v2\/product\/388372\/revisions"}],"predecessor-version":[{"id":388517,"href":"https:\/\/maisoncleo.com\/fr\/wp-json\/wp\/v2\/product\/388372\/revisions\/388517"}],"wp:featuredmedia":[{"embeddable":true,"href":"https:\/\/maisoncleo.com\/fr\/wp-json\/wp\/v2\/media\/388380"}],"wp:attachment":[{"href":"https:\/\/maisoncleo.com\/fr\/wp-json\/wp\/v2\/media?parent=388372"}],"wp:term":[{"taxonomy":"product_brand","embeddable":true,"href":"https:\/\/maisoncleo.com\/fr\/wp-json\/wp\/v2\/product_brand?post=388372"},{"taxonomy":"product_cat","embeddable":true,"href":"https:\/\/maisoncleo.com\/fr\/wp-json\/wp\/v2\/product_cat?post=388372"},{"taxonomy":"product_tag","embeddable":true,"href":"https:\/\/maisoncleo.com\/fr\/wp-json\/wp\/v2\/product_tag?post=388372"}],"curies":[{"name":"wp","href":"https:\/\/api.w.org\/{rel}","templated":true}]}}

LA GÂTÉE &#8211; Robe longue fleurie avec col rond et manches bouffantes

<p><span style="font-weight: 400;">Robe longue fleurie, ajustée dans le haut et évasée dans le bas, col haut arrondi, petites manches bouffantes, fermeture éclair invisible dans le dos. Tissus fleuris provençaux. 100% coton. La premier look de notre défilé printemps-été 2025 et l’un de nos préférés! La modèle mesure 1m73 et porte une taille S/36.</span></p>
<p>La robe mesure 140 cm de long. Comme nous fabriquons à la commande, vous pouvez demander la longueur que vous souhaitez dans la case commentaires au moment au panier.</p>
<p><span style="font-weight: 400;">Look faisant partie de notre défilé printemps-été 2025 “La Gâtée” présenté à Marseille le 9 Juin lors de la Slow Fashion Week, ode au Sud de la France et à l’esprit provençal. </span></p>

<p>Robe longue fleurie, ajustée dans le haut et évasée dans le bas, col haut arrondi, petites manches bouffantes, fermeture éclair invisible dans&hellip;</p>
