{"id":388179,"date":"2025-06-18T12:00:15","date_gmt":"2025-06-18T10:00:16","guid":{"rendered":"https:\/\/maisoncleo.com\/?post_type=product&#038;p=388179"},"modified":"2025-06-18T16:35:46","modified_gmt":"2025-06-18T14:35:46","slug":"la-gatee-jupe-longue-fleurie-provencale-copy","status":"publish","type":"product","link":"https:\/\/maisoncleo.com\/fr\/shop\/la-gatee-jupe-longue-fleurie-provencale-copy\/","title":{"rendered":"LA G\u00c2T\u00c9E &#8211; Jupe TEILA en coton beige trap\u00e8ze d\u00e9tail bouton nacr\u00e9"},"content":{"rendered":"<p><span style=\"font-weight: 400;\">Jupe TEILA en coton beige, trap\u00e8ze, taille haute, fermeture \u00e9clair dans le dos. La mod\u00e8le mesure 1m73 et porte une taille S\/36.<\/span><\/p>\n<p><span style=\"font-weight: 400;\">Look faisant partie de notre d\u00e9fil\u00e9 printemps-\u00e9t\u00e9 2025 \u201cLa G\u00e2t\u00e9e\u201d pr\u00e9sent\u00e9 \u00e0 Marseille le 9 Juin lors de la Slow Fashion Week, ode au Sud de la France et \u00e0 l\u2019esprit proven\u00e7al. <\/span><\/p>\n","protected":false},"excerpt":{"rendered":"<p>Jupe TEILA en coton beige, trap\u00e8ze, taille haute, fermeture \u00e9clair dans le dos. La mod\u00e8le mesure 1m73 et porte une taille S\/36.&hellip;<\/p>\n","protected":false},"featured_media":388195,"template":"","meta":[],"product_brand":[],"product_cat":[671,672,668,661],"product_tag":[],"class_list":{"0":"post-388179","1":"product","2":"type-product","3":"status-publish","4":"has-post-thumbnail","6":"product_cat-defiles","7":"product_cat-jupes","8":"product_cat-capsule","9":"product_cat-tout-voir","11":"first","12":"instock","13":"taxable","14":"shipping-taxable","15":"purchasable","16":"product-type-variable"},"_links":{"self":[{"href":"https:\/\/maisoncleo.com\/fr\/wp-json\/wp\/v2\/product\/388179","targetHints":{"allow":["GET"]}}],"collection":[{"href":"https:\/\/maisoncleo.com\/fr\/wp-json\/wp\/v2\/product"}],"about":[{"href":"https:\/\/maisoncleo.com\/fr\/wp-json\/wp\/v2\/types\/product"}],"version-history":[{"count":1,"href":"https:\/\/maisoncleo.com\/fr\/wp-json\/wp\/v2\/product\/388179\/revisions"}],"predecessor-version":[{"id":388214,"href":"https:\/\/maisoncleo.com\/fr\/wp-json\/wp\/v2\/product\/388179\/revisions\/388214"}],"wp:featuredmedia":[{"embeddable":true,"href":"https:\/\/maisoncleo.com\/fr\/wp-json\/wp\/v2\/media\/388195"}],"wp:attachment":[{"href":"https:\/\/maisoncleo.com\/fr\/wp-json\/wp\/v2\/media?parent=388179"}],"wp:term":[{"taxonomy":"product_brand","embeddable":true,"href":"https:\/\/maisoncleo.com\/fr\/wp-json\/wp\/v2\/product_brand?post=388179"},{"taxonomy":"product_cat","embeddable":true,"href":"https:\/\/maisoncleo.com\/fr\/wp-json\/wp\/v2\/product_cat?post=388179"},{"taxonomy":"product_tag","embeddable":true,"href":"https:\/\/maisoncleo.com\/fr\/wp-json\/wp\/v2\/product_tag?post=388179"}],"curies":[{"name":"wp","href":"https:\/\/api.w.org\/{rel}","templated":true}]}}

LA GÂTÉE &#8211; Jupe TEILA en coton beige trapèze détail bouton nacré

<p><span style="font-weight: 400;">Jupe TEILA en coton beige, trapèze, taille haute, fermeture éclair dans le dos. La modèle mesure 1m73 et porte une taille S/36.</span></p>
<p><span style="font-weight: 400;">Look faisant partie de notre défilé printemps-été 2025 “La Gâtée” présenté à Marseille le 9 Juin lors de la Slow Fashion Week, ode au Sud de la France et à l’esprit provençal. </span></p>

<p>Jupe TEILA en coton beige, trapèze, taille haute, fermeture éclair dans le dos. La modèle mesure 1m73 et porte une taille S/36.&hellip;</p>
