{"id":388113,"date":"2025-06-18T11:51:04","date_gmt":"2025-06-18T09:51:05","guid":{"rendered":"https:\/\/maisoncleo.com\/?post_type=product&#038;p=388113"},"modified":"2025-06-18T16:31:57","modified_gmt":"2025-06-18T14:31:57","slug":"la-gatee-jupe-longue-fleurie-provencale-copy-2","status":"publish","type":"product","link":"https:\/\/maisoncleo.com\/fr\/shop\/la-gatee-jupe-longue-fleurie-provencale-copy-2\/","title":{"rendered":"LA G\u00c2T\u00c9E &#8211; Crop top fleuri en coton avec d\u00e9collet\u00e9 carr\u00e9"},"content":{"rendered":"<p><span style=\"font-weight: 400;\">Crop top fleuri avec d\u00e9collet\u00e9 carr\u00e9, lien \u00e0 nouer sur le devant, manches longues bouffantes, \u00e9lastiqu\u00e9 en dessous de la poitrine. Tissu fleuri proven\u00e7al. 100% coton. La mod\u00e8le mesure 1m73 et porte une taille S\/36. Si vous souhaitez avoir une longueur \u00e0 la taille, vous pouvez commander l\u2019option sur-mesure et indiquer dans les commentaires au moment du panier que vous le souhaitez plus long. <\/span><\/p>\n<p><span style=\"font-weight: 400;\">Look faisant partie de notre d\u00e9fil\u00e9 printemps-\u00e9t\u00e9 2025 \u201cLa G\u00e2t\u00e9e\u201d pr\u00e9sent\u00e9 \u00e0 Marseille le 9 Juin lors de la Slow Fashion Week, ode au Sud de la France et \u00e0 l\u2019esprit proven\u00e7al. <\/span><\/p>\n","protected":false},"excerpt":{"rendered":"<p>Crop top fleuri avec d\u00e9collet\u00e9 carr\u00e9, lien \u00e0 nouer sur le devant, manches longues bouffantes, \u00e9lastiqu\u00e9 en dessous de la poitrine. Tissu&hellip;<\/p>\n","protected":false},"featured_media":388091,"template":"","meta":[],"product_brand":[],"product_cat":[663,671,668,674,661],"product_tag":[],"class_list":{"0":"post-388113","1":"product","2":"type-product","3":"status-publish","4":"has-post-thumbnail","6":"product_cat-blouses","7":"product_cat-defiles","8":"product_cat-capsule","9":"product_cat-tops","10":"product_cat-tout-voir","12":"first","13":"instock","14":"taxable","15":"shipping-taxable","16":"purchasable","17":"product-type-variable"},"_links":{"self":[{"href":"https:\/\/maisoncleo.com\/fr\/wp-json\/wp\/v2\/product\/388113","targetHints":{"allow":["GET"]}}],"collection":[{"href":"https:\/\/maisoncleo.com\/fr\/wp-json\/wp\/v2\/product"}],"about":[{"href":"https:\/\/maisoncleo.com\/fr\/wp-json\/wp\/v2\/types\/product"}],"version-history":[{"count":1,"href":"https:\/\/maisoncleo.com\/fr\/wp-json\/wp\/v2\/product\/388113\/revisions"}],"predecessor-version":[{"id":388127,"href":"https:\/\/maisoncleo.com\/fr\/wp-json\/wp\/v2\/product\/388113\/revisions\/388127"}],"wp:featuredmedia":[{"embeddable":true,"href":"https:\/\/maisoncleo.com\/fr\/wp-json\/wp\/v2\/media\/388091"}],"wp:attachment":[{"href":"https:\/\/maisoncleo.com\/fr\/wp-json\/wp\/v2\/media?parent=388113"}],"wp:term":[{"taxonomy":"product_brand","embeddable":true,"href":"https:\/\/maisoncleo.com\/fr\/wp-json\/wp\/v2\/product_brand?post=388113"},{"taxonomy":"product_cat","embeddable":true,"href":"https:\/\/maisoncleo.com\/fr\/wp-json\/wp\/v2\/product_cat?post=388113"},{"taxonomy":"product_tag","embeddable":true,"href":"https:\/\/maisoncleo.com\/fr\/wp-json\/wp\/v2\/product_tag?post=388113"}],"curies":[{"name":"wp","href":"https:\/\/api.w.org\/{rel}","templated":true}]}}

LA GÂTÉE &#8211; Crop top fleuri en coton avec décolleté carré

<p><span style="font-weight: 400;">Crop top fleuri avec décolleté carré, lien à nouer sur le devant, manches longues bouffantes, élastiqué en dessous de la poitrine. Tissu fleuri provençal. 100% coton. La modèle mesure 1m73 et porte une taille S/36. Si vous souhaitez avoir une longueur à la taille, vous pouvez commander l’option sur-mesure et indiquer dans les commentaires au moment du panier que vous le souhaitez plus long. </span></p>
<p><span style="font-weight: 400;">Look faisant partie de notre défilé printemps-été 2025 “La Gâtée” présenté à Marseille le 9 Juin lors de la Slow Fashion Week, ode au Sud de la France et à l’esprit provençal. </span></p>

<p>Crop top fleuri avec décolleté carré, lien à nouer sur le devant, manches longues bouffantes, élastiqué en dessous de la poitrine. Tissu&hellip;</p>
