{"id":385707,"date":"2025-04-13T13:00:49","date_gmt":"2025-04-13T11:00:49","guid":{"rendered":"https:\/\/maisoncleo.com\/shop\/pantalon-capri-lana-a-imprime-floral-abstrait\/"},"modified":"2025-06-05T12:12:56","modified_gmt":"2025-06-05T10:12:56","slug":"pantalon-capri-lana-a-imprime-floral-abstrait","status":"publish","type":"product","link":"https:\/\/maisoncleo.com\/fr\/shop\/pantalon-capri-lana-a-imprime-floral-abstrait\/","title":{"rendered":"Pantalon capri Lana \u00e0 imprim\u00e9 floral abstrait"},"content":{"rendered":"<p>Notre imprim\u00e9 pr\u00e9f\u00e9r\u00e9 de cet \u00e9t\u00e9 qui n&rsquo;a rien \u00e0 envier aux imprim\u00e9s des ann\u00e9es 90! Motif abstrait fleuri dans les couleurs blanc, vert et bleu.<\/p>\n<p>Pantalon capri taille haute en coton, passants, fentes dans le bas de chaque c\u00f4t\u00e9. Le tissu est l\u00e9g\u00e8rement stretch et tr\u00e8s agr\u00e9able \u00e0 porter.<\/p>\n<p>Longueur : 83 cm. La mod\u00e8le mesure 1m68 et porte une taille 34.<\/p>\n","protected":false},"excerpt":{"rendered":"<p>Notre imprim\u00e9 pr\u00e9f\u00e9r\u00e9 de cet \u00e9t\u00e9 qui n&rsquo;a rien \u00e0 envier aux imprim\u00e9s des ann\u00e9es 90! Motif abstrait fleuri dans les couleurs&hellip;<\/p>\n","protected":false},"featured_media":385510,"template":"","meta":[],"product_brand":[],"product_cat":[668,675,661],"product_tag":[],"class_list":{"0":"post-385707","1":"product","2":"type-product","3":"status-publish","4":"has-post-thumbnail","6":"product_cat-capsule","7":"product_cat-pantalons-shorts","8":"product_cat-tout-voir","9":"pa_taille-l-40-2","10":"pa_taille-m-38-2","11":"pa_taille-s-36-2","12":"pa_taille-sur-mesure-fr-2","13":"pa_taille-xl-42-fr-2","14":"pa_taille-xs-34-2","16":"first","17":"instock","18":"taxable","19":"shipping-taxable","20":"purchasable","21":"product-type-variable"},"_links":{"self":[{"href":"https:\/\/maisoncleo.com\/fr\/wp-json\/wp\/v2\/product\/385707","targetHints":{"allow":["GET"]}}],"collection":[{"href":"https:\/\/maisoncleo.com\/fr\/wp-json\/wp\/v2\/product"}],"about":[{"href":"https:\/\/maisoncleo.com\/fr\/wp-json\/wp\/v2\/types\/product"}],"version-history":[{"count":1,"href":"https:\/\/maisoncleo.com\/fr\/wp-json\/wp\/v2\/product\/385707\/revisions"}],"predecessor-version":[{"id":385714,"href":"https:\/\/maisoncleo.com\/fr\/wp-json\/wp\/v2\/product\/385707\/revisions\/385714"}],"wp:featuredmedia":[{"embeddable":true,"href":"https:\/\/maisoncleo.com\/fr\/wp-json\/wp\/v2\/media\/385510"}],"wp:attachment":[{"href":"https:\/\/maisoncleo.com\/fr\/wp-json\/wp\/v2\/media?parent=385707"}],"wp:term":[{"taxonomy":"product_brand","embeddable":true,"href":"https:\/\/maisoncleo.com\/fr\/wp-json\/wp\/v2\/product_brand?post=385707"},{"taxonomy":"product_cat","embeddable":true,"href":"https:\/\/maisoncleo.com\/fr\/wp-json\/wp\/v2\/product_cat?post=385707"},{"taxonomy":"product_tag","embeddable":true,"href":"https:\/\/maisoncleo.com\/fr\/wp-json\/wp\/v2\/product_tag?post=385707"}],"curies":[{"name":"wp","href":"https:\/\/api.w.org\/{rel}","templated":true}]}}

Pantalon capri Lana à imprimé floral abstrait

<p>Notre imprimé préféré de cet été qui n&rsquo;a rien à envier aux imprimés des années 90! Motif abstrait fleuri dans les couleurs blanc, vert et bleu.</p>
<p>Pantalon capri taille haute en coton, passants, fentes dans le bas de chaque côté. Le tissu est légèrement stretch et très agréable à porter.</p>
<p>Longueur : 83 cm. La modèle mesure 1m68 et porte une taille 34.</p>

<p>Notre imprimé préféré de cet été qui n&rsquo;a rien à envier aux imprimés des années 90! Motif abstrait fleuri dans les couleurs&hellip;</p>
