{"id":379132,"date":"2024-12-31T20:56:57","date_gmt":"2024-12-31T18:56:57","guid":{"rendered":"https:\/\/maisoncleo.com\/?post_type=product&#038;p=379132"},"modified":"2024-12-31T20:59:23","modified_gmt":"2024-12-31T18:59:23","slug":"fw22-runway-look-11-mini-jupe-portefeuille-en-jean-avec-ceinture-en-cuir-et-dentelle-de-calais-elsa-copy","status":"publish","type":"product","link":"https:\/\/maisoncleo.com\/fr\/shop\/fw22-runway-look-11-mini-jupe-portefeuille-en-jean-avec-ceinture-en-cuir-et-dentelle-de-calais-elsa-copy\/","title":{"rendered":"READY-TO-SHIP &#8211; Mini-jupe portefeuille en jean avec ceinture en cuir et dentelle de Calais ELSA"},"content":{"rendered":"<p>Mini-jupe portefeuille en jean fonc\u00e9 avec ceinture en faux cuir marron et dentelle marron de Calais en bordure.\u00a0Taille basse, deux boutons pressions \u00e0 l&rsquo;int\u00e9rieur pour la fermer sur le devant, fentes arrondies sur les c\u00f4t\u00e9s. 100% coton.<\/p>\n<p>Longueur standard \u00e0 plat : 33 cm.<\/p>\n<p>LOOK 11 de notre d\u00e9fil\u00e9 automne hiver \u00ab\u00a0L&rsquo;Affranchie\u00a0\u00bb de septembre 2022.<\/p>\n<p>La mod\u00e8le mesure 172 cm et porte une taille S-36.<\/p>\n","protected":false},"excerpt":{"rendered":"<p>Mini-jupe portefeuille en jean fonc\u00e9 avec ceinture en faux cuir marron et dentelle marron de Calais en bordure.\u00a0Taille basse, deux boutons pressions&hellip;<\/p>\n","protected":false},"featured_media":344874,"template":"","meta":[],"product_brand":[],"product_cat":[913],"product_tag":[],"class_list":{"0":"post-379132","1":"product","2":"type-product","3":"status-publish","4":"has-post-thumbnail","6":"product_cat-ready-to-ship","8":"first","9":"instock","10":"taxable","11":"shipping-taxable","12":"purchasable","13":"product-type-variable"},"_links":{"self":[{"href":"https:\/\/maisoncleo.com\/fr\/wp-json\/wp\/v2\/product\/379132","targetHints":{"allow":["GET"]}}],"collection":[{"href":"https:\/\/maisoncleo.com\/fr\/wp-json\/wp\/v2\/product"}],"about":[{"href":"https:\/\/maisoncleo.com\/fr\/wp-json\/wp\/v2\/types\/product"}],"version-history":[{"count":2,"href":"https:\/\/maisoncleo.com\/fr\/wp-json\/wp\/v2\/product\/379132\/revisions"}],"predecessor-version":[{"id":379142,"href":"https:\/\/maisoncleo.com\/fr\/wp-json\/wp\/v2\/product\/379132\/revisions\/379142"}],"wp:featuredmedia":[{"embeddable":true,"href":"https:\/\/maisoncleo.com\/fr\/wp-json\/wp\/v2\/media\/344874"}],"wp:attachment":[{"href":"https:\/\/maisoncleo.com\/fr\/wp-json\/wp\/v2\/media?parent=379132"}],"wp:term":[{"taxonomy":"product_brand","embeddable":true,"href":"https:\/\/maisoncleo.com\/fr\/wp-json\/wp\/v2\/product_brand?post=379132"},{"taxonomy":"product_cat","embeddable":true,"href":"https:\/\/maisoncleo.com\/fr\/wp-json\/wp\/v2\/product_cat?post=379132"},{"taxonomy":"product_tag","embeddable":true,"href":"https:\/\/maisoncleo.com\/fr\/wp-json\/wp\/v2\/product_tag?post=379132"}],"curies":[{"name":"wp","href":"https:\/\/api.w.org\/{rel}","templated":true}]}}

<p>Mini-jupe portefeuille en jean foncé avec ceinture en faux cuir marron et dentelle marron de Calais en bordure. Taille basse, deux boutons pressions à l&rsquo;intérieur pour la fermer sur le devant, fentes arrondies sur les côtés. 100% coton.</p>
<p>Longueur standard à plat : 33 cm.</p>
<p>LOOK 11 de notre défilé automne hiver « L&rsquo;Affranchie » de septembre 2022.</p>
<p>La modèle mesure 172 cm et porte une taille S-36.</p>

<p>Mini-jupe portefeuille en jean foncé avec ceinture en faux cuir marron et dentelle marron de Calais en bordure. Taille basse, deux boutons pressions&hellip;</p>
