{"id":370897,"date":"2024-10-08T14:48:07","date_gmt":"2024-10-07T13:32:07","guid":{"rendered":"https:\/\/maisoncleo.com\/?post_type=product&#038;p=370897"},"modified":"2024-10-14T11:03:14","modified_gmt":"2024-10-14T09:03:14","slug":"gilet-cintre-boutonne-en-tweed-sally","status":"publish","type":"product","link":"https:\/\/maisoncleo.com\/fr\/shop\/gilet-cintre-boutonne-en-tweed-sally\/","title":{"rendered":"Gilet cintr\u00e9 boutonn\u00e9 en tweed SALLY"},"content":{"rendered":"<p><span style=\"font-weight: 400;\">Gilet cintr\u00e9 bouttonn\u00e9 en tweed \u00e0 carreaux jaunes, orang\u00e9 et blanc, coupe ajust\u00e9e, d\u00e9collet\u00e9 carr\u00e9, trois boutons en velours noir, doubl\u00e9e en satin de soie \u00e9crue.<\/span><\/p>\n<p><span style=\"font-weight: 400;\">A porter seul ou au-dessus d\u2019une chemise.<\/span><\/p>\n<p><span style=\"font-weight: 400;\">Longueur : 37 cm.<\/span><\/p>\n<p><span style=\"font-weight: 400;\">La mod\u00e8le mesure 1,72 m.<\/span><\/p>\n","protected":false},"excerpt":{"rendered":"<p>Gilet cintr\u00e9 bouttonn\u00e9 en tweed \u00e0 carreaux jaunes, orang\u00e9 et blanc, coupe ajust\u00e9e, d\u00e9collet\u00e9 carr\u00e9, trois boutons en velours noir, doubl\u00e9e en&hellip;<\/p>\n","protected":false},"featured_media":371523,"template":"","meta":[],"product_brand":[],"product_cat":[683,668,661],"product_tag":[],"class_list":{"0":"post-370897","1":"product","2":"type-product","3":"status-publish","4":"has-post-thumbnail","6":"product_cat-cardigans","7":"product_cat-capsule","8":"product_cat-tout-voir","10":"first","11":"instock","12":"taxable","13":"shipping-taxable","14":"purchasable","15":"product-type-variable"},"_links":{"self":[{"href":"https:\/\/maisoncleo.com\/fr\/wp-json\/wp\/v2\/product\/370897","targetHints":{"allow":["GET"]}}],"collection":[{"href":"https:\/\/maisoncleo.com\/fr\/wp-json\/wp\/v2\/product"}],"about":[{"href":"https:\/\/maisoncleo.com\/fr\/wp-json\/wp\/v2\/types\/product"}],"version-history":[{"count":1,"href":"https:\/\/maisoncleo.com\/fr\/wp-json\/wp\/v2\/product\/370897\/revisions"}],"predecessor-version":[{"id":370902,"href":"https:\/\/maisoncleo.com\/fr\/wp-json\/wp\/v2\/product\/370897\/revisions\/370902"}],"wp:featuredmedia":[{"embeddable":true,"href":"https:\/\/maisoncleo.com\/fr\/wp-json\/wp\/v2\/media\/371523"}],"wp:attachment":[{"href":"https:\/\/maisoncleo.com\/fr\/wp-json\/wp\/v2\/media?parent=370897"}],"wp:term":[{"taxonomy":"product_brand","embeddable":true,"href":"https:\/\/maisoncleo.com\/fr\/wp-json\/wp\/v2\/product_brand?post=370897"},{"taxonomy":"product_cat","embeddable":true,"href":"https:\/\/maisoncleo.com\/fr\/wp-json\/wp\/v2\/product_cat?post=370897"},{"taxonomy":"product_tag","embeddable":true,"href":"https:\/\/maisoncleo.com\/fr\/wp-json\/wp\/v2\/product_tag?post=370897"}],"curies":[{"name":"wp","href":"https:\/\/api.w.org\/{rel}","templated":true}]}}

Gilet cintré boutonné en tweed SALLY

<p><span style="font-weight: 400;">Gilet cintré bouttonné en tweed à carreaux jaunes, orangé et blanc, coupe ajustée, décolleté carré, trois boutons en velours noir, doublée en satin de soie écrue.</span></p>
<p><span style="font-weight: 400;">A porter seul ou au-dessus d’une chemise.</span></p>
<p><span style="font-weight: 400;">Longueur : 37 cm.</span></p>
<p><span style="font-weight: 400;">La modèle mesure 1,72 m.</span></p>

<p>Gilet cintré bouttonné en tweed à carreaux jaunes, orangé et blanc, coupe ajustée, décolleté carré, trois boutons en velours noir, doublée en&hellip;</p>
