{"id":369609,"date":"2024-09-10T13:02:04","date_gmt":"2024-09-10T11:02:04","guid":{"rendered":"https:\/\/maisoncleo.com\/\/?post_type=product&#038;p=369609"},"modified":"2025-09-18T11:51:40","modified_gmt":"2025-09-18T09:51:40","slug":"blouse-delicate-en-coton-blanc-et-dentelle-de-calais-roses-avec-col-version-vii","status":"publish","type":"product","link":"https:\/\/maisoncleo.com\/fr\/shop\/blouse-delicate-en-coton-blanc-et-dentelle-de-calais-roses-avec-col-version-vii\/","title":{"rendered":"Blouse d\u00e9licate en coton blanc et dentelle de Calais roses avec col version VII"},"content":{"rendered":"<p>Blouse en coton blanc et dentelle broderies de Calais avec col dentell\u00e9 et grosses fleurs.<\/p>\n<p>Grand col Claudine, bords p\u00e9tales en dentelle. Trois liens sur le devant. Manches bouffantes, bords dentelle. Ennoblie d&rsquo;une d\u00e9licate dentelle \u00e0 motif de fleurs.<\/p>\n<p>\u00c0 croquer! Nouvelle version avec une sublime dentelle avec travail de petites fleurs et ajour\u00e9es sur la poitrine. Dentelle de Calais.<\/p>\n<p>Longueur \u00e0 plat: 44 cm.<\/p>\n<p>La mod\u00e8le mesure 1m70 et porte une taille S\/36.<\/p>\n<p>Nous n\u2019avons plus la dentelle fleurie visible sur les premi\u00e8res photos, elle est maintenant remplac\u00e9e par l\u2019autre dentelle fleurie que vous pouvez voir sur la derni\u00e8re photo &lt;3<\/p>\n","protected":false},"excerpt":{"rendered":"<p>Blouse en coton blanc et dentelle broderies de Calais avec col dentell\u00e9 et grosses fleurs. Grand col Claudine, bords p\u00e9tales en dentelle.&hellip;<\/p>\n","protected":false},"featured_media":358373,"template":"","meta":[],"product_brand":[],"product_cat":[663,668,674,661],"product_tag":[],"class_list":{"0":"post-369609","1":"product","2":"type-product","3":"status-publish","4":"has-post-thumbnail","6":"product_cat-blouses","7":"product_cat-capsule","8":"product_cat-tops","9":"product_cat-tout-voir","11":"first","12":"instock","13":"taxable","14":"shipping-taxable","15":"purchasable","16":"product-type-variable","17":"has-default-attributes"},"_links":{"self":[{"href":"https:\/\/maisoncleo.com\/fr\/wp-json\/wp\/v2\/product\/369609","targetHints":{"allow":["GET"]}}],"collection":[{"href":"https:\/\/maisoncleo.com\/fr\/wp-json\/wp\/v2\/product"}],"about":[{"href":"https:\/\/maisoncleo.com\/fr\/wp-json\/wp\/v2\/types\/product"}],"version-history":[{"count":2,"href":"https:\/\/maisoncleo.com\/fr\/wp-json\/wp\/v2\/product\/369609\/revisions"}],"predecessor-version":[{"id":391198,"href":"https:\/\/maisoncleo.com\/fr\/wp-json\/wp\/v2\/product\/369609\/revisions\/391198"}],"wp:featuredmedia":[{"embeddable":true,"href":"https:\/\/maisoncleo.com\/fr\/wp-json\/wp\/v2\/media\/358373"}],"wp:attachment":[{"href":"https:\/\/maisoncleo.com\/fr\/wp-json\/wp\/v2\/media?parent=369609"}],"wp:term":[{"taxonomy":"product_brand","embeddable":true,"href":"https:\/\/maisoncleo.com\/fr\/wp-json\/wp\/v2\/product_brand?post=369609"},{"taxonomy":"product_cat","embeddable":true,"href":"https:\/\/maisoncleo.com\/fr\/wp-json\/wp\/v2\/product_cat?post=369609"},{"taxonomy":"product_tag","embeddable":true,"href":"https:\/\/maisoncleo.com\/fr\/wp-json\/wp\/v2\/product_tag?post=369609"}],"curies":[{"name":"wp","href":"https:\/\/api.w.org\/{rel}","templated":true}]}}

Blouse délicate en coton blanc et dentelle de Calais roses avec col version VII

<p>Blouse en coton blanc et dentelle broderies de Calais avec col dentellé et grosses fleurs.</p>
<p>Grand col Claudine, bords pétales en dentelle. Trois liens sur le devant. Manches bouffantes, bords dentelle. Ennoblie d&rsquo;une délicate dentelle à motif de fleurs.</p>
<p>À croquer! Nouvelle version avec une sublime dentelle avec travail de petites fleurs et ajourées sur la poitrine. Dentelle de Calais.</p>
<p>Longueur à plat: 44 cm.</p>
<p>La modèle mesure 1m70 et porte une taille S/36.</p>
<p>Nous n’avons plus la dentelle fleurie visible sur les premières photos, elle est maintenant remplacée par l’autre dentelle fleurie que vous pouvez voir sur la dernière photo &lt;3</p>

<p>Blouse en coton blanc et dentelle broderies de Calais avec col dentellé et grosses fleurs. Grand col Claudine, bords pétales en dentelle.&hellip;</p>
