{"id":368731,"date":"2024-09-10T12:08:22","date_gmt":"2024-09-10T10:08:22","guid":{"rendered":"https:\/\/maisoncleo.com\/\/?post_type=product&#038;p=368731"},"modified":"2025-09-18T11:53:58","modified_gmt":"2025-09-18T09:53:58","slug":"blouse-delicate-en-coton-blanc-et-dentelle-de-calais-roses-avec-col-vi","status":"publish","type":"product","link":"https:\/\/maisoncleo.com\/fr\/shop\/blouse-delicate-en-coton-blanc-et-dentelle-de-calais-roses-avec-col-vi\/","title":{"rendered":"Blouse d\u00e9licate en coton blanc et dentelle de Calais roses avec col VI"},"content":{"rendered":"<p>Blouse en coton blanc et dentelle broderies de Calais avec col dentell\u00e9 et grosses fleurs.<\/p>\n<p>Grand col Claudine, bords p\u00e9tales en dentelle. Trois liens sur le devant. Manches bouffantes, bords dentelle. Ennoblie d&rsquo;une d\u00e9licate dentelle \u00e0 motif de fleurs.<\/p>\n<p>\u00c0 croquer!<\/p>\n<p>Longueur \u00e0 plat: 44 cm.<\/p>\n<p>La mod\u00e8le mesure 1m70 et porte une taille S\/36.<\/p>\n<p>Edit 1 : La bande de dentelle se trouvant sur la poitrine est maintenant termin\u00e9e. A partir de maintenant, la bande de dentelle utilis\u00e9e sera celle fleurie vue sur la derni\u00e8re photo.<\/p>\n<p>Edit 2 : Nous n\u2019avons plus la dentelle fleurie visible sur les premi\u00e8res photos, elle est maintenant remplac\u00e9e par l\u2019autre dentelle fleurie que vous pouvez voir sur la derni\u00e8re photo &lt;3<\/p>\n","protected":false},"excerpt":{"rendered":"<p>Blouse en coton blanc et dentelle broderies de Calais avec col dentell\u00e9 et grosses fleurs. Grand col Claudine, bords p\u00e9tales en dentelle.&hellip;<\/p>\n","protected":false},"featured_media":357049,"template":"","meta":[],"product_brand":[],"product_cat":[663,958,668,674,661],"product_tag":[],"class_list":{"0":"post-368731","1":"product","2":"type-product","3":"status-publish","4":"has-post-thumbnail","6":"product_cat-blouses","7":"product_cat-mariage-selection","8":"product_cat-capsule","9":"product_cat-tops","10":"product_cat-tout-voir","12":"first","13":"instock","14":"taxable","15":"shipping-taxable","16":"purchasable","17":"product-type-variable","18":"has-default-attributes"},"_links":{"self":[{"href":"https:\/\/maisoncleo.com\/fr\/wp-json\/wp\/v2\/product\/368731","targetHints":{"allow":["GET"]}}],"collection":[{"href":"https:\/\/maisoncleo.com\/fr\/wp-json\/wp\/v2\/product"}],"about":[{"href":"https:\/\/maisoncleo.com\/fr\/wp-json\/wp\/v2\/types\/product"}],"version-history":[{"count":3,"href":"https:\/\/maisoncleo.com\/fr\/wp-json\/wp\/v2\/product\/368731\/revisions"}],"predecessor-version":[{"id":391200,"href":"https:\/\/maisoncleo.com\/fr\/wp-json\/wp\/v2\/product\/368731\/revisions\/391200"}],"wp:featuredmedia":[{"embeddable":true,"href":"https:\/\/maisoncleo.com\/fr\/wp-json\/wp\/v2\/media\/357049"}],"wp:attachment":[{"href":"https:\/\/maisoncleo.com\/fr\/wp-json\/wp\/v2\/media?parent=368731"}],"wp:term":[{"taxonomy":"product_brand","embeddable":true,"href":"https:\/\/maisoncleo.com\/fr\/wp-json\/wp\/v2\/product_brand?post=368731"},{"taxonomy":"product_cat","embeddable":true,"href":"https:\/\/maisoncleo.com\/fr\/wp-json\/wp\/v2\/product_cat?post=368731"},{"taxonomy":"product_tag","embeddable":true,"href":"https:\/\/maisoncleo.com\/fr\/wp-json\/wp\/v2\/product_tag?post=368731"}],"curies":[{"name":"wp","href":"https:\/\/api.w.org\/{rel}","templated":true}]}}

Blouse délicate en coton blanc et dentelle de Calais roses avec col VI

<p>Blouse en coton blanc et dentelle broderies de Calais avec col dentellé et grosses fleurs.</p>
<p>Grand col Claudine, bords pétales en dentelle. Trois liens sur le devant. Manches bouffantes, bords dentelle. Ennoblie d&rsquo;une délicate dentelle à motif de fleurs.</p>
<p>À croquer!</p>
<p>Longueur à plat: 44 cm.</p>
<p>La modèle mesure 1m70 et porte une taille S/36.</p>
<p>Edit 1 : La bande de dentelle se trouvant sur la poitrine est maintenant terminée. A partir de maintenant, la bande de dentelle utilisée sera celle fleurie vue sur la dernière photo.</p>
<p>Edit 2 : Nous n’avons plus la dentelle fleurie visible sur les premières photos, elle est maintenant remplacée par l’autre dentelle fleurie que vous pouvez voir sur la dernière photo &lt;3</p>

<p>Blouse en coton blanc et dentelle broderies de Calais avec col dentellé et grosses fleurs. Grand col Claudine, bords pétales en dentelle.&hellip;</p>
