{"id":368090,"date":"2024-09-10T11:04:03","date_gmt":"2024-09-10T17:21:35","guid":{"rendered":"https:\/\/maisoncleo.com\/\/?post_type=product&#038;p=368090"},"modified":"2024-09-10T21:27:15","modified_gmt":"2024-09-10T19:27:15","slug":"la-badoule-look-7-jupe-tessa-plissee-en-denim-bleu-ciel-delave-irise","status":"publish","type":"product","link":"https:\/\/maisoncleo.com\/fr\/shop\/la-badoule-look-7-jupe-tessa-plissee-en-denim-bleu-ciel-delave-irise\/","title":{"rendered":"LA BADOULE LOOK 7 &#8211; Jupe TESSA pliss\u00e9e en denim bleu ciel d\u00e9lav\u00e9 iris\u00e9"},"content":{"rendered":"<p>Jupe pliss\u00e9e en denim bleu ciel d\u00e9lav\u00e9 iris\u00e9.<\/p>\n<p>Demi-pliss\u00e9e, taille haute, boucle carr\u00e9, passants, fermeture \u00e9clair sur le c\u00f4t\u00e9.<\/p>\n<p>Sublime tissu sp\u00e9cial en denim d\u00e9lav\u00e9 iris\u00e9.<\/p>\n<p>100% coton.<\/p>\n<p>LOOK 7 de notre pr\u00e9 collection printemps \u00e9t\u00e9 \u201cLa BADOULE\u201d.<\/p>\n<p>Longueur : 32 cm. Comme chaque pi\u00e8ce est fabriqu\u00e9e \u00e0 la commande, vous pouvez demander la longueur que vous souhaitez.<\/p>\n<p>La mod\u00e8le mesure 1m74 et porte une taille S\/36.<\/p>\n","protected":false},"excerpt":{"rendered":"<p>Jupe pliss\u00e9e en denim bleu ciel d\u00e9lav\u00e9 iris\u00e9. Demi-pliss\u00e9e, taille haute, boucle carr\u00e9, passants, fermeture \u00e9clair sur le c\u00f4t\u00e9. Sublime tissu sp\u00e9cial&hellip;<\/p>\n","protected":false},"featured_media":355562,"template":"","meta":[],"product_brand":[],"product_cat":[672,668,661],"product_tag":[],"class_list":{"0":"post-368090","1":"product","2":"type-product","3":"status-publish","4":"has-post-thumbnail","6":"product_cat-jupes","7":"product_cat-capsule","8":"product_cat-tout-voir","9":"pa_taille-l-40-2","10":"pa_taille-m-38-2","11":"pa_taille-s-36-2","12":"pa_taille-sur-mesure-fr-2","13":"pa_taille-xl-42-fr-2","14":"pa_taille-xs-34-2","16":"first","17":"instock","18":"taxable","19":"shipping-taxable","20":"purchasable","21":"product-type-variable"},"_links":{"self":[{"href":"https:\/\/maisoncleo.com\/fr\/wp-json\/wp\/v2\/product\/368090","targetHints":{"allow":["GET"]}}],"collection":[{"href":"https:\/\/maisoncleo.com\/fr\/wp-json\/wp\/v2\/product"}],"about":[{"href":"https:\/\/maisoncleo.com\/fr\/wp-json\/wp\/v2\/types\/product"}],"version-history":[{"count":1,"href":"https:\/\/maisoncleo.com\/fr\/wp-json\/wp\/v2\/product\/368090\/revisions"}],"predecessor-version":[{"id":368123,"href":"https:\/\/maisoncleo.com\/fr\/wp-json\/wp\/v2\/product\/368090\/revisions\/368123"}],"wp:featuredmedia":[{"embeddable":true,"href":"https:\/\/maisoncleo.com\/fr\/wp-json\/wp\/v2\/media\/355562"}],"wp:attachment":[{"href":"https:\/\/maisoncleo.com\/fr\/wp-json\/wp\/v2\/media?parent=368090"}],"wp:term":[{"taxonomy":"product_brand","embeddable":true,"href":"https:\/\/maisoncleo.com\/fr\/wp-json\/wp\/v2\/product_brand?post=368090"},{"taxonomy":"product_cat","embeddable":true,"href":"https:\/\/maisoncleo.com\/fr\/wp-json\/wp\/v2\/product_cat?post=368090"},{"taxonomy":"product_tag","embeddable":true,"href":"https:\/\/maisoncleo.com\/fr\/wp-json\/wp\/v2\/product_tag?post=368090"}],"curies":[{"name":"wp","href":"https:\/\/api.w.org\/{rel}","templated":true}]}}

LA BADOULE LOOK 7 &#8211; Jupe TESSA plissée en denim bleu ciel délavé irisé

<p>Jupe plissée en denim bleu ciel délavé irisé.</p>
<p>Demi-plissée, taille haute, boucle carré, passants, fermeture éclair sur le côté.</p>
<p>Sublime tissu spécial en denim délavé irisé.</p>
<p>100% coton.</p>
<p>LOOK 7 de notre pré collection printemps été “La BADOULE”.</p>
<p>Longueur : 32 cm. Comme chaque pièce est fabriquée à la commande, vous pouvez demander la longueur que vous souhaitez.</p>
<p>La modèle mesure 1m74 et porte une taille S/36.</p>

<p>Jupe plissée en denim bleu ciel délavé irisé. Demi-plissée, taille haute, boucle carré, passants, fermeture éclair sur le côté. Sublime tissu spécial&hellip;</p>
