{"id":368089,"date":"2024-09-10T11:04:03","date_gmt":"2024-09-10T17:21:35","guid":{"rendered":"https:\/\/maisoncleo.com\/\/?post_type=product&#038;p=368089"},"modified":"2024-09-10T21:28:07","modified_gmt":"2024-09-10T19:28:07","slug":"la-badoule-look-34-jean-lisandro-evase-en-denim-bleu-ciel-delave-irise","status":"publish","type":"product","link":"https:\/\/maisoncleo.com\/fr\/shop\/la-badoule-look-34-jean-lisandro-evase-en-denim-bleu-ciel-delave-irise\/","title":{"rendered":"LA BADOULE LOOK 34 &#8211; Jean LISANDRO \u00e9vas\u00e9 en denim bleu ciel d\u00e9lav\u00e9 iris\u00e9"},"content":{"rendered":"<p id=\"tw-target-text\" class=\"tw-data-text tw-text-large tw-ta\" dir=\"ltr\" data-placeholder=\"Traduction\">Jean \u00e9vas\u00e9 en denim bleu ciel d\u00e9lav\u00e9 iris\u00e9.<\/p>\n<p dir=\"ltr\" data-placeholder=\"Traduction\">Taille haute, coupe flare, un tissu sp\u00e9cial en jean denim d\u00e9lav\u00e9 l\u00e9g\u00e8rement iris\u00e9. Un tissu coup de coeur.<\/p>\n<p class=\"tw-data-text tw-text-large tw-ta\" dir=\"ltr\" data-placeholder=\"Traduction\"><span class=\"Y2IQFc\" lang=\"fr\">Passants, boucle carr\u00e9, deux poches dos et deux poches devant.<\/span><\/p>\n<p class=\"tw-data-text tw-text-large tw-ta\" dir=\"ltr\" data-placeholder=\"Traduction\">100% coton.<\/p>\n<p>LOOK 34 de notre pr\u00e9 collection printemps \u00e9t\u00e9 \u201cLa BADOULE\u201d.<\/p>\n<p>La mod\u00e8le mesure 1m74 et porte une taille S\/36.<\/p>\n","protected":false},"excerpt":{"rendered":"<p>Jean \u00e9vas\u00e9 en denim bleu ciel d\u00e9lav\u00e9 iris\u00e9. Taille haute, coupe flare, un tissu sp\u00e9cial en jean denim d\u00e9lav\u00e9 l\u00e9g\u00e8rement iris\u00e9. Un&hellip;<\/p>\n","protected":false},"featured_media":356270,"template":"","meta":[],"product_brand":[],"product_cat":[668,675,661],"product_tag":[],"class_list":{"0":"post-368089","1":"product","2":"type-product","3":"status-publish","4":"has-post-thumbnail","6":"product_cat-capsule","7":"product_cat-pantalons-shorts","8":"product_cat-tout-voir","9":"pa_taille-l-40-2","10":"pa_taille-m-38-2","11":"pa_taille-s-36-2","12":"pa_taille-sur-mesure-fr-2","13":"pa_taille-xl-42-fr-2","14":"pa_taille-xs-34-2","16":"first","17":"instock","18":"taxable","19":"shipping-taxable","20":"purchasable","21":"product-type-variable"},"_links":{"self":[{"href":"https:\/\/maisoncleo.com\/fr\/wp-json\/wp\/v2\/product\/368089","targetHints":{"allow":["GET"]}}],"collection":[{"href":"https:\/\/maisoncleo.com\/fr\/wp-json\/wp\/v2\/product"}],"about":[{"href":"https:\/\/maisoncleo.com\/fr\/wp-json\/wp\/v2\/types\/product"}],"version-history":[{"count":1,"href":"https:\/\/maisoncleo.com\/fr\/wp-json\/wp\/v2\/product\/368089\/revisions"}],"predecessor-version":[{"id":368474,"href":"https:\/\/maisoncleo.com\/fr\/wp-json\/wp\/v2\/product\/368089\/revisions\/368474"}],"wp:featuredmedia":[{"embeddable":true,"href":"https:\/\/maisoncleo.com\/fr\/wp-json\/wp\/v2\/media\/356270"}],"wp:attachment":[{"href":"https:\/\/maisoncleo.com\/fr\/wp-json\/wp\/v2\/media?parent=368089"}],"wp:term":[{"taxonomy":"product_brand","embeddable":true,"href":"https:\/\/maisoncleo.com\/fr\/wp-json\/wp\/v2\/product_brand?post=368089"},{"taxonomy":"product_cat","embeddable":true,"href":"https:\/\/maisoncleo.com\/fr\/wp-json\/wp\/v2\/product_cat?post=368089"},{"taxonomy":"product_tag","embeddable":true,"href":"https:\/\/maisoncleo.com\/fr\/wp-json\/wp\/v2\/product_tag?post=368089"}],"curies":[{"name":"wp","href":"https:\/\/api.w.org\/{rel}","templated":true}]}}

LA BADOULE LOOK 34 &#8211; Jean LISANDRO évasé en denim bleu ciel délavé irisé

<p id="tw-target-text" class="tw-data-text tw-text-large tw-ta" dir="ltr" data-placeholder="Traduction">Jean évasé en denim bleu ciel délavé irisé.</p>
<p dir="ltr" data-placeholder="Traduction">Taille haute, coupe flare, un tissu spécial en jean denim délavé légèrement irisé. Un tissu coup de coeur.</p>
<p class="tw-data-text tw-text-large tw-ta" dir="ltr" data-placeholder="Traduction"><span class="Y2IQFc" lang="fr">Passants, boucle carré, deux poches dos et deux poches devant.</span></p>
<p class="tw-data-text tw-text-large tw-ta" dir="ltr" data-placeholder="Traduction">100% coton.</p>
<p>LOOK 34 de notre pré collection printemps été “La BADOULE”.</p>
<p>La modèle mesure 1m74 et porte une taille S/36.</p>

<p>Jean évasé en denim bleu ciel délavé irisé. Taille haute, coupe flare, un tissu spécial en jean denim délavé légèrement irisé. Un&hellip;</p>
