{"id":368078,"date":"2024-09-10T11:00:53","date_gmt":"2024-09-10T17:21:10","guid":{"rendered":"https:\/\/maisoncleo.com\/\/?post_type=product&#038;p=368078"},"modified":"2024-09-10T21:27:49","modified_gmt":"2024-09-10T19:27:49","slug":"la-badoule-look-25-blouse-en-mousseline-de-soie-jaune-coeurs-roses-anita","status":"publish","type":"product","link":"https:\/\/maisoncleo.com\/fr\/shop\/la-badoule-look-25-blouse-en-mousseline-de-soie-jaune-coeurs-roses-anita\/","title":{"rendered":"LA BADOULE LOOK 25 &#8211; Blouse en mousseline de soie jaune coeurs roses ANITA"},"content":{"rendered":"<p id=\"tw-target-text\" class=\"tw-data-text tw-text-large tw-ta\" dir=\"ltr\" data-placeholder=\"Traduction\"><span class=\"Y2IQFc\" lang=\"fr\">Notre blouse Anita dans un tissu en mousseline de soie jaune coeurs roses.<\/span><\/p>\n<p class=\"tw-data-text tw-text-large tw-ta\" dir=\"ltr\" data-placeholder=\"Traduction\"><span class=\"Y2IQFc\" lang=\"fr\">Petit col rond. Petites manches bouffantes, poignets larges. \u00c0 nouer de deux mani\u00e8res diff\u00e9rentes: sur le devant ou dans le dos. 100% soie.<\/span><\/p>\n<p class=\"tw-data-text tw-text-large tw-ta\" dir=\"ltr\" data-placeholder=\"Traduction\">Longueur \u00e0 plat: 43 cm.<\/p>\n<p>LOOK 25 de notre pr\u00e9 collection printemps \u00e9t\u00e9 \u201cLa BADOULE\u201d.<\/p>\n<p>La mod\u00e8le mesure 1m74 et porte une taille S\/36.<\/p>\n","protected":false},"excerpt":{"rendered":"<p>Notre blouse Anita dans un tissu en mousseline de soie jaune coeurs roses. Petit col rond. Petites manches bouffantes, poignets larges. \u00c0&hellip;<\/p>\n","protected":false},"featured_media":356048,"template":"","meta":[],"product_brand":[],"product_cat":[663,668,661],"product_tag":[],"class_list":{"0":"post-368078","1":"product","2":"type-product","3":"status-publish","4":"has-post-thumbnail","6":"product_cat-blouses","7":"product_cat-capsule","8":"product_cat-tout-voir","9":"pa_taille-l-40-2","10":"pa_taille-m-38-2","11":"pa_taille-s-36-2","12":"pa_taille-sur-mesure-fr-2","13":"pa_taille-xl-42-fr-2","14":"pa_taille-xs-34-2","16":"first","17":"instock","18":"taxable","19":"shipping-taxable","20":"purchasable","21":"product-type-variable"},"_links":{"self":[{"href":"https:\/\/maisoncleo.com\/fr\/wp-json\/wp\/v2\/product\/368078","targetHints":{"allow":["GET"]}}],"collection":[{"href":"https:\/\/maisoncleo.com\/fr\/wp-json\/wp\/v2\/product"}],"about":[{"href":"https:\/\/maisoncleo.com\/fr\/wp-json\/wp\/v2\/types\/product"}],"version-history":[{"count":1,"href":"https:\/\/maisoncleo.com\/fr\/wp-json\/wp\/v2\/product\/368078\/revisions"}],"predecessor-version":[{"id":368350,"href":"https:\/\/maisoncleo.com\/fr\/wp-json\/wp\/v2\/product\/368078\/revisions\/368350"}],"wp:featuredmedia":[{"embeddable":true,"href":"https:\/\/maisoncleo.com\/fr\/wp-json\/wp\/v2\/media\/356048"}],"wp:attachment":[{"href":"https:\/\/maisoncleo.com\/fr\/wp-json\/wp\/v2\/media?parent=368078"}],"wp:term":[{"taxonomy":"product_brand","embeddable":true,"href":"https:\/\/maisoncleo.com\/fr\/wp-json\/wp\/v2\/product_brand?post=368078"},{"taxonomy":"product_cat","embeddable":true,"href":"https:\/\/maisoncleo.com\/fr\/wp-json\/wp\/v2\/product_cat?post=368078"},{"taxonomy":"product_tag","embeddable":true,"href":"https:\/\/maisoncleo.com\/fr\/wp-json\/wp\/v2\/product_tag?post=368078"}],"curies":[{"name":"wp","href":"https:\/\/api.w.org\/{rel}","templated":true}]}}

<p id="tw-target-text" class="tw-data-text tw-text-large tw-ta" dir="ltr" data-placeholder="Traduction"><span class="Y2IQFc" lang="fr">Notre blouse Anita dans un tissu en mousseline de soie jaune coeurs roses.</span></p>
<p class="tw-data-text tw-text-large tw-ta" dir="ltr" data-placeholder="Traduction"><span class="Y2IQFc" lang="fr">Petit col rond. Petites manches bouffantes, poignets larges. À nouer de deux manières différentes: sur le devant ou dans le dos. 100% soie.</span></p>
<p class="tw-data-text tw-text-large tw-ta" dir="ltr" data-placeholder="Traduction">Longueur à plat: 43 cm.</p>
<p>LOOK 25 de notre pré collection printemps été “La BADOULE”.</p>
<p>La modèle mesure 1m74 et porte une taille S/36.</p>

<p>Notre blouse Anita dans un tissu en mousseline de soie jaune coeurs roses. Petit col rond. Petites manches bouffantes, poignets larges. À&hellip;</p>
