{"id":368004,"date":"2024-09-10T10:56:38","date_gmt":"2024-09-10T17:19:14","guid":{"rendered":"https:\/\/maisoncleo.com\/\/?post_type=product&#038;p=368004"},"modified":"2024-09-10T21:27:02","modified_gmt":"2024-09-10T19:27:02","slug":"la-badoule-look-2-top-en-coton-leger-avec-dentelle-et-broderie-anglaise-dea","status":"publish","type":"product","link":"https:\/\/maisoncleo.com\/fr\/shop\/la-badoule-look-2-top-en-coton-leger-avec-dentelle-et-broderie-anglaise-dea\/","title":{"rendered":"LA BADOULE LOOK 2 &#8211; Top en coton l\u00e9ger avec dentelle et broderie anglaise DEA"},"content":{"rendered":"<p>Top en coton l\u00e9ger avec dentelle et broderie anglaise.<\/p>\n<p>Coupe droite, mix de coton l\u00e9ger, de dentelles et de broderies anglaises, trois liens sur le devant, 2 larges bretelles brod\u00e9es, bords du bas arrondis.<\/p>\n<p>Le top r\u00eav\u00e9 \u00e0 porter tout l&rsquo;\u00e9t\u00e9 avec la longue jupe assortie ou une paire de jeans!<\/p>\n<p>LOOK 2 de notre pr\u00e9 collection printemps \u00e9t\u00e9 \u201cLa BADOULE\u201d.<\/p>\n<p>Longueur \u00e0 plat sans les bretelles : 28 cm.<\/p>\n<p>La mod\u00e8le mesure 1m74 et porte une taille S\/36.<\/p>\n","protected":false},"excerpt":{"rendered":"<p>Top en coton l\u00e9ger avec dentelle et broderie anglaise. Coupe droite, mix de coton l\u00e9ger, de dentelles et de broderies anglaises, trois&hellip;<\/p>\n","protected":false},"featured_media":355367,"template":"","meta":[],"product_brand":[],"product_cat":[663,668,674,661],"product_tag":[],"class_list":{"0":"post-368004","1":"product","2":"type-product","3":"status-publish","4":"has-post-thumbnail","6":"product_cat-blouses","7":"product_cat-capsule","8":"product_cat-tops","9":"product_cat-tout-voir","10":"pa_taille-l-40-2","11":"pa_taille-m-38-2","12":"pa_taille-s-36-2","13":"pa_taille-sur-mesure-fr-2","14":"pa_taille-xl-42-fr-2","15":"pa_taille-xs-34-2","17":"first","18":"instock","19":"taxable","20":"shipping-taxable","21":"purchasable","22":"product-type-variable"},"_links":{"self":[{"href":"https:\/\/maisoncleo.com\/fr\/wp-json\/wp\/v2\/product\/368004","targetHints":{"allow":["GET"]}}],"collection":[{"href":"https:\/\/maisoncleo.com\/fr\/wp-json\/wp\/v2\/product"}],"about":[{"href":"https:\/\/maisoncleo.com\/fr\/wp-json\/wp\/v2\/types\/product"}],"version-history":[{"count":1,"href":"https:\/\/maisoncleo.com\/fr\/wp-json\/wp\/v2\/product\/368004\/revisions"}],"predecessor-version":[{"id":368036,"href":"https:\/\/maisoncleo.com\/fr\/wp-json\/wp\/v2\/product\/368004\/revisions\/368036"}],"wp:featuredmedia":[{"embeddable":true,"href":"https:\/\/maisoncleo.com\/fr\/wp-json\/wp\/v2\/media\/355367"}],"wp:attachment":[{"href":"https:\/\/maisoncleo.com\/fr\/wp-json\/wp\/v2\/media?parent=368004"}],"wp:term":[{"taxonomy":"product_brand","embeddable":true,"href":"https:\/\/maisoncleo.com\/fr\/wp-json\/wp\/v2\/product_brand?post=368004"},{"taxonomy":"product_cat","embeddable":true,"href":"https:\/\/maisoncleo.com\/fr\/wp-json\/wp\/v2\/product_cat?post=368004"},{"taxonomy":"product_tag","embeddable":true,"href":"https:\/\/maisoncleo.com\/fr\/wp-json\/wp\/v2\/product_tag?post=368004"}],"curies":[{"name":"wp","href":"https:\/\/api.w.org\/{rel}","templated":true}]}}

LA BADOULE LOOK 2 &#8211; Top en coton léger avec dentelle et broderie anglaise DEA

<p>Top en coton léger avec dentelle et broderie anglaise.</p>
<p>Coupe droite, mix de coton léger, de dentelles et de broderies anglaises, trois liens sur le devant, 2 larges bretelles brodées, bords du bas arrondis.</p>
<p>Le top rêvé à porter tout l&rsquo;été avec la longue jupe assortie ou une paire de jeans!</p>
<p>LOOK 2 de notre pré collection printemps été “La BADOULE”.</p>
<p>Longueur à plat sans les bretelles : 28 cm.</p>
<p>La modèle mesure 1m74 et porte une taille S/36.</p>

<p>Top en coton léger avec dentelle et broderie anglaise. Coupe droite, mix de coton léger, de dentelles et de broderies anglaises, trois&hellip;</p>
