{"id":367176,"date":"2024-09-10T09:39:45","date_gmt":"2024-09-10T16:55:26","guid":{"rendered":"https:\/\/maisoncleo.com\/\/?post_type=product&#038;p=367176"},"modified":"2024-09-10T21:23:52","modified_gmt":"2024-09-10T19:23:52","slug":"la-poupette-defile-look-1-mini-jupe-adenor-plissee-bleu-azur-vichy-avec-broderies","status":"publish","type":"product","link":"https:\/\/maisoncleo.com\/fr\/shop\/la-poupette-defile-look-1-mini-jupe-adenor-plissee-bleu-azur-vichy-avec-broderies\/","title":{"rendered":"LA POUPETTE D\u00c9FIL\u00c9 LOOK 1 &#8211; Mini jupe ADENOR pliss\u00e9e bleu azur vichy avec broderies"},"content":{"rendered":"<p><span style=\"font-size: 1.7rem;\">Mini jupe pliss\u00e9e bleu azur vichy avec broderies.<\/span><\/p>\n<p><span style=\"font-size: 1.7rem;\">Poche de chaque c\u00f4t\u00e9 entour\u00e9e de broderies, coupe trap\u00e8ze, plis milieu dos et devant, fermeture \u00e9clair milieu dos.<\/span><\/p>\n<p>La Bretagne \u00e7a vous gagne &lt;3<\/p>\n<p>Longueur : 35 cm.<\/p>\n<p><span style=\"font-size: 1.7rem;\">La mod\u00e8le mesure 1m75 et porte une taille S-36.<\/span><\/p>\n","protected":false},"excerpt":{"rendered":"<p>Mini jupe pliss\u00e9e bleu azur vichy avec broderies. Poche de chaque c\u00f4t\u00e9 entour\u00e9e de broderies, coupe trap\u00e8ze, plis milieu dos et devant,&hellip;<\/p>\n","protected":false},"featured_media":353402,"template":"","meta":[],"product_brand":[],"product_cat":[671,672,668,661],"product_tag":[],"class_list":{"0":"post-367176","1":"product","2":"type-product","3":"status-publish","4":"has-post-thumbnail","6":"product_cat-defiles","7":"product_cat-jupes","8":"product_cat-capsule","9":"product_cat-tout-voir","10":"pa_taille-l-40-2","11":"pa_taille-m-38-2","12":"pa_taille-s-36-2","13":"pa_taille-sur-mesure-fr-2","14":"pa_taille-xl-42-fr-2","15":"pa_taille-xs-34-2","17":"first","18":"instock","19":"taxable","20":"shipping-taxable","21":"purchasable","22":"product-type-variable"},"_links":{"self":[{"href":"https:\/\/maisoncleo.com\/fr\/wp-json\/wp\/v2\/product\/367176","targetHints":{"allow":["GET"]}}],"collection":[{"href":"https:\/\/maisoncleo.com\/fr\/wp-json\/wp\/v2\/product"}],"about":[{"href":"https:\/\/maisoncleo.com\/fr\/wp-json\/wp\/v2\/types\/product"}],"version-history":[{"count":1,"href":"https:\/\/maisoncleo.com\/fr\/wp-json\/wp\/v2\/product\/367176\/revisions"}],"predecessor-version":[{"id":367209,"href":"https:\/\/maisoncleo.com\/fr\/wp-json\/wp\/v2\/product\/367176\/revisions\/367209"}],"wp:featuredmedia":[{"embeddable":true,"href":"https:\/\/maisoncleo.com\/fr\/wp-json\/wp\/v2\/media\/353402"}],"wp:attachment":[{"href":"https:\/\/maisoncleo.com\/fr\/wp-json\/wp\/v2\/media?parent=367176"}],"wp:term":[{"taxonomy":"product_brand","embeddable":true,"href":"https:\/\/maisoncleo.com\/fr\/wp-json\/wp\/v2\/product_brand?post=367176"},{"taxonomy":"product_cat","embeddable":true,"href":"https:\/\/maisoncleo.com\/fr\/wp-json\/wp\/v2\/product_cat?post=367176"},{"taxonomy":"product_tag","embeddable":true,"href":"https:\/\/maisoncleo.com\/fr\/wp-json\/wp\/v2\/product_tag?post=367176"}],"curies":[{"name":"wp","href":"https:\/\/api.w.org\/{rel}","templated":true}]}}

LA POUPETTE DÉFILÉ LOOK 1 &#8211; Mini jupe ADENOR plissée bleu azur vichy avec broderies

<p><span style="font-size: 1.7rem;">Mini jupe plissée bleu azur vichy avec broderies.</span></p>
<p><span style="font-size: 1.7rem;">Poche de chaque côté entourée de broderies, coupe trapèze, plis milieu dos et devant, fermeture éclair milieu dos.</span></p>
<p>La Bretagne ça vous gagne &lt;3</p>
<p>Longueur : 35 cm.</p>
<p><span style="font-size: 1.7rem;">La modèle mesure 1m75 et porte une taille S-36.</span></p>

<p>Mini jupe plissée bleu azur vichy avec broderies. Poche de chaque côté entourée de broderies, coupe trapèze, plis milieu dos et devant,&hellip;</p>
