{"id":366910,"date":"2024-09-10T09:11:48","date_gmt":"2024-09-10T16:48:53","guid":{"rendered":"https:\/\/maisoncleo.com\/\/?post_type=product&#038;p=366910"},"modified":"2024-09-10T21:23:02","modified_gmt":"2024-09-10T19:23:02","slug":"la-poupette-defile-look-25-robe-natasha-plissee-sans-manches-jaune-tartan-avec-col-dentelle","status":"publish","type":"product","link":"https:\/\/maisoncleo.com\/fr\/shop\/la-poupette-defile-look-25-robe-natasha-plissee-sans-manches-jaune-tartan-avec-col-dentelle\/","title":{"rendered":"LA POUPETTE D\u00c9FIL\u00c9 LOOK 25- Robe Natasha pliss\u00e9e sans manches jaune tartan avec col dentelle"},"content":{"rendered":"<p>Un look retour aux ann\u00e9es 90 avec un air \u00e0 l&rsquo;iconique \u00ab\u00a0Clueless\u00a0\u00bb. Robe pliss\u00e9e sans manches jaune tartan avec col dentelle. Fermeture \u00e9clair dans le dos.<\/p>\n<p>Les couleurs vives de jaune et orange donne un c\u00f4t\u00e9 affirm\u00e9 \u00e0 cette coupe classique intemporelle, alors que le col en dentelle ajoute une touche de raffinement.<\/p>\n<p>La mod\u00e8le mesure 1m75 et porte une taille S-36.<\/p>\n","protected":false},"excerpt":{"rendered":"<p>Un look retour aux ann\u00e9es 90 avec un air \u00e0 l&rsquo;iconique \u00ab\u00a0Clueless\u00a0\u00bb. Robe pliss\u00e9e sans manches jaune tartan avec col dentelle. Fermeture&hellip;<\/p>\n","protected":false},"featured_media":352693,"template":"","meta":[],"product_brand":[],"product_cat":[671,668,664,661],"product_tag":[],"class_list":{"0":"post-366910","1":"product","2":"type-product","3":"status-publish","4":"has-post-thumbnail","6":"product_cat-defiles","7":"product_cat-capsule","8":"product_cat-robes","9":"product_cat-tout-voir","10":"pa_taille-l-40-2","11":"pa_taille-m-38-2","12":"pa_taille-s-36-2","13":"pa_taille-sur-mesure-fr-2","14":"pa_taille-xl-42-fr-2","15":"pa_taille-xs-34-2","17":"first","18":"instock","19":"taxable","20":"shipping-taxable","21":"purchasable","22":"product-type-variable"},"_links":{"self":[{"href":"https:\/\/maisoncleo.com\/fr\/wp-json\/wp\/v2\/product\/366910","targetHints":{"allow":["GET"]}}],"collection":[{"href":"https:\/\/maisoncleo.com\/fr\/wp-json\/wp\/v2\/product"}],"about":[{"href":"https:\/\/maisoncleo.com\/fr\/wp-json\/wp\/v2\/types\/product"}],"version-history":[{"count":1,"href":"https:\/\/maisoncleo.com\/fr\/wp-json\/wp\/v2\/product\/366910\/revisions"}],"predecessor-version":[{"id":366931,"href":"https:\/\/maisoncleo.com\/fr\/wp-json\/wp\/v2\/product\/366910\/revisions\/366931"}],"wp:featuredmedia":[{"embeddable":true,"href":"https:\/\/maisoncleo.com\/fr\/wp-json\/wp\/v2\/media\/352693"}],"wp:attachment":[{"href":"https:\/\/maisoncleo.com\/fr\/wp-json\/wp\/v2\/media?parent=366910"}],"wp:term":[{"taxonomy":"product_brand","embeddable":true,"href":"https:\/\/maisoncleo.com\/fr\/wp-json\/wp\/v2\/product_brand?post=366910"},{"taxonomy":"product_cat","embeddable":true,"href":"https:\/\/maisoncleo.com\/fr\/wp-json\/wp\/v2\/product_cat?post=366910"},{"taxonomy":"product_tag","embeddable":true,"href":"https:\/\/maisoncleo.com\/fr\/wp-json\/wp\/v2\/product_tag?post=366910"}],"curies":[{"name":"wp","href":"https:\/\/api.w.org\/{rel}","templated":true}]}}

LA POUPETTE DÉFILÉ LOOK 25- Robe Natasha plissée sans manches jaune tartan avec col dentelle

<p>Un look retour aux années 90 avec un air à l&rsquo;iconique « Clueless ». Robe plissée sans manches jaune tartan avec col dentelle. Fermeture éclair dans le dos.</p>
<p>Les couleurs vives de jaune et orange donne un côté affirmé à cette coupe classique intemporelle, alors que le col en dentelle ajoute une touche de raffinement.</p>
<p>La modèle mesure 1m75 et porte une taille S-36.</p>

<p>Un look retour aux années 90 avec un air à l&rsquo;iconique « Clueless ». Robe plissée sans manches jaune tartan avec col dentelle. Fermeture&hellip;</p>
