{"id":366894,"date":"2024-09-10T09:09:52","date_gmt":"2024-09-10T16:48:30","guid":{"rendered":"https:\/\/maisoncleo.com\/\/?post_type=product&#038;p=366894"},"modified":"2024-09-10T21:23:42","modified_gmt":"2024-09-10T19:23:42","slug":"la-poupette-defile-look-5-jupe-en-laine-epaisse-et-poches-marron-camel-azenor","status":"publish","type":"product","link":"https:\/\/maisoncleo.com\/fr\/shop\/la-poupette-defile-look-5-jupe-en-laine-epaisse-et-poches-marron-camel-azenor\/","title":{"rendered":"LA POUPETTE D\u00c9FIL\u00c9 LOOK 5 &#8211; Jupe en laine \u00e9paisse et poches marron camel AZENOR"},"content":{"rendered":"<p>Mini jupe en laine \u00e9paisse marron camel. Poches c\u00f4t\u00e9 arrondies, coupe trap\u00e8ze, fermeture \u00e9clair dans le dos. Laine provenant d&rsquo;une maison de Couture fran\u00e7aise.<\/p>\n<p>A porter en ensemble avec notre manteau pour un look d&rsquo;hiver aux tons chauds.<\/p>\n<p>Longueur : 35 cm.<\/p>\n<p>La mod\u00e8le mesure 1m75 et porte une taille S-36.<\/p>\n","protected":false},"excerpt":{"rendered":"<p>Mini jupe en laine \u00e9paisse marron camel. Poches c\u00f4t\u00e9 arrondies, coupe trap\u00e8ze, fermeture \u00e9clair dans le dos. Laine provenant d&rsquo;une maison de&hellip;<\/p>\n","protected":false},"featured_media":353270,"template":"","meta":[],"product_brand":[],"product_cat":[672,668,661],"product_tag":[],"class_list":{"0":"post-366894","1":"product","2":"type-product","3":"status-publish","4":"has-post-thumbnail","6":"product_cat-jupes","7":"product_cat-capsule","8":"product_cat-tout-voir","9":"pa_taille-l-40-2","10":"pa_taille-m-38-2","11":"pa_taille-s-36-2","12":"pa_taille-sur-mesure-fr-2","13":"pa_taille-xl-42-fr-2","14":"pa_taille-xs-34-2","16":"first","17":"instock","18":"taxable","19":"shipping-taxable","20":"purchasable","21":"product-type-variable"},"_links":{"self":[{"href":"https:\/\/maisoncleo.com\/fr\/wp-json\/wp\/v2\/product\/366894","targetHints":{"allow":["GET"]}}],"collection":[{"href":"https:\/\/maisoncleo.com\/fr\/wp-json\/wp\/v2\/product"}],"about":[{"href":"https:\/\/maisoncleo.com\/fr\/wp-json\/wp\/v2\/types\/product"}],"version-history":[{"count":1,"href":"https:\/\/maisoncleo.com\/fr\/wp-json\/wp\/v2\/product\/366894\/revisions"}],"predecessor-version":[{"id":367160,"href":"https:\/\/maisoncleo.com\/fr\/wp-json\/wp\/v2\/product\/366894\/revisions\/367160"}],"wp:featuredmedia":[{"embeddable":true,"href":"https:\/\/maisoncleo.com\/fr\/wp-json\/wp\/v2\/media\/353270"}],"wp:attachment":[{"href":"https:\/\/maisoncleo.com\/fr\/wp-json\/wp\/v2\/media?parent=366894"}],"wp:term":[{"taxonomy":"product_brand","embeddable":true,"href":"https:\/\/maisoncleo.com\/fr\/wp-json\/wp\/v2\/product_brand?post=366894"},{"taxonomy":"product_cat","embeddable":true,"href":"https:\/\/maisoncleo.com\/fr\/wp-json\/wp\/v2\/product_cat?post=366894"},{"taxonomy":"product_tag","embeddable":true,"href":"https:\/\/maisoncleo.com\/fr\/wp-json\/wp\/v2\/product_tag?post=366894"}],"curies":[{"name":"wp","href":"https:\/\/api.w.org\/{rel}","templated":true}]}}

LA POUPETTE DÉFILÉ LOOK 5 &#8211; Jupe en laine épaisse et poches marron camel AZENOR

<p>Mini jupe en laine épaisse marron camel. Poches côté arrondies, coupe trapèze, fermeture éclair dans le dos. Laine provenant d&rsquo;une maison de Couture française.</p>
<p>A porter en ensemble avec notre manteau pour un look d&rsquo;hiver aux tons chauds.</p>
<p>Longueur : 35 cm.</p>
<p>La modèle mesure 1m75 et porte une taille S-36.</p>

<p>Mini jupe en laine épaisse marron camel. Poches côté arrondies, coupe trapèze, fermeture éclair dans le dos. Laine provenant d&rsquo;une maison de&hellip;</p>
