{"id":366892,"date":"2024-09-10T09:09:52","date_gmt":"2024-09-10T16:48:30","guid":{"rendered":"https:\/\/maisoncleo.com\/\/?post_type=product&#038;p=366892"},"modified":"2024-09-10T21:23:00","modified_gmt":"2024-09-10T19:23:00","slug":"la-poupette-defile-look-28-manteau-guenole-long-marron-camel-en-laine-oversize","status":"publish","type":"product","link":"https:\/\/maisoncleo.com\/fr\/shop\/la-poupette-defile-look-28-manteau-guenole-long-marron-camel-en-laine-oversize\/","title":{"rendered":"LA POUPETTE D\u00c9FIL\u00c9 LOOK 28 &#8211; Manteau GUENOLE long marron camel en laine oversize"},"content":{"rendered":"<p>Manteau long marron camel en laine oversize. Revers arrondi, fermeture crois\u00e9e \u00e0 double boutonnage, boutons noirs d\u00e9stock\u00e9s, poches de chaque c\u00f4t\u00e9.<\/p>\n<p>Une pi\u00e8ce intemporelle, un basique pour la saison automne hiver. Laine \u00e9paisse provenant d&rsquo;une marque de Couture fran\u00e7aise.<\/p>\n<p>Longueur totale \u00e0 plat: 140 cm. Possible de le faire \u00e0 la longueur que vous souhaitez.<\/p>\n<p>La mod\u00e8le mesure 1m75 et porte une taille S-36.<\/p>\n","protected":false},"excerpt":{"rendered":"<p>Manteau long marron camel en laine oversize. Revers arrondi, fermeture crois\u00e9e \u00e0 double boutonnage, boutons noirs d\u00e9stock\u00e9s, poches de chaque c\u00f4t\u00e9. Une&hellip;<\/p>\n","protected":false},"featured_media":352651,"template":"","meta":[],"product_brand":[],"product_cat":[671,668,661,665],"product_tag":[],"class_list":{"0":"post-366892","1":"product","2":"type-product","3":"status-publish","4":"has-post-thumbnail","6":"product_cat-defiles","7":"product_cat-capsule","8":"product_cat-tout-voir","9":"product_cat-vestes-manteaux","10":"pa_taille-l-40-2","11":"pa_taille-m-38-2","12":"pa_taille-s-36-2","13":"pa_taille-sur-mesure-fr-2","14":"pa_taille-xl-42-fr-2","15":"pa_taille-xs-34-2","17":"first","18":"instock","19":"taxable","20":"shipping-taxable","21":"purchasable","22":"product-type-variable"},"_links":{"self":[{"href":"https:\/\/maisoncleo.com\/fr\/wp-json\/wp\/v2\/product\/366892","targetHints":{"allow":["GET"]}}],"collection":[{"href":"https:\/\/maisoncleo.com\/fr\/wp-json\/wp\/v2\/product"}],"about":[{"href":"https:\/\/maisoncleo.com\/fr\/wp-json\/wp\/v2\/types\/product"}],"version-history":[{"count":1,"href":"https:\/\/maisoncleo.com\/fr\/wp-json\/wp\/v2\/product\/366892\/revisions"}],"predecessor-version":[{"id":366917,"href":"https:\/\/maisoncleo.com\/fr\/wp-json\/wp\/v2\/product\/366892\/revisions\/366917"}],"wp:featuredmedia":[{"embeddable":true,"href":"https:\/\/maisoncleo.com\/fr\/wp-json\/wp\/v2\/media\/352651"}],"wp:attachment":[{"href":"https:\/\/maisoncleo.com\/fr\/wp-json\/wp\/v2\/media?parent=366892"}],"wp:term":[{"taxonomy":"product_brand","embeddable":true,"href":"https:\/\/maisoncleo.com\/fr\/wp-json\/wp\/v2\/product_brand?post=366892"},{"taxonomy":"product_cat","embeddable":true,"href":"https:\/\/maisoncleo.com\/fr\/wp-json\/wp\/v2\/product_cat?post=366892"},{"taxonomy":"product_tag","embeddable":true,"href":"https:\/\/maisoncleo.com\/fr\/wp-json\/wp\/v2\/product_tag?post=366892"}],"curies":[{"name":"wp","href":"https:\/\/api.w.org\/{rel}","templated":true}]}}

LA POUPETTE DÉFILÉ LOOK 28 &#8211; Manteau GUENOLE long marron camel en laine oversize

<p>Manteau long marron camel en laine oversize. Revers arrondi, fermeture croisée à double boutonnage, boutons noirs déstockés, poches de chaque côté.</p>
<p>Une pièce intemporelle, un basique pour la saison automne hiver. Laine épaisse provenant d&rsquo;une marque de Couture française.</p>
<p>Longueur totale à plat: 140 cm. Possible de le faire à la longueur que vous souhaitez.</p>
<p>La modèle mesure 1m75 et porte une taille S-36.</p>

<p>Manteau long marron camel en laine oversize. Revers arrondi, fermeture croisée à double boutonnage, boutons noirs déstockés, poches de chaque côté. Une&hellip;</p>
