{"id":366631,"date":"2024-09-10T08:39:21","date_gmt":"2024-09-10T16:40:25","guid":{"rendered":"https:\/\/maisoncleo.com\/\/?post_type=product&#038;p=366631"},"modified":"2024-09-10T21:22:14","modified_gmt":"2024-09-10T19:22:14","slug":"ready-to-ship-brassiere-ecrue-en-coton-biologique-tricotee-lara","status":"publish","type":"product","link":"https:\/\/maisoncleo.com\/fr\/shop\/ready-to-ship-brassiere-ecrue-en-coton-biologique-tricotee-lara\/","title":{"rendered":"READY TO SHIP &#8211; Brassi\u00e8re \u00e9crue en coton biologique tricot\u00e9e LARA"},"content":{"rendered":"<p id=\"tw-target-text\" class=\"tw-data-text tw-text-large XcVN5d tw-ta\" dir=\"ltr\" data-placeholder=\"Traduction\"><span lang=\"fr\">Notre premi\u00e8re brassi\u00e8re en maille! <\/span><\/p>\n<p class=\"tw-data-text tw-text-large XcVN5d tw-ta\" dir=\"ltr\" data-placeholder=\"Traduction\"><span lang=\"fr\">Fabriqu\u00e9e dans un fil 100% coton biologique que nous m\u00e9langeons avec un fil \u00e9lastique fabriqu\u00e9 localement dans notre ville de Lille, il n&rsquo;y a donc pas de syst\u00e8me de fermeture car elle est extensible. Tr\u00e8s bon maintien de la poitrine gr\u00e2ce \u00e0 l&rsquo;\u00e9lasticit\u00e9.<\/span><\/p>\n<p dir=\"ltr\" data-placeholder=\"Traduction\"><span lang=\"fr\">Voir la derni\u00e8re photo pour la voir port\u00e9e sur une poitrine plus g\u00e9n\u00e9reuse (100D).<\/span><\/p>\n<p dir=\"ltr\" data-placeholder=\"Traduction\">La mod\u00e8le mesure 1m70.<\/p>\n","protected":false},"excerpt":{"rendered":"<p>Notre premi\u00e8re brassi\u00e8re en maille! Fabriqu\u00e9e dans un fil 100% coton biologique que nous m\u00e9langeons avec un fil \u00e9lastique fabriqu\u00e9 localement dans&hellip;<\/p>\n","protected":false},"featured_media":338499,"template":"","meta":[],"product_brand":[],"product_cat":[669,913],"product_tag":[],"class_list":{"0":"post-366631","1":"product","2":"type-product","3":"status-publish","4":"has-post-thumbnail","6":"product_cat-always-buyable-fr","7":"product_cat-ready-to-ship","8":"pa_taille-xs-34-2","10":"first","11":"instock","12":"taxable","13":"shipping-taxable","14":"purchasable","15":"product-type-variable"},"_links":{"self":[{"href":"https:\/\/maisoncleo.com\/fr\/wp-json\/wp\/v2\/product\/366631","targetHints":{"allow":["GET"]}}],"collection":[{"href":"https:\/\/maisoncleo.com\/fr\/wp-json\/wp\/v2\/product"}],"about":[{"href":"https:\/\/maisoncleo.com\/fr\/wp-json\/wp\/v2\/types\/product"}],"version-history":[{"count":1,"href":"https:\/\/maisoncleo.com\/fr\/wp-json\/wp\/v2\/product\/366631\/revisions"}],"predecessor-version":[{"id":366651,"href":"https:\/\/maisoncleo.com\/fr\/wp-json\/wp\/v2\/product\/366631\/revisions\/366651"}],"wp:featuredmedia":[{"embeddable":true,"href":"https:\/\/maisoncleo.com\/fr\/wp-json\/wp\/v2\/media\/338499"}],"wp:attachment":[{"href":"https:\/\/maisoncleo.com\/fr\/wp-json\/wp\/v2\/media?parent=366631"}],"wp:term":[{"taxonomy":"product_brand","embeddable":true,"href":"https:\/\/maisoncleo.com\/fr\/wp-json\/wp\/v2\/product_brand?post=366631"},{"taxonomy":"product_cat","embeddable":true,"href":"https:\/\/maisoncleo.com\/fr\/wp-json\/wp\/v2\/product_cat?post=366631"},{"taxonomy":"product_tag","embeddable":true,"href":"https:\/\/maisoncleo.com\/fr\/wp-json\/wp\/v2\/product_tag?post=366631"}],"curies":[{"name":"wp","href":"https:\/\/api.w.org\/{rel}","templated":true}]}}

READY TO SHIP &#8211; Brassière écrue en coton biologique tricotée LARA

<p id="tw-target-text" class="tw-data-text tw-text-large XcVN5d tw-ta" dir="ltr" data-placeholder="Traduction"><span lang="fr">Notre première brassière en maille! </span></p>
<p class="tw-data-text tw-text-large XcVN5d tw-ta" dir="ltr" data-placeholder="Traduction"><span lang="fr">Fabriquée dans un fil 100% coton biologique que nous mélangeons avec un fil élastique fabriqué localement dans notre ville de Lille, il n&rsquo;y a donc pas de système de fermeture car elle est extensible. Très bon maintien de la poitrine grâce à l&rsquo;élasticité.</span></p>
<p dir="ltr" data-placeholder="Traduction"><span lang="fr">Voir la dernière photo pour la voir portée sur une poitrine plus généreuse (100D).</span></p>
<p dir="ltr" data-placeholder="Traduction">La modèle mesure 1m70.</p>

<p>Notre première brassière en maille! Fabriquée dans un fil 100% coton biologique que nous mélangeons avec un fil élastique fabriqué localement dans&hellip;</p>
