{"id":366550,"date":"2024-09-10T05:56:57","date_gmt":"2024-09-10T16:37:56","guid":{"rendered":"https:\/\/maisoncleo.com\/\/?post_type=product&#038;p=366550"},"modified":"2024-09-10T21:22:02","modified_gmt":"2024-09-10T19:22:02","slug":"robe-mini-en-coton-blanc-brode-et-dentelle-avec-liens-mimi","status":"publish","type":"product","link":"https:\/\/maisoncleo.com\/fr\/shop\/robe-mini-en-coton-blanc-brode-et-dentelle-avec-liens-mimi\/","title":{"rendered":"Robe mini en coton blanc brod\u00e9 et dentelle avec liens MIMI"},"content":{"rendered":"<div class=\"woocommerce-product-details__complete-description\">\n<p>Notre iconique MIMI en dentelle de Calais et coton brod\u00e9 anglais en version robe mini! Qui ne connait pas encore Mimi? En fran\u00e7ais, Mimi c&rsquo;est <em>mignon<\/em>, une femme gaie et libre comme l&rsquo;air.<\/p>\n<p>Ravissante dentelle de Calais fleurie aux d\u00e9tails d\u00e9licats. Partie sup\u00e9rieure ouverte devant, trois liens pour resserrer et fermer le haut. Coupe flare, bords volant\u00e9s. 100% coton et broderies fran\u00e7aises.<\/p>\n<p><span style=\"font-size: 1.7rem;\">Impossible de r\u00e9sister au charme de la robe Mimi !&lt;3<\/span><\/p>\n<\/div>\n<p>Longueur \u00e0 plat (bretelles incluses): 84 cm. Vous pouvez \u00e9galement choisir la version longue.<\/p>\n<p>La mod\u00e8le mesure 1m68 et porte une taille S-36.<\/p>\n<div class=\"col-12 text-center nbr_product\"><\/div>\n","protected":false},"excerpt":{"rendered":"<p>Notre iconique MIMI en dentelle de Calais et coton brod\u00e9 anglais en version robe mini! Qui ne connait pas encore Mimi? En&hellip;<\/p>\n","protected":false},"featured_media":351688,"template":"","meta":[],"product_brand":[],"product_cat":[662,668,664,661],"product_tag":[],"class_list":{"0":"post-366550","1":"product","2":"type-product","3":"status-publish","4":"has-post-thumbnail","6":"product_cat-basiques","7":"product_cat-capsule","8":"product_cat-robes","9":"product_cat-tout-voir","10":"pa_taille-l-40-2","11":"pa_taille-m-38-2","12":"pa_taille-s-36-2","13":"pa_taille-sur-mesure-fr-2","14":"pa_taille-xl-42-fr-2","15":"pa_taille-xs-34-2","17":"first","18":"instock","19":"taxable","20":"shipping-taxable","21":"purchasable","22":"product-type-variable","23":"has-default-attributes"},"_links":{"self":[{"href":"https:\/\/maisoncleo.com\/fr\/wp-json\/wp\/v2\/product\/366550","targetHints":{"allow":["GET"]}}],"collection":[{"href":"https:\/\/maisoncleo.com\/fr\/wp-json\/wp\/v2\/product"}],"about":[{"href":"https:\/\/maisoncleo.com\/fr\/wp-json\/wp\/v2\/types\/product"}],"version-history":[{"count":1,"href":"https:\/\/maisoncleo.com\/fr\/wp-json\/wp\/v2\/product\/366550\/revisions"}],"predecessor-version":[{"id":366576,"href":"https:\/\/maisoncleo.com\/fr\/wp-json\/wp\/v2\/product\/366550\/revisions\/366576"}],"wp:featuredmedia":[{"embeddable":true,"href":"https:\/\/maisoncleo.com\/fr\/wp-json\/wp\/v2\/media\/351688"}],"wp:attachment":[{"href":"https:\/\/maisoncleo.com\/fr\/wp-json\/wp\/v2\/media?parent=366550"}],"wp:term":[{"taxonomy":"product_brand","embeddable":true,"href":"https:\/\/maisoncleo.com\/fr\/wp-json\/wp\/v2\/product_brand?post=366550"},{"taxonomy":"product_cat","embeddable":true,"href":"https:\/\/maisoncleo.com\/fr\/wp-json\/wp\/v2\/product_cat?post=366550"},{"taxonomy":"product_tag","embeddable":true,"href":"https:\/\/maisoncleo.com\/fr\/wp-json\/wp\/v2\/product_tag?post=366550"}],"curies":[{"name":"wp","href":"https:\/\/api.w.org\/{rel}","templated":true}]}}

Robe mini en coton blanc brodé et dentelle avec liens MIMI

<div class="woocommerce-product-details__complete-description">
<p>Notre iconique MIMI en dentelle de Calais et coton brodé anglais en version robe mini! Qui ne connait pas encore Mimi? En français, Mimi c&rsquo;est <em>mignon</em>, une femme gaie et libre comme l&rsquo;air.</p>
<p>Ravissante dentelle de Calais fleurie aux détails délicats. Partie supérieure ouverte devant, trois liens pour resserrer et fermer le haut. Coupe flare, bords volantés. 100% coton et broderies françaises.</p>
<p><span style="font-size: 1.7rem;">Impossible de résister au charme de la robe Mimi !&lt;3</span></p>
</div>
<p>Longueur à plat (bretelles incluses): 84 cm. Vous pouvez également choisir la version longue.</p>
<p>La modèle mesure 1m68 et porte une taille S-36.</p>
<div class="col-12 text-center nbr_product"></div>

<p>Notre iconique MIMI en dentelle de Calais et coton brodé anglais en version robe mini! Qui ne connait pas encore Mimi? En&hellip;</p>
