{"id":366543,"date":"2024-09-10T05:56:57","date_gmt":"2024-09-10T16:37:55","guid":{"rendered":"https:\/\/maisoncleo.com\/\/?post_type=product&#038;p=366543"},"modified":"2024-09-10T21:22:01","modified_gmt":"2024-09-10T19:22:01","slug":"robe-a-bretelles-avec-armature-en-dentelle-blanche-volantee-avec-collier-fleur","status":"publish","type":"product","link":"https:\/\/maisoncleo.com\/fr\/shop\/robe-a-bretelles-avec-armature-en-dentelle-blanche-volantee-avec-collier-fleur\/","title":{"rendered":"Robe \u00e0 bretelles avec armature en dentelle blanche volant\u00e9e avec collier fleur"},"content":{"rendered":"<p>Robe \u00e0 bretelles avec armature en dentelle blanche volant\u00e9e. Collier fleur dentelle assorti.<\/p>\n<p>Bretelles blanches \u00e9lastiqu\u00e9es, baleines \u00e0 armature. Fentes sur l&rsquo;avant, volants. Doubl\u00e9e. Sublime dentelle de Calais.<\/p>\n<p>Vous ne pouvez pas vous tromper avec elle !&lt;3<\/p>\n<p>Nous avons besoin de 3 heures pour faire cette robe.<\/p>\n<p>Variation de couleur du LOOK 22 de notre d\u00e9fil\u00e9 \u201cCoup de foudre\u201d de mars 2023.<\/p>\n<p>Longueur totale \u00e0 plat: 87 cm. Bretelles: 15 cm. Fente: 15 cm.<\/p>\n<p>La mod\u00e8le mesure 1m73 et porte une taille M-38.<\/p>\n","protected":false},"excerpt":{"rendered":"<p>Robe \u00e0 bretelles avec armature en dentelle blanche volant\u00e9e. Collier fleur dentelle assorti. Bretelles blanches \u00e9lastiqu\u00e9es, baleines \u00e0 armature. Fentes sur l&rsquo;avant,&hellip;<\/p>\n","protected":false},"featured_media":351659,"template":"","meta":[],"product_brand":[],"product_cat":[958,668,664,661],"product_tag":[],"class_list":{"0":"post-366543","1":"product","2":"type-product","3":"status-publish","4":"has-post-thumbnail","6":"product_cat-mariage-selection","7":"product_cat-capsule","8":"product_cat-robes","9":"product_cat-tout-voir","10":"pa_taille-l-40-2","11":"pa_taille-m-38-2","12":"pa_taille-s-36-2","13":"pa_taille-sur-mesure-fr-2","14":"pa_taille-xl-42-fr-2","15":"pa_taille-xs-34-2","17":"first","18":"instock","19":"taxable","20":"shipping-taxable","21":"purchasable","22":"product-type-variable"},"_links":{"self":[{"href":"https:\/\/maisoncleo.com\/fr\/wp-json\/wp\/v2\/product\/366543","targetHints":{"allow":["GET"]}}],"collection":[{"href":"https:\/\/maisoncleo.com\/fr\/wp-json\/wp\/v2\/product"}],"about":[{"href":"https:\/\/maisoncleo.com\/fr\/wp-json\/wp\/v2\/types\/product"}],"version-history":[{"count":1,"href":"https:\/\/maisoncleo.com\/fr\/wp-json\/wp\/v2\/product\/366543\/revisions"}],"predecessor-version":[{"id":366565,"href":"https:\/\/maisoncleo.com\/fr\/wp-json\/wp\/v2\/product\/366543\/revisions\/366565"}],"wp:featuredmedia":[{"embeddable":true,"href":"https:\/\/maisoncleo.com\/fr\/wp-json\/wp\/v2\/media\/351659"}],"wp:attachment":[{"href":"https:\/\/maisoncleo.com\/fr\/wp-json\/wp\/v2\/media?parent=366543"}],"wp:term":[{"taxonomy":"product_brand","embeddable":true,"href":"https:\/\/maisoncleo.com\/fr\/wp-json\/wp\/v2\/product_brand?post=366543"},{"taxonomy":"product_cat","embeddable":true,"href":"https:\/\/maisoncleo.com\/fr\/wp-json\/wp\/v2\/product_cat?post=366543"},{"taxonomy":"product_tag","embeddable":true,"href":"https:\/\/maisoncleo.com\/fr\/wp-json\/wp\/v2\/product_tag?post=366543"}],"curies":[{"name":"wp","href":"https:\/\/api.w.org\/{rel}","templated":true}]}}

Robe à bretelles avec armature en dentelle blanche volantée avec collier fleur

<p>Robe à bretelles avec armature en dentelle blanche volantée. Collier fleur dentelle assorti.</p>
<p>Bretelles blanches élastiquées, baleines à armature. Fentes sur l&rsquo;avant, volants. Doublée. Sublime dentelle de Calais.</p>
<p>Vous ne pouvez pas vous tromper avec elle !&lt;3</p>
<p>Nous avons besoin de 3 heures pour faire cette robe.</p>
<p>Variation de couleur du LOOK 22 de notre défilé “Coup de foudre” de mars 2023.</p>
<p>Longueur totale à plat: 87 cm. Bretelles: 15 cm. Fente: 15 cm.</p>
<p>La modèle mesure 1m73 et porte une taille M-38.</p>

<p>Robe à bretelles avec armature en dentelle blanche volantée. Collier fleur dentelle assorti. Bretelles blanches élastiquées, baleines à armature. Fentes sur l&rsquo;avant,&hellip;</p>
