{"id":366519,"date":"2024-09-10T05:53:28","date_gmt":"2024-09-10T16:37:08","guid":{"rendered":"https:\/\/maisoncleo.com\/\/?post_type=product&#038;p=366519"},"modified":"2024-09-10T21:22:03","modified_gmt":"2024-09-10T19:22:03","slug":"robe-mini-dos-nu-en-mesh-a-motif-coquelicots-papillons","status":"publish","type":"product","link":"https:\/\/maisoncleo.com\/fr\/shop\/robe-mini-dos-nu-en-mesh-a-motif-coquelicots-papillons\/","title":{"rendered":"Robe mini dos nu en mesh \u00e0 motif coquelicots &#038; papillons"},"content":{"rendered":"<p>Robe mini dos nu en mesh \u00e0 motif coquelicots &amp; papillons.<\/p>\n<p>Motif coquelicots rouges &amp; verts et papillons violets. \u00c0 nouer dans la nuque, dos nu. Finition bourdon. Coupe ajust\u00e9e, doubl\u00e9e.<\/p>\n<p>Longueur totale \u00e0 plat (du col \u00e0 l&rsquo;ourlet): 70 cm. Si vous la souhaitez plus longue, veuillez nous laisser un commentaire lors de la commande.<\/p>\n<p>La mod\u00e8le mesure 1m73 et porte une taille M-38.<\/p>\n","protected":false},"excerpt":{"rendered":"<p>Robe mini dos nu en mesh \u00e0 motif coquelicots &amp; papillons. Motif coquelicots rouges &amp; verts et papillons violets. \u00c0 nouer dans&hellip;<\/p>\n","protected":false},"featured_media":351713,"template":"","meta":[],"product_brand":[],"product_cat":[668,664,661],"product_tag":[],"class_list":{"0":"post-366519","1":"product","2":"type-product","3":"status-publish","4":"has-post-thumbnail","6":"product_cat-capsule","7":"product_cat-robes","8":"product_cat-tout-voir","9":"pa_taille-l-40-2","10":"pa_taille-m-38-2","11":"pa_taille-s-36-2","12":"pa_taille-sur-mesure-fr-2","13":"pa_taille-xl-42-fr-2","14":"pa_taille-xs-34-2","16":"first","17":"outofstock","18":"taxable","19":"shipping-taxable","20":"purchasable","21":"product-type-variable"},"_links":{"self":[{"href":"https:\/\/maisoncleo.com\/fr\/wp-json\/wp\/v2\/product\/366519","targetHints":{"allow":["GET"]}}],"collection":[{"href":"https:\/\/maisoncleo.com\/fr\/wp-json\/wp\/v2\/product"}],"about":[{"href":"https:\/\/maisoncleo.com\/fr\/wp-json\/wp\/v2\/types\/product"}],"version-history":[{"count":1,"href":"https:\/\/maisoncleo.com\/fr\/wp-json\/wp\/v2\/product\/366519\/revisions"}],"predecessor-version":[{"id":366577,"href":"https:\/\/maisoncleo.com\/fr\/wp-json\/wp\/v2\/product\/366519\/revisions\/366577"}],"wp:featuredmedia":[{"embeddable":true,"href":"https:\/\/maisoncleo.com\/fr\/wp-json\/wp\/v2\/media\/351713"}],"wp:attachment":[{"href":"https:\/\/maisoncleo.com\/fr\/wp-json\/wp\/v2\/media?parent=366519"}],"wp:term":[{"taxonomy":"product_brand","embeddable":true,"href":"https:\/\/maisoncleo.com\/fr\/wp-json\/wp\/v2\/product_brand?post=366519"},{"taxonomy":"product_cat","embeddable":true,"href":"https:\/\/maisoncleo.com\/fr\/wp-json\/wp\/v2\/product_cat?post=366519"},{"taxonomy":"product_tag","embeddable":true,"href":"https:\/\/maisoncleo.com\/fr\/wp-json\/wp\/v2\/product_tag?post=366519"}],"curies":[{"name":"wp","href":"https:\/\/api.w.org\/{rel}","templated":true}]}}

Robe mini dos nu en mesh à motif coquelicots &#038; papillons

<p>Robe mini dos nu en mesh à motif coquelicots &amp; papillons.</p>
<p>Motif coquelicots rouges &amp; verts et papillons violets. À nouer dans la nuque, dos nu. Finition bourdon. Coupe ajustée, doublée.</p>
<p>Longueur totale à plat (du col à l&rsquo;ourlet): 70 cm. Si vous la souhaitez plus longue, veuillez nous laisser un commentaire lors de la commande.</p>
<p>La modèle mesure 1m73 et porte une taille M-38.</p>

<p>Robe mini dos nu en mesh à motif coquelicots &amp; papillons. Motif coquelicots rouges &amp; verts et papillons violets. À nouer dans&hellip;</p>
