{"id":366450,"date":"2024-09-10T05:44:23","date_gmt":"2024-09-10T16:35:05","guid":{"rendered":"https:\/\/maisoncleo.com\/\/?post_type=product&#038;p=366450"},"modified":"2024-09-10T21:21:50","modified_gmt":"2024-09-10T19:21:50","slug":"top-dos-nu-a-sequins-brillants-vert-corail","status":"publish","type":"product","link":"https:\/\/maisoncleo.com\/fr\/shop\/top-dos-nu-a-sequins-brillants-vert-corail\/","title":{"rendered":"Top dos nu \u00e0 sequins brillants vert corail"},"content":{"rendered":"<p id=\"tw-target-text\" class=\"tw-data-text tw-text-large tw-ta\" dir=\"ltr\" data-placeholder=\"Traduction\">Top dos nu \u00e0 sequins brillants vert corail.<\/p>\n<p dir=\"ltr\" data-placeholder=\"Traduction\">Unique tissu ajour\u00e9 style filet de p\u00eache dans une sublime couleur verte corail. \u00c0 nouer dans le dos, dos nu. Coupe ajust\u00e9e.<\/p>\n<p dir=\"ltr\" data-placeholder=\"Traduction\">Un r\u00eave de sir\u00e8ne!<\/p>\n<p dir=\"ltr\" data-placeholder=\"Traduction\">Nous pouvons faire 5 tops dans ce tissu sp\u00e9cial.<\/p>\n<p dir=\"ltr\" data-placeholder=\"Traduction\">Longueur totale \u00e0 plat (du col \u00e0 l&rsquo;ourlet): 37 cm.<\/p>\n<p class=\"tw-data-text tw-text-large tw-ta\" dir=\"ltr\" data-placeholder=\"Traduction\"><span class=\"Y2IQFc\" lang=\"fr\">La mod\u00e8le mesure 1m74 et porte une taille S-36.<\/span><\/p>\n","protected":false},"excerpt":{"rendered":"<p>Top dos nu \u00e0 sequins brillants vert corail. Unique tissu ajour\u00e9 style filet de p\u00eache dans une sublime couleur verte corail. \u00c0&hellip;<\/p>\n","protected":false},"featured_media":351412,"template":"","meta":[],"product_brand":[],"product_cat":[668,674,661],"product_tag":[],"class_list":{"0":"post-366450","1":"product","2":"type-product","3":"status-publish","4":"has-post-thumbnail","6":"product_cat-capsule","7":"product_cat-tops","8":"product_cat-tout-voir","9":"pa_taille-l-40-2","10":"pa_taille-m-38-2","11":"pa_taille-s-36-2","12":"pa_taille-sur-mesure-fr-2","13":"pa_taille-xl-42-fr-2","14":"pa_taille-xs-34-2","16":"first","17":"outofstock","18":"taxable","19":"shipping-taxable","20":"purchasable","21":"product-type-variable"},"_links":{"self":[{"href":"https:\/\/maisoncleo.com\/fr\/wp-json\/wp\/v2\/product\/366450","targetHints":{"allow":["GET"]}}],"collection":[{"href":"https:\/\/maisoncleo.com\/fr\/wp-json\/wp\/v2\/product"}],"about":[{"href":"https:\/\/maisoncleo.com\/fr\/wp-json\/wp\/v2\/types\/product"}],"version-history":[{"count":1,"href":"https:\/\/maisoncleo.com\/fr\/wp-json\/wp\/v2\/product\/366450\/revisions"}],"predecessor-version":[{"id":366485,"href":"https:\/\/maisoncleo.com\/fr\/wp-json\/wp\/v2\/product\/366450\/revisions\/366485"}],"wp:featuredmedia":[{"embeddable":true,"href":"https:\/\/maisoncleo.com\/fr\/wp-json\/wp\/v2\/media\/351412"}],"wp:attachment":[{"href":"https:\/\/maisoncleo.com\/fr\/wp-json\/wp\/v2\/media?parent=366450"}],"wp:term":[{"taxonomy":"product_brand","embeddable":true,"href":"https:\/\/maisoncleo.com\/fr\/wp-json\/wp\/v2\/product_brand?post=366450"},{"taxonomy":"product_cat","embeddable":true,"href":"https:\/\/maisoncleo.com\/fr\/wp-json\/wp\/v2\/product_cat?post=366450"},{"taxonomy":"product_tag","embeddable":true,"href":"https:\/\/maisoncleo.com\/fr\/wp-json\/wp\/v2\/product_tag?post=366450"}],"curies":[{"name":"wp","href":"https:\/\/api.w.org\/{rel}","templated":true}]}}

Top dos nu à sequins brillants vert corail

<p id="tw-target-text" class="tw-data-text tw-text-large tw-ta" dir="ltr" data-placeholder="Traduction">Top dos nu à sequins brillants vert corail.</p>
<p dir="ltr" data-placeholder="Traduction">Unique tissu ajouré style filet de pêche dans une sublime couleur verte corail. À nouer dans le dos, dos nu. Coupe ajustée.</p>
<p dir="ltr" data-placeholder="Traduction">Un rêve de sirène!</p>
<p dir="ltr" data-placeholder="Traduction">Nous pouvons faire 5 tops dans ce tissu spécial.</p>
<p dir="ltr" data-placeholder="Traduction">Longueur totale à plat (du col à l&rsquo;ourlet): 37 cm.</p>
<p class="tw-data-text tw-text-large tw-ta" dir="ltr" data-placeholder="Traduction"><span class="Y2IQFc" lang="fr">La modèle mesure 1m74 et porte une taille S-36.</span></p>

<p>Top dos nu à sequins brillants vert corail. Unique tissu ajouré style filet de pêche dans une sublime couleur verte corail. À&hellip;</p>
