{"id":366391,"date":"2024-09-10T05:38:24","date_gmt":"2024-09-10T16:33:06","guid":{"rendered":"https:\/\/maisoncleo.com\/\/?post_type=product&#038;p=366391"},"modified":"2024-09-10T21:21:43","modified_gmt":"2024-09-10T19:21:43","slug":"robe-longue-en-dentelle-de-calais-motif-fleuri","status":"publish","type":"product","link":"https:\/\/maisoncleo.com\/fr\/shop\/robe-longue-en-dentelle-de-calais-motif-fleuri\/","title":{"rendered":"Robe longue en dentelle de Calais motif fleuri"},"content":{"rendered":"<p id=\"tw-target-text\" class=\"tw-data-text tw-text-large tw-ta\" dir=\"ltr\" data-placeholder=\"Traduction\"><span class=\"Y2IQFc\" lang=\"fr\">Robe longue en dentelle de Calais motif fleuri.<\/span><\/p>\n<p class=\"tw-data-text tw-text-large tw-ta\" dir=\"ltr\" data-placeholder=\"Traduction\"><span class=\"Y2IQFc\" lang=\"fr\">D\u00e9licat motif fleuri. Col rond. Coupe droite, l\u00e9g\u00e8rement \u00e9vas\u00e9e.<\/span><\/p>\n<p dir=\"ltr\" data-placeholder=\"Traduction\">Super \u00e9l\u00e9gante l&rsquo;\u00e9t\u00e9 au-dessus d&rsquo;un maillot de bain!<\/p>\n<p dir=\"ltr\" data-placeholder=\"Traduction\">Possibilit\u00e9 d&rsquo;ajouter une doublure pour 40 euros suppl\u00e9mentaires en choisissant l&rsquo;option.<\/p>\n<p class=\"tw-data-text tw-text-large tw-ta\" dir=\"ltr\" data-placeholder=\"Traduction\">Longueur \u00e0 plat: 139 cm.<\/p>\n<p class=\"tw-data-text tw-text-large tw-ta\" dir=\"ltr\" data-placeholder=\"Traduction\"><span class=\"Y2IQFc\" lang=\"fr\">La mod\u00e8le mesure 1m74 et porte une taille S-36.<\/span><\/p>\n","protected":false},"excerpt":{"rendered":"<p>Robe longue en dentelle de Calais motif fleuri. D\u00e9licat motif fleuri. Col rond. Coupe droite, l\u00e9g\u00e8rement \u00e9vas\u00e9e. Super \u00e9l\u00e9gante l&rsquo;\u00e9t\u00e9 au-dessus d&rsquo;un&hellip;<\/p>\n","protected":false},"featured_media":351293,"template":"","meta":[],"product_brand":[],"product_cat":[668,664,661],"product_tag":[],"class_list":{"0":"post-366391","1":"product","2":"type-product","3":"status-publish","4":"has-post-thumbnail","6":"product_cat-capsule","7":"product_cat-robes","8":"product_cat-tout-voir","9":"pa_taille-l-40-2","10":"pa_taille-m-38-2","11":"pa_taille-s-36-2","12":"pa_taille-sur-mesure-fr-2","13":"pa_taille-xl-42-fr-2","14":"pa_taille-xs-34-2","16":"first","17":"instock","18":"taxable","19":"shipping-taxable","20":"purchasable","21":"product-type-variable"},"_links":{"self":[{"href":"https:\/\/maisoncleo.com\/fr\/wp-json\/wp\/v2\/product\/366391","targetHints":{"allow":["GET"]}}],"collection":[{"href":"https:\/\/maisoncleo.com\/fr\/wp-json\/wp\/v2\/product"}],"about":[{"href":"https:\/\/maisoncleo.com\/fr\/wp-json\/wp\/v2\/types\/product"}],"version-history":[{"count":1,"href":"https:\/\/maisoncleo.com\/fr\/wp-json\/wp\/v2\/product\/366391\/revisions"}],"predecessor-version":[{"id":366432,"href":"https:\/\/maisoncleo.com\/fr\/wp-json\/wp\/v2\/product\/366391\/revisions\/366432"}],"wp:featuredmedia":[{"embeddable":true,"href":"https:\/\/maisoncleo.com\/fr\/wp-json\/wp\/v2\/media\/351293"}],"wp:attachment":[{"href":"https:\/\/maisoncleo.com\/fr\/wp-json\/wp\/v2\/media?parent=366391"}],"wp:term":[{"taxonomy":"product_brand","embeddable":true,"href":"https:\/\/maisoncleo.com\/fr\/wp-json\/wp\/v2\/product_brand?post=366391"},{"taxonomy":"product_cat","embeddable":true,"href":"https:\/\/maisoncleo.com\/fr\/wp-json\/wp\/v2\/product_cat?post=366391"},{"taxonomy":"product_tag","embeddable":true,"href":"https:\/\/maisoncleo.com\/fr\/wp-json\/wp\/v2\/product_tag?post=366391"}],"curies":[{"name":"wp","href":"https:\/\/api.w.org\/{rel}","templated":true}]}}

<p id="tw-target-text" class="tw-data-text tw-text-large tw-ta" dir="ltr" data-placeholder="Traduction"><span class="Y2IQFc" lang="fr">Robe longue en dentelle de Calais motif fleuri.</span></p>
<p class="tw-data-text tw-text-large tw-ta" dir="ltr" data-placeholder="Traduction"><span class="Y2IQFc" lang="fr">Délicat motif fleuri. Col rond. Coupe droite, légèrement évasée.</span></p>
<p dir="ltr" data-placeholder="Traduction">Super élégante l&rsquo;été au-dessus d&rsquo;un maillot de bain!</p>
<p dir="ltr" data-placeholder="Traduction">Possibilité d&rsquo;ajouter une doublure pour 40 euros supplémentaires en choisissant l&rsquo;option.</p>
<p class="tw-data-text tw-text-large tw-ta" dir="ltr" data-placeholder="Traduction">Longueur à plat: 139 cm.</p>
<p class="tw-data-text tw-text-large tw-ta" dir="ltr" data-placeholder="Traduction"><span class="Y2IQFc" lang="fr">La modèle mesure 1m74 et porte une taille S-36.</span></p>

<p>Robe longue en dentelle de Calais motif fleuri. Délicat motif fleuri. Col rond. Coupe droite, légèrement évasée. Super élégante l&rsquo;été au-dessus d&rsquo;un&hellip;</p>
