{"id":366228,"date":"2024-09-10T05:21:35","date_gmt":"2024-09-10T16:27:59","guid":{"rendered":"https:\/\/maisoncleo.com\/\/?post_type=product&#038;p=366228"},"modified":"2024-09-10T21:21:05","modified_gmt":"2024-09-10T19:21:05","slug":"blouse-a-fleurs-roses-fuchsia-anita-en-soie","status":"publish","type":"product","link":"https:\/\/maisoncleo.com\/fr\/shop\/blouse-a-fleurs-roses-fuchsia-anita-en-soie\/","title":{"rendered":"Blouse \u00e0 fleurs roses fuchsia ANITA en soie"},"content":{"rendered":"<p id=\"tw-target-text\" class=\"tw-data-text tw-text-large tw-ta\" dir=\"ltr\" data-placeholder=\"Traduction\"><span class=\"Y2IQFc\" lang=\"fr\">Notre blouse Anita en soie \u00e0 fleurs roses fuchsia.<\/span><\/p>\n<p class=\"tw-data-text tw-text-large tw-ta\" dir=\"ltr\" data-placeholder=\"Traduction\"><span class=\"Y2IQFc\" lang=\"fr\">D\u00e9licat motif fleuri rose fuchsia. Petit col rond. Petites manches bouffantes, poignets larges. \u00c0 nouer de deux mani\u00e8res diff\u00e9rentes: sur le devant ou dans le dos. 100% soie.<\/span><\/p>\n<p dir=\"ltr\" data-placeholder=\"Traduction\">Le plus ravissant des ensembles fleuris!<\/p>\n<p class=\"tw-data-text tw-text-large tw-ta\" dir=\"ltr\" data-placeholder=\"Traduction\">Longueur \u00e0 plat: 43 cm.<\/p>\n<p class=\"tw-data-text tw-text-large tw-ta\" dir=\"ltr\" data-placeholder=\"Traduction\"><span class=\"Y2IQFc\" lang=\"fr\">La mod\u00e8le mesure 1m71 et porte une taille S-36.<\/span><\/p>\n","protected":false},"excerpt":{"rendered":"<p>Notre blouse Anita en soie \u00e0 fleurs roses fuchsia. D\u00e9licat motif fleuri rose fuchsia. Petit col rond. Petites manches bouffantes, poignets larges.&hellip;<\/p>\n","protected":false},"featured_media":350889,"template":"","meta":[],"product_brand":[],"product_cat":[663,668,674,661],"product_tag":[],"class_list":{"0":"post-366228","1":"product","2":"type-product","3":"status-publish","4":"has-post-thumbnail","6":"product_cat-blouses","7":"product_cat-capsule","8":"product_cat-tops","9":"product_cat-tout-voir","10":"pa_taille-l-40-2","11":"pa_taille-m-38-2","12":"pa_taille-s-36-2","13":"pa_taille-sur-mesure-fr-2","14":"pa_taille-xl-42-fr-2","15":"pa_taille-xs-34-2","17":"first","18":"outofstock","19":"taxable","20":"shipping-taxable","21":"purchasable","22":"product-type-variable"},"_links":{"self":[{"href":"https:\/\/maisoncleo.com\/fr\/wp-json\/wp\/v2\/product\/366228","targetHints":{"allow":["GET"]}}],"collection":[{"href":"https:\/\/maisoncleo.com\/fr\/wp-json\/wp\/v2\/product"}],"about":[{"href":"https:\/\/maisoncleo.com\/fr\/wp-json\/wp\/v2\/types\/product"}],"version-history":[{"count":1,"href":"https:\/\/maisoncleo.com\/fr\/wp-json\/wp\/v2\/product\/366228\/revisions"}],"predecessor-version":[{"id":366263,"href":"https:\/\/maisoncleo.com\/fr\/wp-json\/wp\/v2\/product\/366228\/revisions\/366263"}],"wp:featuredmedia":[{"embeddable":true,"href":"https:\/\/maisoncleo.com\/fr\/wp-json\/wp\/v2\/media\/350889"}],"wp:attachment":[{"href":"https:\/\/maisoncleo.com\/fr\/wp-json\/wp\/v2\/media?parent=366228"}],"wp:term":[{"taxonomy":"product_brand","embeddable":true,"href":"https:\/\/maisoncleo.com\/fr\/wp-json\/wp\/v2\/product_brand?post=366228"},{"taxonomy":"product_cat","embeddable":true,"href":"https:\/\/maisoncleo.com\/fr\/wp-json\/wp\/v2\/product_cat?post=366228"},{"taxonomy":"product_tag","embeddable":true,"href":"https:\/\/maisoncleo.com\/fr\/wp-json\/wp\/v2\/product_tag?post=366228"}],"curies":[{"name":"wp","href":"https:\/\/api.w.org\/{rel}","templated":true}]}}

Blouse à fleurs roses fuchsia ANITA en soie

<p id="tw-target-text" class="tw-data-text tw-text-large tw-ta" dir="ltr" data-placeholder="Traduction"><span class="Y2IQFc" lang="fr">Notre blouse Anita en soie à fleurs roses fuchsia.</span></p>
<p class="tw-data-text tw-text-large tw-ta" dir="ltr" data-placeholder="Traduction"><span class="Y2IQFc" lang="fr">Délicat motif fleuri rose fuchsia. Petit col rond. Petites manches bouffantes, poignets larges. À nouer de deux manières différentes: sur le devant ou dans le dos. 100% soie.</span></p>
<p dir="ltr" data-placeholder="Traduction">Le plus ravissant des ensembles fleuris!</p>
<p class="tw-data-text tw-text-large tw-ta" dir="ltr" data-placeholder="Traduction">Longueur à plat: 43 cm.</p>
<p class="tw-data-text tw-text-large tw-ta" dir="ltr" data-placeholder="Traduction"><span class="Y2IQFc" lang="fr">La modèle mesure 1m71 et porte une taille S-36.</span></p>

<p>Notre blouse Anita en soie à fleurs roses fuchsia. Délicat motif fleuri rose fuchsia. Petit col rond. Petites manches bouffantes, poignets larges.&hellip;</p>
