{"id":366210,"date":"2024-09-10T05:19:57","date_gmt":"2024-09-10T16:27:14","guid":{"rendered":"https:\/\/maisoncleo.com\/\/?post_type=product&#038;p=366210"},"modified":"2024-09-10T21:21:06","modified_gmt":"2024-09-10T19:21:06","slug":"robe-longue-asymetrique-en-dentelle-de-calais-noire-fleurie","status":"publish","type":"product","link":"https:\/\/maisoncleo.com\/fr\/shop\/robe-longue-asymetrique-en-dentelle-de-calais-noire-fleurie\/","title":{"rendered":"Robe longue asym\u00e9trique en dentelle de Calais noire fleurie"},"content":{"rendered":"<p id=\"tw-target-text\" class=\"tw-data-text tw-text-large tw-ta\" dir=\"ltr\" data-placeholder=\"Traduction\"><span class=\"Y2IQFc\" lang=\"fr\">Robe longue asym\u00e9trique en dentelle de Calais noire fleurie.<\/span><\/p>\n<p class=\"tw-data-text tw-text-large tw-ta\" dir=\"ltr\" data-placeholder=\"Traduction\"><span class=\"Y2IQFc\" lang=\"fr\">D\u00e9licat motif fleuri. D\u00e9collet\u00e9, support poitrine. Long volant sur le c\u00f4t\u00e9 gauche. Coupe loose. 100% pr\u00e9cieuse dentelle de Calais.<\/span><\/p>\n<p class=\"tw-data-text tw-text-large tw-ta\" dir=\"ltr\" data-placeholder=\"Traduction\">Longueur \u00e0 plat (bretelles incluses): 128 cm.<\/p>\n<p class=\"tw-data-text tw-text-large tw-ta\" dir=\"ltr\" data-placeholder=\"Traduction\"><span class=\"Y2IQFc\" lang=\"fr\">La mod\u00e8le mesure 1m71 et porte une taille S-36.<\/span><\/p>\n","protected":false},"excerpt":{"rendered":"<p>Robe longue asym\u00e9trique en dentelle de Calais noire fleurie. D\u00e9licat motif fleuri. D\u00e9collet\u00e9, support poitrine. Long volant sur le c\u00f4t\u00e9 gauche. Coupe&hellip;<\/p>\n","protected":false},"featured_media":350909,"template":"","meta":[],"product_brand":[],"product_cat":[668,664,661],"product_tag":[],"class_list":{"0":"post-366210","1":"product","2":"type-product","3":"status-publish","4":"has-post-thumbnail","6":"product_cat-capsule","7":"product_cat-robes","8":"product_cat-tout-voir","9":"pa_taille-l-40-2","10":"pa_taille-m-38-2","11":"pa_taille-s-36-2","12":"pa_taille-sur-mesure-fr-2","13":"pa_taille-xl-42-fr-2","14":"pa_taille-xs-34-2","16":"first","17":"outofstock","18":"taxable","19":"shipping-taxable","20":"purchasable","21":"product-type-variable"},"_links":{"self":[{"href":"https:\/\/maisoncleo.com\/fr\/wp-json\/wp\/v2\/product\/366210","targetHints":{"allow":["GET"]}}],"collection":[{"href":"https:\/\/maisoncleo.com\/fr\/wp-json\/wp\/v2\/product"}],"about":[{"href":"https:\/\/maisoncleo.com\/fr\/wp-json\/wp\/v2\/types\/product"}],"version-history":[{"count":1,"href":"https:\/\/maisoncleo.com\/fr\/wp-json\/wp\/v2\/product\/366210\/revisions"}],"predecessor-version":[{"id":366275,"href":"https:\/\/maisoncleo.com\/fr\/wp-json\/wp\/v2\/product\/366210\/revisions\/366275"}],"wp:featuredmedia":[{"embeddable":true,"href":"https:\/\/maisoncleo.com\/fr\/wp-json\/wp\/v2\/media\/350909"}],"wp:attachment":[{"href":"https:\/\/maisoncleo.com\/fr\/wp-json\/wp\/v2\/media?parent=366210"}],"wp:term":[{"taxonomy":"product_brand","embeddable":true,"href":"https:\/\/maisoncleo.com\/fr\/wp-json\/wp\/v2\/product_brand?post=366210"},{"taxonomy":"product_cat","embeddable":true,"href":"https:\/\/maisoncleo.com\/fr\/wp-json\/wp\/v2\/product_cat?post=366210"},{"taxonomy":"product_tag","embeddable":true,"href":"https:\/\/maisoncleo.com\/fr\/wp-json\/wp\/v2\/product_tag?post=366210"}],"curies":[{"name":"wp","href":"https:\/\/api.w.org\/{rel}","templated":true}]}}

Robe longue asymétrique en dentelle de Calais noire fleurie

<p id="tw-target-text" class="tw-data-text tw-text-large tw-ta" dir="ltr" data-placeholder="Traduction"><span class="Y2IQFc" lang="fr">Robe longue asymétrique en dentelle de Calais noire fleurie.</span></p>
<p class="tw-data-text tw-text-large tw-ta" dir="ltr" data-placeholder="Traduction"><span class="Y2IQFc" lang="fr">Délicat motif fleuri. Décolleté, support poitrine. Long volant sur le côté gauche. Coupe loose. 100% précieuse dentelle de Calais.</span></p>
<p class="tw-data-text tw-text-large tw-ta" dir="ltr" data-placeholder="Traduction">Longueur à plat (bretelles incluses): 128 cm.</p>
<p class="tw-data-text tw-text-large tw-ta" dir="ltr" data-placeholder="Traduction"><span class="Y2IQFc" lang="fr">La modèle mesure 1m71 et porte une taille S-36.</span></p>

<p>Robe longue asymétrique en dentelle de Calais noire fleurie. Délicat motif fleuri. Décolleté, support poitrine. Long volant sur le côté gauche. Coupe&hellip;</p>
