{"id":366209,"date":"2024-09-10T05:19:57","date_gmt":"2024-09-10T03:19:57","guid":{"rendered":"https:\/\/maisoncleo.com\/\/?post_type=product&#038;p=366209"},"modified":"2024-09-10T21:21:02","modified_gmt":"2024-09-10T19:21:02","slug":"t-shirt-en-dentelle-de-calais-fleurie-noire","status":"publish","type":"product","link":"https:\/\/maisoncleo.com\/fr\/shop\/t-shirt-en-dentelle-de-calais-fleurie-noire\/","title":{"rendered":"T-shirt en dentelle de Calais fleurie noire"},"content":{"rendered":"<p id=\"tw-target-text\" class=\"tw-data-text tw-text-large tw-ta\" dir=\"ltr\" data-placeholder=\"Traduction\"><span class=\"Y2IQFc\" lang=\"fr\">T-shirt en dentelle de Calais fleurie noire.<\/span><\/p>\n<p class=\"tw-data-text tw-text-large tw-ta\" dir=\"ltr\" data-placeholder=\"Traduction\"><span class=\"Y2IQFc\" lang=\"fr\">D\u00e9licat motif fleuri. Col rond, finitions bourdon. Coupe ajust\u00e9e et droite. 100% pr\u00e9cieuse dentelle de Calais.<\/span><\/p>\n<p class=\"tw-data-text tw-text-large tw-ta\" dir=\"ltr\" data-placeholder=\"Traduction\">Longueur \u00e0 plat: 45 cm.<\/p>\n<p class=\"tw-data-text tw-text-large tw-ta\" dir=\"ltr\" data-placeholder=\"Traduction\"><span class=\"Y2IQFc\" lang=\"fr\">La mod\u00e8le mesure 1m71 et porte une taille S-36.<\/span><\/p>\n","protected":false},"excerpt":{"rendered":"<p>T-shirt en dentelle de Calais fleurie noire. D\u00e9licat motif fleuri. Col rond, finitions bourdon. Coupe ajust\u00e9e et droite. 100% pr\u00e9cieuse dentelle de&hellip;<\/p>\n","protected":false},"featured_media":350850,"template":"","meta":[],"product_brand":[],"product_cat":[668,674,661],"product_tag":[],"class_list":{"0":"post-366209","1":"product","2":"type-product","3":"status-publish","4":"has-post-thumbnail","6":"product_cat-capsule","7":"product_cat-tops","8":"product_cat-tout-voir","9":"pa_taille-l-40-2","10":"pa_taille-m-38-2","11":"pa_taille-s-36-2","12":"pa_taille-sur-mesure-fr-2","13":"pa_taille-xl-42-fr-2","14":"pa_taille-xs-34-2","16":"first","17":"instock","18":"taxable","19":"shipping-taxable","20":"purchasable","21":"product-type-variable"},"_links":{"self":[{"href":"https:\/\/maisoncleo.com\/fr\/wp-json\/wp\/v2\/product\/366209","targetHints":{"allow":["GET"]}}],"collection":[{"href":"https:\/\/maisoncleo.com\/fr\/wp-json\/wp\/v2\/product"}],"about":[{"href":"https:\/\/maisoncleo.com\/fr\/wp-json\/wp\/v2\/types\/product"}],"version-history":[{"count":1,"href":"https:\/\/maisoncleo.com\/fr\/wp-json\/wp\/v2\/product\/366209\/revisions"}],"predecessor-version":[{"id":366247,"href":"https:\/\/maisoncleo.com\/fr\/wp-json\/wp\/v2\/product\/366209\/revisions\/366247"}],"wp:featuredmedia":[{"embeddable":true,"href":"https:\/\/maisoncleo.com\/fr\/wp-json\/wp\/v2\/media\/350850"}],"wp:attachment":[{"href":"https:\/\/maisoncleo.com\/fr\/wp-json\/wp\/v2\/media?parent=366209"}],"wp:term":[{"taxonomy":"product_brand","embeddable":true,"href":"https:\/\/maisoncleo.com\/fr\/wp-json\/wp\/v2\/product_brand?post=366209"},{"taxonomy":"product_cat","embeddable":true,"href":"https:\/\/maisoncleo.com\/fr\/wp-json\/wp\/v2\/product_cat?post=366209"},{"taxonomy":"product_tag","embeddable":true,"href":"https:\/\/maisoncleo.com\/fr\/wp-json\/wp\/v2\/product_tag?post=366209"}],"curies":[{"name":"wp","href":"https:\/\/api.w.org\/{rel}","templated":true}]}}

<p id="tw-target-text" class="tw-data-text tw-text-large tw-ta" dir="ltr" data-placeholder="Traduction"><span class="Y2IQFc" lang="fr">T-shirt en dentelle de Calais fleurie noire.</span></p>
<p class="tw-data-text tw-text-large tw-ta" dir="ltr" data-placeholder="Traduction"><span class="Y2IQFc" lang="fr">Délicat motif fleuri. Col rond, finitions bourdon. Coupe ajustée et droite. 100% précieuse dentelle de Calais.</span></p>
<p class="tw-data-text tw-text-large tw-ta" dir="ltr" data-placeholder="Traduction">Longueur à plat: 45 cm.</p>
<p class="tw-data-text tw-text-large tw-ta" dir="ltr" data-placeholder="Traduction"><span class="Y2IQFc" lang="fr">La modèle mesure 1m71 et porte une taille S-36.</span></p>

<p>T-shirt en dentelle de Calais fleurie noire. Délicat motif fleuri. Col rond, finitions bourdon. Coupe ajustée et droite. 100% précieuse dentelle de&hellip;</p>
