{"id":366190,"date":"2024-09-10T05:18:50","date_gmt":"2024-09-10T16:26:47","guid":{"rendered":"https:\/\/maisoncleo.com\/\/?post_type=product&#038;p=366190"},"modified":"2024-09-10T21:21:07","modified_gmt":"2024-09-10T19:21:07","slug":"jupe-mini-en-denim-raye-destroy-a-une-fleur","status":"publish","type":"product","link":"https:\/\/maisoncleo.com\/fr\/shop\/jupe-mini-en-denim-raye-destroy-a-une-fleur\/","title":{"rendered":"Jupe mini en denim ray\u00e9 destroy \u00e0 une fleur"},"content":{"rendered":"<p id=\"tw-target-text\" class=\"tw-data-text tw-text-large tw-ta\" dir=\"ltr\" data-placeholder=\"Traduction\"><span class=\"Y2IQFc\" lang=\"fr\">Jupe mini en denim ray\u00e9 destroy \u00e0 une fleur.<\/span><\/p>\n<p class=\"tw-data-text tw-text-large tw-ta\" dir=\"ltr\" data-placeholder=\"Traduction\"><span class=\"Y2IQFc\" lang=\"fr\">Fleur \u00e9crue appliqu\u00e9e sur le c\u00f4t\u00e9 droit. Fermeture \u00e9clair dans le dos. Coupe \u00e9vas\u00e9e, volant\u00e9e. 100% denim.\u00a0<\/span><\/p>\n<p class=\"tw-data-text tw-text-large tw-ta\" dir=\"ltr\" data-placeholder=\"Traduction\"><span class=\"Y2IQFc\" lang=\"fr\">La mod\u00e8le mesure 1m71 et porte une taille S-36.<\/span><\/p>\n","protected":false},"excerpt":{"rendered":"<p>Jupe mini en denim ray\u00e9 destroy \u00e0 une fleur. Fleur \u00e9crue appliqu\u00e9e sur le c\u00f4t\u00e9 droit. Fermeture \u00e9clair dans le dos. Coupe&hellip;<\/p>\n","protected":false},"featured_media":350787,"template":"","meta":[],"product_brand":[],"product_cat":[668,664,661],"product_tag":[],"class_list":{"0":"post-366190","1":"product","2":"type-product","3":"status-publish","4":"has-post-thumbnail","6":"product_cat-capsule","7":"product_cat-robes","8":"product_cat-tout-voir","9":"pa_taille-l-40-2","10":"pa_taille-m-38-2","11":"pa_taille-s-36-2","12":"pa_taille-sur-mesure-fr-2","13":"pa_taille-xl-42-fr-2","14":"pa_taille-xs-34-2","16":"first","17":"instock","18":"taxable","19":"shipping-taxable","20":"purchasable","21":"product-type-variable"},"_links":{"self":[{"href":"https:\/\/maisoncleo.com\/fr\/wp-json\/wp\/v2\/product\/366190","targetHints":{"allow":["GET"]}}],"collection":[{"href":"https:\/\/maisoncleo.com\/fr\/wp-json\/wp\/v2\/product"}],"about":[{"href":"https:\/\/maisoncleo.com\/fr\/wp-json\/wp\/v2\/types\/product"}],"version-history":[{"count":1,"href":"https:\/\/maisoncleo.com\/fr\/wp-json\/wp\/v2\/product\/366190\/revisions"}],"predecessor-version":[{"id":366276,"href":"https:\/\/maisoncleo.com\/fr\/wp-json\/wp\/v2\/product\/366190\/revisions\/366276"}],"wp:featuredmedia":[{"embeddable":true,"href":"https:\/\/maisoncleo.com\/fr\/wp-json\/wp\/v2\/media\/350787"}],"wp:attachment":[{"href":"https:\/\/maisoncleo.com\/fr\/wp-json\/wp\/v2\/media?parent=366190"}],"wp:term":[{"taxonomy":"product_brand","embeddable":true,"href":"https:\/\/maisoncleo.com\/fr\/wp-json\/wp\/v2\/product_brand?post=366190"},{"taxonomy":"product_cat","embeddable":true,"href":"https:\/\/maisoncleo.com\/fr\/wp-json\/wp\/v2\/product_cat?post=366190"},{"taxonomy":"product_tag","embeddable":true,"href":"https:\/\/maisoncleo.com\/fr\/wp-json\/wp\/v2\/product_tag?post=366190"}],"curies":[{"name":"wp","href":"https:\/\/api.w.org\/{rel}","templated":true}]}}

Jupe mini en denim rayé destroy à une fleur

<p id="tw-target-text" class="tw-data-text tw-text-large tw-ta" dir="ltr" data-placeholder="Traduction"><span class="Y2IQFc" lang="fr">Jupe mini en denim rayé destroy à une fleur.</span></p>
<p class="tw-data-text tw-text-large tw-ta" dir="ltr" data-placeholder="Traduction"><span class="Y2IQFc" lang="fr">Fleur écrue appliquée sur le côté droit. Fermeture éclair dans le dos. Coupe évasée, volantée. 100% denim. </span></p>
<p class="tw-data-text tw-text-large tw-ta" dir="ltr" data-placeholder="Traduction"><span class="Y2IQFc" lang="fr">La modèle mesure 1m71 et porte une taille S-36.</span></p>

<p>Jupe mini en denim rayé destroy à une fleur. Fleur écrue appliquée sur le côté droit. Fermeture éclair dans le dos. Coupe&hellip;</p>
