{"id":365910,"date":"2024-09-10T04:24:28","date_gmt":"2024-09-10T16:16:07","guid":{"rendered":"https:\/\/maisoncleo.com\/\/?post_type=product&#038;p=365910"},"modified":"2024-09-10T21:20:15","modified_gmt":"2024-09-10T19:20:15","slug":"top-mini-bouffant-en-coton-vichy-rouge-et-dentelle-de-calais","status":"publish","type":"product","link":"https:\/\/maisoncleo.com\/fr\/shop\/top-mini-bouffant-en-coton-vichy-rouge-et-dentelle-de-calais\/","title":{"rendered":"Top mini bouffant en coton vichy rouge et dentelle de Calais"},"content":{"rendered":"<p>Top mini bouffant en coton vichy rouge et dentelle de Calais.<\/p>\n<p>Encolure carr\u00e9e, petite ouverture, liens \u00e0 nouer. Petites manches bouffantes. Ajour\u00e9 sur la poitrine, noeuds \u00e0 serrer ou desserrer. Encolure, manches et ourlet \u00e9lastiqu\u00e9s. 100% coton et dentelle de Calais.<\/p>\n<p>Le look cottage core r\u00eav\u00e9!<\/p>\n<p>Nous avons besoin de 2 heures et demi pour r\u00e9aliser ce top.<\/p>\n<p>Longueur totale \u00e0 plat: 29 cm. Encolure: 14 cm. 20 cm sous le noeud.<\/p>\n<p>La mod\u00e8le mesure 1m71 et porte une taille S-36.<\/p>\n","protected":false},"excerpt":{"rendered":"<p>Top mini bouffant en coton vichy rouge et dentelle de Calais. Encolure carr\u00e9e, petite ouverture, liens \u00e0 nouer. Petites manches bouffantes. Ajour\u00e9&hellip;<\/p>\n","protected":false},"featured_media":349823,"template":"","meta":[],"product_brand":[],"product_cat":[667,668,674,661],"product_tag":[],"class_list":{"0":"post-365910","1":"product","2":"type-product","3":"status-publish","4":"has-post-thumbnail","6":"product_cat-dernieres-pieces","7":"product_cat-capsule","8":"product_cat-tops","9":"product_cat-tout-voir","10":"pa_taille-l-40-2","11":"pa_taille-m-38-2","12":"pa_taille-s-36-2","13":"pa_taille-sur-mesure-fr-2","14":"pa_taille-xl-42-fr-2","15":"pa_taille-xs-34-2","17":"first","18":"instock","19":"taxable","20":"shipping-taxable","21":"purchasable","22":"product-type-variable"},"_links":{"self":[{"href":"https:\/\/maisoncleo.com\/fr\/wp-json\/wp\/v2\/product\/365910","targetHints":{"allow":["GET"]}}],"collection":[{"href":"https:\/\/maisoncleo.com\/fr\/wp-json\/wp\/v2\/product"}],"about":[{"href":"https:\/\/maisoncleo.com\/fr\/wp-json\/wp\/v2\/types\/product"}],"version-history":[{"count":1,"href":"https:\/\/maisoncleo.com\/fr\/wp-json\/wp\/v2\/product\/365910\/revisions"}],"predecessor-version":[{"id":365943,"href":"https:\/\/maisoncleo.com\/fr\/wp-json\/wp\/v2\/product\/365910\/revisions\/365943"}],"wp:featuredmedia":[{"embeddable":true,"href":"https:\/\/maisoncleo.com\/fr\/wp-json\/wp\/v2\/media\/349823"}],"wp:attachment":[{"href":"https:\/\/maisoncleo.com\/fr\/wp-json\/wp\/v2\/media?parent=365910"}],"wp:term":[{"taxonomy":"product_brand","embeddable":true,"href":"https:\/\/maisoncleo.com\/fr\/wp-json\/wp\/v2\/product_brand?post=365910"},{"taxonomy":"product_cat","embeddable":true,"href":"https:\/\/maisoncleo.com\/fr\/wp-json\/wp\/v2\/product_cat?post=365910"},{"taxonomy":"product_tag","embeddable":true,"href":"https:\/\/maisoncleo.com\/fr\/wp-json\/wp\/v2\/product_tag?post=365910"}],"curies":[{"name":"wp","href":"https:\/\/api.w.org\/{rel}","templated":true}]}}

<p>Top mini bouffant en coton vichy rouge et dentelle de Calais.</p>
<p>Encolure carrée, petite ouverture, liens à nouer. Petites manches bouffantes. Ajouré sur la poitrine, noeuds à serrer ou desserrer. Encolure, manches et ourlet élastiqués. 100% coton et dentelle de Calais.</p>
<p>Le look cottage core rêvé!</p>
<p>Nous avons besoin de 2 heures et demi pour réaliser ce top.</p>
<p>Longueur totale à plat: 29 cm. Encolure: 14 cm. 20 cm sous le noeud.</p>
<p>La modèle mesure 1m71 et porte une taille S-36.</p>

<p>Top mini bouffant en coton vichy rouge et dentelle de Calais. Encolure carrée, petite ouverture, liens à nouer. Petites manches bouffantes. Ajouré&hellip;</p>
