{"id":365900,"date":"2024-09-10T04:19:24","date_gmt":"2024-09-10T16:15:44","guid":{"rendered":"https:\/\/maisoncleo.com\/\/?post_type=product&#038;p=365900"},"modified":"2024-09-10T21:20:41","modified_gmt":"2024-09-10T19:20:41","slug":"robe-babydoll-en-denim-fin-bleu-fonce-a-une-fleur","status":"publish","type":"product","link":"https:\/\/maisoncleo.com\/fr\/shop\/robe-babydoll-en-denim-fin-bleu-fonce-a-une-fleur\/","title":{"rendered":"Robe babydoll en denim fin bleu fonc\u00e9 \u00e0 une fleur"},"content":{"rendered":"<p>Robe babydoll en denim fin bleu fonc\u00e9 \u00e0 une fleur.<\/p>\n<p>Fleur assortie appliqu\u00e9e sous la bretelle gauche. D\u00e9collet\u00e9e sur la poitrine et dans le dos, bretelles. Finitions bourdon. Coupe \u00e9vas\u00e9e. Denim douce et fluide, opaque.<\/p>\n<p>Comment r\u00e9sister \u00e0 cette robe petite fleur? Elle est sublime et l\u00e9g\u00e8re \u00e0 l&rsquo;arriv\u00e9e des beaux jours!<\/p>\n<p>Nous pouvons faire 4 robes dans ce tissu.<\/p>\n<p>Longueur avant \u00e0 plat: 84 cm. Bretelles: 16 cm.<\/p>\n<p>La mod\u00e8le mesure 1m71 et porte une taille S-36.<\/p>\n","protected":false},"excerpt":{"rendered":"<p>Robe babydoll en denim fin bleu fonc\u00e9 \u00e0 une fleur. Fleur assortie appliqu\u00e9e sous la bretelle gauche. D\u00e9collet\u00e9e sur la poitrine et&hellip;<\/p>\n","protected":false},"featured_media":350473,"template":"","meta":[],"product_brand":[],"product_cat":[667,668,664,661],"product_tag":[],"class_list":{"0":"post-365900","1":"product","2":"type-product","3":"status-publish","4":"has-post-thumbnail","6":"product_cat-dernieres-pieces","7":"product_cat-capsule","8":"product_cat-robes","9":"product_cat-tout-voir","10":"pa_taille-l-40-2","11":"pa_taille-m-38-2","12":"pa_taille-s-36-2","13":"pa_taille-sur-mesure-fr-2","14":"pa_taille-xl-42-fr-2","15":"pa_taille-xs-34-2","17":"first","18":"instock","19":"taxable","20":"shipping-taxable","21":"purchasable","22":"product-type-variable"},"_links":{"self":[{"href":"https:\/\/maisoncleo.com\/fr\/wp-json\/wp\/v2\/product\/365900","targetHints":{"allow":["GET"]}}],"collection":[{"href":"https:\/\/maisoncleo.com\/fr\/wp-json\/wp\/v2\/product"}],"about":[{"href":"https:\/\/maisoncleo.com\/fr\/wp-json\/wp\/v2\/types\/product"}],"version-history":[{"count":1,"href":"https:\/\/maisoncleo.com\/fr\/wp-json\/wp\/v2\/product\/365900\/revisions"}],"predecessor-version":[{"id":366111,"href":"https:\/\/maisoncleo.com\/fr\/wp-json\/wp\/v2\/product\/365900\/revisions\/366111"}],"wp:featuredmedia":[{"embeddable":true,"href":"https:\/\/maisoncleo.com\/fr\/wp-json\/wp\/v2\/media\/350473"}],"wp:attachment":[{"href":"https:\/\/maisoncleo.com\/fr\/wp-json\/wp\/v2\/media?parent=365900"}],"wp:term":[{"taxonomy":"product_brand","embeddable":true,"href":"https:\/\/maisoncleo.com\/fr\/wp-json\/wp\/v2\/product_brand?post=365900"},{"taxonomy":"product_cat","embeddable":true,"href":"https:\/\/maisoncleo.com\/fr\/wp-json\/wp\/v2\/product_cat?post=365900"},{"taxonomy":"product_tag","embeddable":true,"href":"https:\/\/maisoncleo.com\/fr\/wp-json\/wp\/v2\/product_tag?post=365900"}],"curies":[{"name":"wp","href":"https:\/\/api.w.org\/{rel}","templated":true}]}}

Robe babydoll en denim fin bleu foncé à une fleur

<p>Robe babydoll en denim fin bleu foncé à une fleur.</p>
<p>Fleur assortie appliquée sous la bretelle gauche. Décolletée sur la poitrine et dans le dos, bretelles. Finitions bourdon. Coupe évasée. Denim douce et fluide, opaque.</p>
<p>Comment résister à cette robe petite fleur? Elle est sublime et légère à l&rsquo;arrivée des beaux jours!</p>
<p>Nous pouvons faire 4 robes dans ce tissu.</p>
<p>Longueur avant à plat: 84 cm. Bretelles: 16 cm.</p>
<p>La modèle mesure 1m71 et porte une taille S-36.</p>

<p>Robe babydoll en denim fin bleu foncé à une fleur. Fleur assortie appliquée sous la bretelle gauche. Décolletée sur la poitrine et&hellip;</p>
