{"id":365898,"date":"2024-09-10T04:19:23","date_gmt":"2024-09-10T16:15:44","guid":{"rendered":"https:\/\/maisoncleo.com\/\/?post_type=product&#038;p=365898"},"modified":"2024-10-27T16:44:35","modified_gmt":"2024-10-27T14:44:35","slug":"blouse-en-denim-fin-bleu-fonce-et-dentelle-de-calais-angele","status":"publish","type":"product","link":"https:\/\/maisoncleo.com\/fr\/shop\/blouse-en-denim-fin-bleu-fonce-et-dentelle-de-calais-angele\/","title":{"rendered":"Blouse en denim fin bleu fonc\u00e9 et dentelle de Calais ANGELE"},"content":{"rendered":"<p>Notre blouse iconique pr\u00e9f\u00e9r\u00e9e, Ang\u00e8le, est de retour ! Une blouse MaisonCl\u00e9o signature unique.<\/p>\n<p>Grand double col pointu bord\u00e9 de dentelle. Manches 3\/4 \u00e9lastiqu\u00e9es et volant\u00e9es, bord dentelle. Trois liens \u00e0 nouer sur le devant. Basque volant\u00e9e au niveau de la taille. Fin et doux denim bleu fonc\u00e9, dentelle de Calais.<\/p>\n<p>Parfaite pour les pique-niques, vir\u00e9es \u00e0 v\u00e9lo, cueillettes de cerises, Ang\u00e8le sera votre meilleure amie pour fl\u00e2ner!<\/p>\n<p>Nous pouvons faire 10 blouses dans ce tissu.<\/p>\n<p>Longueur \u00e0 plat: 42 cm.<\/p>\n<p>La mod\u00e8le mesure 1m71 et porte une taille S-36.<\/p>\n<p>&nbsp;<\/p>\n","protected":false},"excerpt":{"rendered":"<p>Notre blouse iconique pr\u00e9f\u00e9r\u00e9e, Ang\u00e8le, est de retour ! Une blouse MaisonCl\u00e9o signature unique. Grand double col pointu bord\u00e9 de dentelle. Manches&hellip;<\/p>\n","protected":false},"featured_media":349794,"template":"","meta":[],"product_brand":[],"product_cat":[663,667,668,661],"product_tag":[],"class_list":{"0":"post-365898","1":"product","2":"type-product","3":"status-publish","4":"has-post-thumbnail","6":"product_cat-blouses","7":"product_cat-dernieres-pieces","8":"product_cat-capsule","9":"product_cat-tout-voir","10":"pa_taille-l-40-2","11":"pa_taille-m-38-2","12":"pa_taille-s-36-2","13":"pa_taille-sur-mesure-fr-2","14":"pa_taille-xl-42-fr-2","15":"pa_taille-xs-34-2","17":"first","18":"instock","19":"taxable","20":"shipping-taxable","21":"purchasable","22":"product-type-variable","23":"has-default-attributes"},"_links":{"self":[{"href":"https:\/\/maisoncleo.com\/fr\/wp-json\/wp\/v2\/product\/365898","targetHints":{"allow":["GET"]}}],"collection":[{"href":"https:\/\/maisoncleo.com\/fr\/wp-json\/wp\/v2\/product"}],"about":[{"href":"https:\/\/maisoncleo.com\/fr\/wp-json\/wp\/v2\/types\/product"}],"version-history":[{"count":1,"href":"https:\/\/maisoncleo.com\/fr\/wp-json\/wp\/v2\/product\/365898\/revisions"}],"predecessor-version":[{"id":365942,"href":"https:\/\/maisoncleo.com\/fr\/wp-json\/wp\/v2\/product\/365898\/revisions\/365942"}],"wp:featuredmedia":[{"embeddable":true,"href":"https:\/\/maisoncleo.com\/fr\/wp-json\/wp\/v2\/media\/349794"}],"wp:attachment":[{"href":"https:\/\/maisoncleo.com\/fr\/wp-json\/wp\/v2\/media?parent=365898"}],"wp:term":[{"taxonomy":"product_brand","embeddable":true,"href":"https:\/\/maisoncleo.com\/fr\/wp-json\/wp\/v2\/product_brand?post=365898"},{"taxonomy":"product_cat","embeddable":true,"href":"https:\/\/maisoncleo.com\/fr\/wp-json\/wp\/v2\/product_cat?post=365898"},{"taxonomy":"product_tag","embeddable":true,"href":"https:\/\/maisoncleo.com\/fr\/wp-json\/wp\/v2\/product_tag?post=365898"}],"curies":[{"name":"wp","href":"https:\/\/api.w.org\/{rel}","templated":true}]}}

Blouse en denim fin bleu foncé et dentelle de Calais ANGELE

<p>Notre blouse iconique préférée, Angèle, est de retour ! Une blouse MaisonCléo signature unique.</p>
<p>Grand double col pointu bordé de dentelle. Manches 3/4 élastiquées et volantées, bord dentelle. Trois liens à nouer sur le devant. Basque volantée au niveau de la taille. Fin et doux denim bleu foncé, dentelle de Calais.</p>
<p>Parfaite pour les pique-niques, virées à vélo, cueillettes de cerises, Angèle sera votre meilleure amie pour flâner!</p>
<p>Nous pouvons faire 10 blouses dans ce tissu.</p>
<p>Longueur à plat: 42 cm.</p>
<p>La modèle mesure 1m71 et porte une taille S-36.</p>
<p>&nbsp;</p>

<p>Notre blouse iconique préférée, Angèle, est de retour ! Une blouse MaisonCléo signature unique. Grand double col pointu bordé de dentelle. Manches&hellip;</p>
