{"id":365897,"date":"2024-09-10T04:19:23","date_gmt":"2024-09-10T16:15:44","guid":{"rendered":"https:\/\/maisoncleo.com\/\/?post_type=product&#038;p=365897"},"modified":"2024-09-10T21:20:13","modified_gmt":"2024-09-10T19:20:13","slug":"jupe-mi-longue-evasee-en-denim-fin-bleu-fonce-a-ceinture-fleur","status":"publish","type":"product","link":"https:\/\/maisoncleo.com\/fr\/shop\/jupe-mi-longue-evasee-en-denim-fin-bleu-fonce-a-ceinture-fleur\/","title":{"rendered":"Jupe mi-longue \u00e9vas\u00e9e en denim fin bleu fonc\u00e9 \u00e0 ceinture fleur"},"content":{"rendered":"<p>Jupe mi-longue \u00e9vas\u00e9e en denim fin bleu fonc\u00e9 \u00e0 ceinture fleur.<\/p>\n<p>Coupe \u00e9vas\u00e9e, ajust\u00e9e. Fine ceinture assortie avec fleur appliqu\u00e9, amovible. D\u00e9tails surpiq\u00fbre blanche. Fermeture \u00e9clair dans le dos.<\/p>\n<p>Une petite jupe comfortable et flatteuse pour tous les jours!<\/p>\n<p>Nous pouvons faire 3 jupes dans ce tissu.<\/p>\n<p>Longueur \u00e0 plat: 50 cm.<\/p>\n<p>La mod\u00e8le mesure 1m71 et porte une taille S-36.<\/p>\n","protected":false},"excerpt":{"rendered":"<p>Jupe mi-longue \u00e9vas\u00e9e en denim fin bleu fonc\u00e9 \u00e0 ceinture fleur. Coupe \u00e9vas\u00e9e, ajust\u00e9e. Fine ceinture assortie avec fleur appliqu\u00e9, amovible. D\u00e9tails&hellip;<\/p>\n","protected":false},"featured_media":349765,"template":"","meta":[],"product_brand":[],"product_cat":[667,672,668,661],"product_tag":[],"class_list":{"0":"post-365897","1":"product","2":"type-product","3":"status-publish","4":"has-post-thumbnail","6":"product_cat-dernieres-pieces","7":"product_cat-jupes","8":"product_cat-capsule","9":"product_cat-tout-voir","10":"pa_taille-l-40-2","11":"pa_taille-m-38-2","12":"pa_taille-s-36-2","13":"pa_taille-sur-mesure-fr-2","14":"pa_taille-xl-42-fr-2","15":"pa_taille-xs-34-2","17":"first","18":"instock","19":"taxable","20":"shipping-taxable","21":"purchasable","22":"product-type-variable"},"_links":{"self":[{"href":"https:\/\/maisoncleo.com\/fr\/wp-json\/wp\/v2\/product\/365897","targetHints":{"allow":["GET"]}}],"collection":[{"href":"https:\/\/maisoncleo.com\/fr\/wp-json\/wp\/v2\/product"}],"about":[{"href":"https:\/\/maisoncleo.com\/fr\/wp-json\/wp\/v2\/types\/product"}],"version-history":[{"count":1,"href":"https:\/\/maisoncleo.com\/fr\/wp-json\/wp\/v2\/product\/365897\/revisions"}],"predecessor-version":[{"id":365932,"href":"https:\/\/maisoncleo.com\/fr\/wp-json\/wp\/v2\/product\/365897\/revisions\/365932"}],"wp:featuredmedia":[{"embeddable":true,"href":"https:\/\/maisoncleo.com\/fr\/wp-json\/wp\/v2\/media\/349765"}],"wp:attachment":[{"href":"https:\/\/maisoncleo.com\/fr\/wp-json\/wp\/v2\/media?parent=365897"}],"wp:term":[{"taxonomy":"product_brand","embeddable":true,"href":"https:\/\/maisoncleo.com\/fr\/wp-json\/wp\/v2\/product_brand?post=365897"},{"taxonomy":"product_cat","embeddable":true,"href":"https:\/\/maisoncleo.com\/fr\/wp-json\/wp\/v2\/product_cat?post=365897"},{"taxonomy":"product_tag","embeddable":true,"href":"https:\/\/maisoncleo.com\/fr\/wp-json\/wp\/v2\/product_tag?post=365897"}],"curies":[{"name":"wp","href":"https:\/\/api.w.org\/{rel}","templated":true}]}}

Jupe mi-longue évasée en denim fin bleu foncé à ceinture fleur

<p>Jupe mi-longue évasée en denim fin bleu foncé à ceinture fleur.</p>
<p>Coupe évasée, ajustée. Fine ceinture assortie avec fleur appliqué, amovible. Détails surpiqûre blanche. Fermeture éclair dans le dos.</p>
<p>Une petite jupe comfortable et flatteuse pour tous les jours!</p>
<p>Nous pouvons faire 3 jupes dans ce tissu.</p>
<p>Longueur à plat: 50 cm.</p>
<p>La modèle mesure 1m71 et porte une taille S-36.</p>

<p>Jupe mi-longue évasée en denim fin bleu foncé à ceinture fleur. Coupe évasée, ajustée. Fine ceinture assortie avec fleur appliqué, amovible. Détails&hellip;</p>
