{"id":365558,"date":"2024-09-10T03:54:49","date_gmt":"2024-09-10T16:02:33","guid":{"rendered":"https:\/\/maisoncleo.com\/\/?post_type=product&#038;p=365558"},"modified":"2024-09-10T21:18:55","modified_gmt":"2024-09-10T19:18:55","slug":"t-shirt-noir-officiel-defile-coup-de-foudre","status":"publish","type":"product","link":"https:\/\/maisoncleo.com\/fr\/shop\/t-shirt-noir-officiel-defile-coup-de-foudre\/","title":{"rendered":"T-shirt noir officiel d\u00e9fil\u00e9 \u00ab\u00a0Coup de foudre\u00a0\u00bb"},"content":{"rendered":"<p id=\"tw-target-text\" class=\"tw-data-text tw-text-large tw-ta\" dir=\"ltr\" data-placeholder=\"Traduction\"><span class=\"Y2IQFc\" lang=\"fr\">Le t-shirt officiel de notre d\u00e9fil\u00e9 \u00ab\u00a0Coup de foudre\u00a0\u00bb \u00e0 la Fashion week de Paris de mars 2023.<\/span><\/p>\n<p class=\"tw-data-text tw-text-large tw-ta\" dir=\"ltr\" data-placeholder=\"Traduction\"><span class=\"Y2IQFc\" lang=\"fr\">Coeur en denim bleu clair plaqu\u00e9 sur la poitrine, effet destroy. Manches courtes, coupe ajust\u00e9e, coton jersey doux. Finitions bourdon. 98% coton, 2% \u00e9lasthanne. Coton noir.<\/span><\/p>\n<p dir=\"ltr\" data-placeholder=\"Traduction\">Longueur totale : 53 cm depuis le haut du dos. Vous pouvez demander \u00e0 modifier la longueur si vous la souhaitez plus longue ou plus courte \ud83d\ude09<\/p>\n<p dir=\"ltr\" data-placeholder=\"Traduction\">Vous pouvez nous donner votre tour de poitrine ainsi vous ferons le t-shirt en fonction de vos mesures \ud83d\ude42<\/p>\n<p class=\"tw-data-text tw-text-large tw-ta\" dir=\"ltr\" data-placeholder=\"Traduction\">La mod\u00e8le mesure 1m71 et porte une taille S-36.<\/p>\n","protected":false},"excerpt":{"rendered":"<p>Le t-shirt officiel de notre d\u00e9fil\u00e9 \u00ab\u00a0Coup de foudre\u00a0\u00bb \u00e0 la Fashion week de Paris de mars 2023. Coeur en denim bleu&hellip;<\/p>\n","protected":false},"featured_media":349150,"template":"","meta":[],"product_brand":[],"product_cat":[674,661],"product_tag":[],"class_list":{"0":"post-365558","1":"product","2":"type-product","3":"status-publish","4":"has-post-thumbnail","6":"product_cat-tops","7":"product_cat-tout-voir","8":"pa_taille-l-40-2","9":"pa_taille-m-38-2","10":"pa_taille-s-36-2","11":"pa_taille-sur-mesure-fr-2","12":"pa_taille-xl-42-fr-2","13":"pa_taille-xs-34-2","15":"first","16":"instock","17":"taxable","18":"shipping-taxable","19":"purchasable","20":"product-type-variable"},"_links":{"self":[{"href":"https:\/\/maisoncleo.com\/fr\/wp-json\/wp\/v2\/product\/365558","targetHints":{"allow":["GET"]}}],"collection":[{"href":"https:\/\/maisoncleo.com\/fr\/wp-json\/wp\/v2\/product"}],"about":[{"href":"https:\/\/maisoncleo.com\/fr\/wp-json\/wp\/v2\/types\/product"}],"version-history":[{"count":1,"href":"https:\/\/maisoncleo.com\/fr\/wp-json\/wp\/v2\/product\/365558\/revisions"}],"predecessor-version":[{"id":365576,"href":"https:\/\/maisoncleo.com\/fr\/wp-json\/wp\/v2\/product\/365558\/revisions\/365576"}],"wp:featuredmedia":[{"embeddable":true,"href":"https:\/\/maisoncleo.com\/fr\/wp-json\/wp\/v2\/media\/349150"}],"wp:attachment":[{"href":"https:\/\/maisoncleo.com\/fr\/wp-json\/wp\/v2\/media?parent=365558"}],"wp:term":[{"taxonomy":"product_brand","embeddable":true,"href":"https:\/\/maisoncleo.com\/fr\/wp-json\/wp\/v2\/product_brand?post=365558"},{"taxonomy":"product_cat","embeddable":true,"href":"https:\/\/maisoncleo.com\/fr\/wp-json\/wp\/v2\/product_cat?post=365558"},{"taxonomy":"product_tag","embeddable":true,"href":"https:\/\/maisoncleo.com\/fr\/wp-json\/wp\/v2\/product_tag?post=365558"}],"curies":[{"name":"wp","href":"https:\/\/api.w.org\/{rel}","templated":true}]}}

T-shirt noir officiel défilé « Coup de foudre »

<p id="tw-target-text" class="tw-data-text tw-text-large tw-ta" dir="ltr" data-placeholder="Traduction"><span class="Y2IQFc" lang="fr">Le t-shirt officiel de notre défilé « Coup de foudre » à la Fashion week de Paris de mars 2023.</span></p>
<p class="tw-data-text tw-text-large tw-ta" dir="ltr" data-placeholder="Traduction"><span class="Y2IQFc" lang="fr">Coeur en denim bleu clair plaqué sur la poitrine, effet destroy. Manches courtes, coupe ajustée, coton jersey doux. Finitions bourdon. 98% coton, 2% élasthanne. Coton noir.</span></p>
<p dir="ltr" data-placeholder="Traduction">Longueur totale : 53 cm depuis le haut du dos. Vous pouvez demander à modifier la longueur si vous la souhaitez plus longue ou plus courte 😉</p>
<p dir="ltr" data-placeholder="Traduction">Vous pouvez nous donner votre tour de poitrine ainsi vous ferons le t-shirt en fonction de vos mesures 🙂</p>
<p class="tw-data-text tw-text-large tw-ta" dir="ltr" data-placeholder="Traduction">La modèle mesure 1m71 et porte une taille S-36.</p>

<p>Le t-shirt officiel de notre défilé « Coup de foudre » à la Fashion week de Paris de mars 2023. Coeur en denim bleu&hellip;</p>
