{"id":365392,"date":"2024-09-10T03:44:10","date_gmt":"2024-09-10T15:57:37","guid":{"rendered":"https:\/\/maisoncleo.com\/\/?post_type=product&#038;p=365392"},"modified":"2024-09-10T21:18:31","modified_gmt":"2024-09-10T19:18:31","slug":"coup-de-foudre-ii-top-fronce-a-manches-3-4-volantees-creme-en-soie","status":"publish","type":"product","link":"https:\/\/maisoncleo.com\/fr\/shop\/coup-de-foudre-ii-top-fronce-a-manches-3-4-volantees-creme-en-soie\/","title":{"rendered":"COUP DE FOUDRE II &#8211; Top fronc\u00e9 \u00e0 manches 3\/4 volant\u00e9es cr\u00e8me en soie"},"content":{"rendered":"<p>Top fronc\u00e9 \u00e0 manches 3\/4 volant\u00e9es cr\u00e8me.<\/p>\n<p>Col V. Fronc\u00e9 sur le devant, possible de le porter en version courte ou plus longue. Manches trois-quarts, bords volant\u00e9s. Volants sur le devant. Coupe ajust\u00e9e. \u00c0 nouer sur le devant. 100% soie.<\/p>\n<p>Nous avons besoin de 2 heures pour faire un top.<\/p>\n<p>Variation de couleur du LOOK 9 de notre d\u00e9fil\u00e9 \u201cCoup de foudre\u201d de mars 2023.<\/p>\n<p>Longueur totale \u00e0 plat: 97 cm. Longueur dos: 53 cm. Encolure: 18 cm. Manches: 49 cm.<\/p>\n<p>La mod\u00e8le mesure 1m71 et porte une taille S-36.<\/p>\n","protected":false},"excerpt":{"rendered":"<p>Top fronc\u00e9 \u00e0 manches 3\/4 volant\u00e9es cr\u00e8me. Col V. Fronc\u00e9 sur le devant, possible de le porter en version courte ou plus&hellip;<\/p>\n","protected":false},"featured_media":348811,"template":"","meta":[],"product_brand":[],"product_cat":[663,674,661],"product_tag":[],"class_list":{"0":"post-365392","1":"product","2":"type-product","3":"status-publish","4":"has-post-thumbnail","6":"product_cat-blouses","7":"product_cat-tops","8":"product_cat-tout-voir","9":"pa_taille-l-40-2","10":"pa_taille-m-38-2","11":"pa_taille-s-36-2","12":"pa_taille-sur-mesure-fr-2","13":"pa_taille-xl-42-fr-2","14":"pa_taille-xs-34-2","16":"first","17":"instock","18":"taxable","19":"shipping-taxable","20":"purchasable","21":"product-type-variable"},"_links":{"self":[{"href":"https:\/\/maisoncleo.com\/fr\/wp-json\/wp\/v2\/product\/365392","targetHints":{"allow":["GET"]}}],"collection":[{"href":"https:\/\/maisoncleo.com\/fr\/wp-json\/wp\/v2\/product"}],"about":[{"href":"https:\/\/maisoncleo.com\/fr\/wp-json\/wp\/v2\/types\/product"}],"version-history":[{"count":1,"href":"https:\/\/maisoncleo.com\/fr\/wp-json\/wp\/v2\/product\/365392\/revisions"}],"predecessor-version":[{"id":365428,"href":"https:\/\/maisoncleo.com\/fr\/wp-json\/wp\/v2\/product\/365392\/revisions\/365428"}],"wp:featuredmedia":[{"embeddable":true,"href":"https:\/\/maisoncleo.com\/fr\/wp-json\/wp\/v2\/media\/348811"}],"wp:attachment":[{"href":"https:\/\/maisoncleo.com\/fr\/wp-json\/wp\/v2\/media?parent=365392"}],"wp:term":[{"taxonomy":"product_brand","embeddable":true,"href":"https:\/\/maisoncleo.com\/fr\/wp-json\/wp\/v2\/product_brand?post=365392"},{"taxonomy":"product_cat","embeddable":true,"href":"https:\/\/maisoncleo.com\/fr\/wp-json\/wp\/v2\/product_cat?post=365392"},{"taxonomy":"product_tag","embeddable":true,"href":"https:\/\/maisoncleo.com\/fr\/wp-json\/wp\/v2\/product_tag?post=365392"}],"curies":[{"name":"wp","href":"https:\/\/api.w.org\/{rel}","templated":true}]}}

COUP DE FOUDRE II &#8211; Top froncé à manches 3/4 volantées crème en soie

<p>Top froncé à manches 3/4 volantées crème.</p>
<p>Col V. Froncé sur le devant, possible de le porter en version courte ou plus longue. Manches trois-quarts, bords volantés. Volants sur le devant. Coupe ajustée. À nouer sur le devant. 100% soie.</p>
<p>Nous avons besoin de 2 heures pour faire un top.</p>
<p>Variation de couleur du LOOK 9 de notre défilé “Coup de foudre” de mars 2023.</p>
<p>Longueur totale à plat: 97 cm. Longueur dos: 53 cm. Encolure: 18 cm. Manches: 49 cm.</p>
<p>La modèle mesure 1m71 et porte une taille S-36.</p>

<p>Top froncé à manches 3/4 volantées crème. Col V. Froncé sur le devant, possible de le porter en version courte ou plus&hellip;</p>
