{"id":365265,"date":"2024-09-10T03:36:50","date_gmt":"2024-09-10T15:53:11","guid":{"rendered":"https:\/\/maisoncleo.com\/\/?post_type=product&#038;p=365265"},"modified":"2024-09-10T21:18:27","modified_gmt":"2024-09-10T19:18:27","slug":"coup-de-foudre-defile-look-1-top-balconnets-coeur-en-denim-bleu-clair","status":"publish","type":"product","link":"https:\/\/maisoncleo.com\/fr\/shop\/coup-de-foudre-defile-look-1-top-balconnets-coeur-en-denim-bleu-clair\/","title":{"rendered":"COUP DE FOUDRE d\u00e9fil\u00e9 LOOK 1 &#8211; Top balconnets coeur en denim bleu clair"},"content":{"rendered":"<p>Top balconnets coeur en denim bleu clair.<\/p>\n<p>D\u00e9tails de surpiq\u00fbres blanches. Coeur plaqu\u00e9s de m\u00eame taille. Bretelles fines, balconnets. Dos \u00e9lastiqu\u00e9.<\/p>\n<p>LOOK 1 de notre d\u00e9fil\u00e9 \u201cCoup de foudre\u201d de mars 2023.<\/p>\n<p>Longueur totale \u00e0 plat: 10 cm. Bretelles 21 cm.<\/p>\n<p>La mod\u00e8le mesure 1m71 et porte une taille S-36.<\/p>\n","protected":false},"excerpt":{"rendered":"<p>Top balconnets coeur en denim bleu clair. D\u00e9tails de surpiq\u00fbres blanches. Coeur plaqu\u00e9s de m\u00eame taille. Bretelles fines, balconnets. Dos \u00e9lastiqu\u00e9. LOOK&hellip;<\/p>\n","protected":false},"featured_media":348662,"template":"","meta":[],"product_brand":[],"product_cat":[671,667,674,661],"product_tag":[],"class_list":{"0":"post-365265","1":"product","2":"type-product","3":"status-publish","4":"has-post-thumbnail","6":"product_cat-defiles","7":"product_cat-dernieres-pieces","8":"product_cat-tops","9":"product_cat-tout-voir","10":"pa_taille-l-40-2","11":"pa_taille-m-38-2","12":"pa_taille-s-36-2","13":"pa_taille-sur-mesure-fr-2","14":"pa_taille-xl-42-fr-2","15":"pa_taille-xs-34-2","17":"first","18":"instock","19":"taxable","20":"shipping-taxable","21":"purchasable","22":"product-type-variable"},"_links":{"self":[{"href":"https:\/\/maisoncleo.com\/fr\/wp-json\/wp\/v2\/product\/365265","targetHints":{"allow":["GET"]}}],"collection":[{"href":"https:\/\/maisoncleo.com\/fr\/wp-json\/wp\/v2\/product"}],"about":[{"href":"https:\/\/maisoncleo.com\/fr\/wp-json\/wp\/v2\/types\/product"}],"version-history":[{"count":1,"href":"https:\/\/maisoncleo.com\/fr\/wp-json\/wp\/v2\/product\/365265\/revisions"}],"predecessor-version":[{"id":365311,"href":"https:\/\/maisoncleo.com\/fr\/wp-json\/wp\/v2\/product\/365265\/revisions\/365311"}],"wp:featuredmedia":[{"embeddable":true,"href":"https:\/\/maisoncleo.com\/fr\/wp-json\/wp\/v2\/media\/348662"}],"wp:attachment":[{"href":"https:\/\/maisoncleo.com\/fr\/wp-json\/wp\/v2\/media?parent=365265"}],"wp:term":[{"taxonomy":"product_brand","embeddable":true,"href":"https:\/\/maisoncleo.com\/fr\/wp-json\/wp\/v2\/product_brand?post=365265"},{"taxonomy":"product_cat","embeddable":true,"href":"https:\/\/maisoncleo.com\/fr\/wp-json\/wp\/v2\/product_cat?post=365265"},{"taxonomy":"product_tag","embeddable":true,"href":"https:\/\/maisoncleo.com\/fr\/wp-json\/wp\/v2\/product_tag?post=365265"}],"curies":[{"name":"wp","href":"https:\/\/api.w.org\/{rel}","templated":true}]}}

COUP DE FOUDRE défilé LOOK 1 &#8211; Top balconnets coeur en denim bleu clair

<p>Top balconnets coeur en denim bleu clair.</p>
<p>Détails de surpiqûres blanches. Coeur plaqués de même taille. Bretelles fines, balconnets. Dos élastiqué.</p>
<p>LOOK 1 de notre défilé “Coup de foudre” de mars 2023.</p>
<p>Longueur totale à plat: 10 cm. Bretelles 21 cm.</p>
<p>La modèle mesure 1m71 et porte une taille S-36.</p>

<p>Top balconnets coeur en denim bleu clair. Détails de surpiqûres blanches. Coeur plaqués de même taille. Bretelles fines, balconnets. Dos élastiqué. LOOK&hellip;</p>
