{"id":365231,"date":"2024-09-10T03:34:49","date_gmt":"2024-09-10T15:51:55","guid":{"rendered":"https:\/\/maisoncleo.com\/\/?post_type=product&#038;p=365231"},"modified":"2024-11-27T18:37:04","modified_gmt":"2024-11-27T16:37:04","slug":"coup-de-foudre-defile-look-2-mini-jupe-plissee-en-denim-clair-et-detail-coeurs-plaques","status":"publish","type":"product","link":"https:\/\/maisoncleo.com\/fr\/shop\/coup-de-foudre-defile-look-2-mini-jupe-plissee-en-denim-clair-et-detail-coeurs-plaques\/","title":{"rendered":"COUP DE FOUDRE d\u00e9fil\u00e9 LOOK 2 &#8211; Mini jupe pliss\u00e9e en denim clair et d\u00e9tail coeurs plaqu\u00e9s"},"content":{"rendered":"<p>Mini jupe pliss\u00e9e en denim clair et d\u00e9tail coeurs plaqu\u00e9s.<\/p>\n<p>Coupe \u00e9vas\u00e9e. Fermeture \u00e9clair sur le c\u00f4t\u00e9. Un coeur plaqu\u00e9 sur la droite, trois coeurs plaqu\u00e9s sur la gauche.<\/p>\n<p>LOOK 2 de notre d\u00e9fil\u00e9 \u201cCoup de foudre\u201d de mars 2023.<\/p>\n<p>Longueur devant \u00e0 plat: 30 cm. Comme tout est fait \u00e0 la commande, il est possible d\u2019ajouter de la longueur.<\/p>\n<p>La mod\u00e8le mesure 1m71 et porte une taille S-36.<\/p>\n<p>A noter : Le tissu des premi\u00e8res photos n&rsquo;est plus disponible. Les prochaines jupes seront faites dans un denial plus fonc\u00e9, celui de la derni\u00e8re photo.<\/p>\n","protected":false},"excerpt":{"rendered":"<p>Mini jupe pliss\u00e9e en denim clair et d\u00e9tail coeurs plaqu\u00e9s. Coupe \u00e9vas\u00e9e. Fermeture \u00e9clair sur le c\u00f4t\u00e9. Un coeur plaqu\u00e9 sur la&hellip;<\/p>\n","protected":false},"featured_media":348577,"template":"","meta":[],"product_brand":[],"product_cat":[671,667,672,661],"product_tag":[],"class_list":{"0":"post-365231","1":"product","2":"type-product","3":"status-publish","4":"has-post-thumbnail","6":"product_cat-defiles","7":"product_cat-dernieres-pieces","8":"product_cat-jupes","9":"product_cat-tout-voir","11":"first","12":"instock","13":"taxable","14":"shipping-taxable","15":"purchasable","16":"product-type-variable"},"_links":{"self":[{"href":"https:\/\/maisoncleo.com\/fr\/wp-json\/wp\/v2\/product\/365231","targetHints":{"allow":["GET"]}}],"collection":[{"href":"https:\/\/maisoncleo.com\/fr\/wp-json\/wp\/v2\/product"}],"about":[{"href":"https:\/\/maisoncleo.com\/fr\/wp-json\/wp\/v2\/types\/product"}],"version-history":[{"count":2,"href":"https:\/\/maisoncleo.com\/fr\/wp-json\/wp\/v2\/product\/365231\/revisions"}],"predecessor-version":[{"id":376049,"href":"https:\/\/maisoncleo.com\/fr\/wp-json\/wp\/v2\/product\/365231\/revisions\/376049"}],"wp:featuredmedia":[{"embeddable":true,"href":"https:\/\/maisoncleo.com\/fr\/wp-json\/wp\/v2\/media\/348577"}],"wp:attachment":[{"href":"https:\/\/maisoncleo.com\/fr\/wp-json\/wp\/v2\/media?parent=365231"}],"wp:term":[{"taxonomy":"product_brand","embeddable":true,"href":"https:\/\/maisoncleo.com\/fr\/wp-json\/wp\/v2\/product_brand?post=365231"},{"taxonomy":"product_cat","embeddable":true,"href":"https:\/\/maisoncleo.com\/fr\/wp-json\/wp\/v2\/product_cat?post=365231"},{"taxonomy":"product_tag","embeddable":true,"href":"https:\/\/maisoncleo.com\/fr\/wp-json\/wp\/v2\/product_tag?post=365231"}],"curies":[{"name":"wp","href":"https:\/\/api.w.org\/{rel}","templated":true}]}}

COUP DE FOUDRE défilé LOOK 2 &#8211; Mini jupe plissée en denim clair et détail coeurs plaqués

<p>Mini jupe plissée en denim clair et détail coeurs plaqués.</p>
<p>Coupe évasée. Fermeture éclair sur le côté. Un coeur plaqué sur la droite, trois coeurs plaqués sur la gauche.</p>
<p>LOOK 2 de notre défilé “Coup de foudre” de mars 2023.</p>
<p>Longueur devant à plat: 30 cm. Comme tout est fait à la commande, il est possible d’ajouter de la longueur.</p>
<p>La modèle mesure 1m71 et porte une taille S-36.</p>
<p>A noter : Le tissu des premières photos n&rsquo;est plus disponible. Les prochaines jupes seront faites dans un denial plus foncé, celui de la dernière photo.</p>

<p>Mini jupe plissée en denim clair et détail coeurs plaqués. Coupe évasée. Fermeture éclair sur le côté. Un coeur plaqué sur la&hellip;</p>
