{"id":364939,"date":"2024-09-10T03:09:45","date_gmt":"2024-09-10T15:42:34","guid":{"rendered":"https:\/\/maisoncleo.com\/\/?post_type=product&#038;p=364939"},"modified":"2024-09-10T21:17:42","modified_gmt":"2024-09-10T19:17:42","slug":"coup-de-foudre-defile-look-18-robe-dos-nu-fluide-volantee-en-soie-vichy-lilas","status":"publish","type":"product","link":"https:\/\/maisoncleo.com\/fr\/shop\/coup-de-foudre-defile-look-18-robe-dos-nu-fluide-volantee-en-soie-vichy-lilas\/","title":{"rendered":"COUP DE FOUDRE d\u00e9fil\u00e9 LOOK 18 &#8211; Robe dos nu fluide volant\u00e9e en soie vichy lilas"},"content":{"rendered":"<p>Robe dos nu fluide volant\u00e9e en soie vichy lilas.<\/p>\n<p>Longs volants dans le dos. D\u00e9tails volants sur le tour de cou et les ourlets, finition bourdon. Fermeture \u00e0 un bouton. Coupe ample, soie fluide. 100% soie.<\/p>\n<p>La petite robe \u00e0 porter absolument partout cet \u00e9t\u00e9 !<\/p>\n<p>Possible de rajouter une doublure \u00e0 la robe en soie \u00e9crue avec l&rsquo;option \u00e0 40 euros suppl\u00e9mentaire.<\/p>\n<p>Nous avons besoin de 2 heures pour faire une robe. Nous pouvons en faire 6 dans ce tissu.<\/p>\n<p>LOOK 18 de notre d\u00e9fil\u00e9 \u201cCoup de foudre\u201d de mars 2023.<\/p>\n<p>Longueur totale \u00e0 plat: 75 cm. Profondeur de dos: 50 cm.<\/p>\n<p>La mod\u00e8le mesure 1m71 et porte une taille S-36.<\/p>\n","protected":false},"excerpt":{"rendered":"<p>Robe dos nu fluide volant\u00e9e en soie vichy lilas. Longs volants dans le dos. D\u00e9tails volants sur le tour de cou et&hellip;<\/p>\n","protected":false},"featured_media":347937,"template":"","meta":[],"product_brand":[],"product_cat":[671,667,664,661],"product_tag":[],"class_list":{"0":"post-364939","1":"product","2":"type-product","3":"status-publish","4":"has-post-thumbnail","6":"product_cat-defiles","7":"product_cat-dernieres-pieces","8":"product_cat-robes","9":"product_cat-tout-voir","10":"pa_taille-l-40-2","11":"pa_taille-m-38-2","12":"pa_taille-s-36-2","13":"pa_taille-sur-mesure-fr-2","14":"pa_taille-xl-42-fr-2","15":"pa_taille-xs-34-2","17":"first","18":"outofstock","19":"taxable","20":"shipping-taxable","21":"purchasable","22":"product-type-variable"},"_links":{"self":[{"href":"https:\/\/maisoncleo.com\/fr\/wp-json\/wp\/v2\/product\/364939","targetHints":{"allow":["GET"]}}],"collection":[{"href":"https:\/\/maisoncleo.com\/fr\/wp-json\/wp\/v2\/product"}],"about":[{"href":"https:\/\/maisoncleo.com\/fr\/wp-json\/wp\/v2\/types\/product"}],"version-history":[{"count":1,"href":"https:\/\/maisoncleo.com\/fr\/wp-json\/wp\/v2\/product\/364939\/revisions"}],"predecessor-version":[{"id":364961,"href":"https:\/\/maisoncleo.com\/fr\/wp-json\/wp\/v2\/product\/364939\/revisions\/364961"}],"wp:featuredmedia":[{"embeddable":true,"href":"https:\/\/maisoncleo.com\/fr\/wp-json\/wp\/v2\/media\/347937"}],"wp:attachment":[{"href":"https:\/\/maisoncleo.com\/fr\/wp-json\/wp\/v2\/media?parent=364939"}],"wp:term":[{"taxonomy":"product_brand","embeddable":true,"href":"https:\/\/maisoncleo.com\/fr\/wp-json\/wp\/v2\/product_brand?post=364939"},{"taxonomy":"product_cat","embeddable":true,"href":"https:\/\/maisoncleo.com\/fr\/wp-json\/wp\/v2\/product_cat?post=364939"},{"taxonomy":"product_tag","embeddable":true,"href":"https:\/\/maisoncleo.com\/fr\/wp-json\/wp\/v2\/product_tag?post=364939"}],"curies":[{"name":"wp","href":"https:\/\/api.w.org\/{rel}","templated":true}]}}

COUP DE FOUDRE défilé LOOK 18 &#8211; Robe dos nu fluide volantée en soie vichy lilas

<p>Robe dos nu fluide volantée en soie vichy lilas.</p>
<p>Longs volants dans le dos. Détails volants sur le tour de cou et les ourlets, finition bourdon. Fermeture à un bouton. Coupe ample, soie fluide. 100% soie.</p>
<p>La petite robe à porter absolument partout cet été !</p>
<p>Possible de rajouter une doublure à la robe en soie écrue avec l&rsquo;option à 40 euros supplémentaire.</p>
<p>Nous avons besoin de 2 heures pour faire une robe. Nous pouvons en faire 6 dans ce tissu.</p>
<p>LOOK 18 de notre défilé “Coup de foudre” de mars 2023.</p>
<p>Longueur totale à plat: 75 cm. Profondeur de dos: 50 cm.</p>
<p>La modèle mesure 1m71 et porte une taille S-36.</p>

<p>Robe dos nu fluide volantée en soie vichy lilas. Longs volants dans le dos. Détails volants sur le tour de cou et&hellip;</p>
